{"id":7236,"date":"2022-02-23T19:08:39","date_gmt":"2022-02-23T19:08:39","guid":{"rendered":"https:\/\/mundo.seashell.pt\/?post_type=product&#038;p=7236"},"modified":"2022-02-23T19:08:40","modified_gmt":"2022-02-23T19:08:40","slug":"swiffer-mopa-kit","status":"publish","type":"product","link":"https:\/\/mundo.seashell.pt\/?product=swiffer-mopa-kit","title":{"rendered":"Swiffer Mopa Kit"},"content":{"rendered":"<h3>Swiffer Mopa<\/h3>\n<p>Se gosta de tratar de cada detalhe do seu Lar e estar na moda em produtos que Lhe v\u00e3o facilitar a vida, compre Esfregona Kit Swiffer (12 pcs) ao melhor pre\u00e7o.<\/p>\n<h3>Pe\u00e7as:&nbsp;<\/h3>\n<p>12 Pe\u00e7as<\/p>\n<h3>Inclui:<\/h3>\n<p>EsfregonaPe\u00e7as sobresselentes.<\/p>\n","protected":false},"excerpt":{"rendered":"<h3>Swiffer Mopa<\/h3>\n<p>Se gosta de tratar de cada detalhe do seu Lar e estar na moda em produtos que Lhe v\u00e3o facilitar a vida, compre Esfregona Kit Swiffer (12 pcs) ao melhor pre\u00e7o.<\/p>\n<h3>Pe\u00e7as:&nbsp;<\/h3>\n<p>12 Pe\u00e7as<\/p>\n<h3>Inclui:<\/h3>\n<p>EsfregonaPe\u00e7as sobresselentes.<\/p>\n","protected":false},"featured_media":7237,"template":"","meta":{"spay_email":""},"product_cat":[15],"product_tag":[],"class_list":{"0":"post-7236","1":"product","2":"type-product","3":"status-publish","4":"has-post-thumbnail","6":"product_cat-sem-categoria","8":"first","9":"instock","10":"taxable","11":"shipping-taxable","12":"purchasable","13":"product-type-simple"},"acf":[],"jetpack-related-posts":[{"id":6012,"url":"https:\/\/mundo.seashell.pt\/?product=ravviva-5kg","url_meta":{"origin":7236,"position":0},"title":"Lava e Encera Ravviva 5Kg","date":"Fevereiro 23, 2022","format":false,"excerpt":"Detergente de polimento, liberta no pavimento uma fina pel\u00edcula auto brilhante a fim de reparar a velha camada de cera ou dar uma ligeira prote\u00e7\u00e3o nos pavimentos n\u00e3o tratados.","rel":"","context":"Similar post","img":{"alt_text":"","src":"https:\/\/i0.wp.com\/mundo.seashell.pt\/wp-content\/uploads\/2022\/02\/ravviva.jpg?resize=350%2C200&ssl=1","width":350,"height":200},"classes":[]},{"id":5958,"url":"https:\/\/mundo.seashell.pt\/?product=fresco-5kg","url_meta":{"origin":7236,"position":1},"title":"Detergente Fresco 5Kg","date":"Fevereiro 23, 2022","format":false,"excerpt":"Detergente neutro concentrado apropriado para a manuten\u00e7\u00e3o de todos os tipos de pavimento tratados com cera acr\u00edlicas","rel":"","context":"Similar post","img":{"alt_text":"","src":"https:\/\/i0.wp.com\/mundo.seashell.pt\/wp-content\/uploads\/2022\/02\/PhotoRoom_20210325_092130.jpg?resize=350%2C200&ssl=1","width":350,"height":200},"classes":[]},{"id":5984,"url":"https:\/\/mundo.seashell.pt\/?product=linostripp-5lt","url_meta":{"origin":7236,"position":2},"title":"Decapante Linostripp 5Lt","date":"Fevereiro 23, 2022","format":false,"excerpt":"Decapante espec\u00edfico para lin\u00f3leo com um alto conte\u00fado de solventes hidrossol\u00favel para a remo\u00e7\u00e3o das camadas de cera acr\u00edlica metalizada.","rel":"","context":"Similar post","img":{"alt_text":"","src":"https:\/\/i0.wp.com\/mundo.seashell.pt\/wp-content\/uploads\/2022\/02\/linostripp.jpg?resize=350%2C200&ssl=1","width":350,"height":200},"classes":[]},{"id":5986,"url":"https:\/\/mundo.seashell.pt\/?product=straik-nr-5kg","url_meta":{"origin":7236,"position":3},"title":"Decapante Straik N.R. 5Kg","date":"Fevereiro 23, 2022","format":false,"excerpt":"Decapante sem enxaguamento com um elevado poder solubilizante para uma r\u00e1pida remo\u00e7\u00e3o das camadas de cera acr\u00edlica metalizada.","rel":"","context":"Similar post","img":{"alt_text":"","src":"https:\/\/i0.wp.com\/mundo.seashell.pt\/wp-content\/uploads\/2022\/02\/straik_n.r..jpg?resize=350%2C200&ssl=1","width":350,"height":200},"classes":[]},{"id":5921,"url":"https:\/\/mundo.seashell.pt\/?product=meteor-extra-solv-5lt","url_meta":{"origin":7236,"position":4},"title":"Cera Meteor Extra Solv 5Lt","date":"Fevereiro 23, 2022","format":false,"excerpt":"Cera l\u00edquida com solvente para parquet e terracota","rel":"","context":"Similar post","img":{"alt_text":"","src":"https:\/\/i0.wp.com\/mundo.seashell.pt\/wp-content\/uploads\/2022\/02\/meteor_extra_solv.jpg?resize=350%2C200&ssl=1","width":350,"height":200},"classes":[]},{"id":5908,"url":"https:\/\/mundo.seashell.pt\/?product=solim-cera-05-5l","url_meta":{"origin":7236,"position":5},"title":"Solim Cera 05 &#8211; 5L","date":"Fevereiro 23, 2022","format":false,"excerpt":"Solim Cera 05 - Cera acr\u00edlica com antiderrapante de aplica\u00e7\u00e3o manual ou mec\u00e2nica para pavimentos duros.","rel":"","context":"Similar post","img":{"alt_text":"","src":"","width":0,"height":0},"classes":[]}],"_links":{"self":[{"href":"https:\/\/mundo.seashell.pt\/index.php?rest_route=\/wp\/v2\/product\/7236","targetHints":{"allow":["GET"]}}],"collection":[{"href":"https:\/\/mundo.seashell.pt\/index.php?rest_route=\/wp\/v2\/product"}],"about":[{"href":"https:\/\/mundo.seashell.pt\/index.php?rest_route=\/wp\/v2\/types\/product"}],"wp:featuredmedia":[{"embeddable":true,"href":"https:\/\/mundo.seashell.pt\/index.php?rest_route=\/wp\/v2\/media\/7237"}],"wp:attachment":[{"href":"https:\/\/mundo.seashell.pt\/index.php?rest_route=%2Fwp%2Fv2%2Fmedia&parent=7236"}],"wp:term":[{"taxonomy":"product_cat","embeddable":true,"href":"https:\/\/mundo.seashell.pt\/index.php?rest_route=%2Fwp%2Fv2%2Fproduct_cat&post=7236"},{"taxonomy":"product_tag","embeddable":true,"href":"https:\/\/mundo.seashell.pt\/index.php?rest_route=%2Fwp%2Fv2%2Fproduct_tag&post=7236"}],"curies":[{"name":"wp","href":"https:\/\/api.w.org\/{rel}","templated":true}]}}