{"id":7182,"date":"2022-02-23T19:07:46","date_gmt":"2022-02-23T19:07:46","guid":{"rendered":"https:\/\/mundo.seashell.pt\/?post_type=product&#038;p=7182"},"modified":"2022-02-23T19:07:46","modified_gmt":"2022-02-23T19:07:46","slug":"ausonia-discreer-pants-grande-7-pants","status":"publish","type":"product","link":"https:\/\/mundo.seashell.pt\/?product=ausonia-discreer-pants-grande-7-pants","title":{"rendered":"Ausonia Discreer Pants Grande (7 Pants)"},"content":{"rendered":"<p>N\u00e3o deixe que uma bexiga hiperativa a impe\u00e7a de ser ativa. Com as cuecas Ausonia Discreet, pode prosseguir com o seu dia como sempre mesmo quando experienciar grandes fugas causadas por vontades s\u00fabitas e precisar de uma prote\u00e7\u00e3o eficaz. Com um fino n\u00facleo de tr\u00eas camadas que absorve, capta e ret\u00e9m humidade e odores, e duplas LeakGuards que previnem as fugas onde elas mais acontecem, pode contar com a seguran\u00e7a extra da Ausonia.<br \/>Estas fraldas para adulto discretas s\u00e3o fabricadas com um tecido suave ao toque e t\u00eam uma cintura alta e macia que segue as curvas do seu corpo deixando-a extremamente confort\u00e1vel.<br \/>Ausonia Discreet para perda de urina \u00e9 a melhor prote\u00e7\u00e3o Ausonia contra humidade quando sofre de uma bexiga hiperativa ou incontin\u00eancia urin\u00e1ria.<\/p>\n<h3>Tipo de produto:<\/h3>\n<p>Cuecas para Incontin\u00eancia&nbsp;<\/p>\n<h3>Benef\u00edcios:<\/h3>\n<p>&#8211; Seguran\u00e7a adicional.<br \/>&#8211; O fino n\u00facleo de tr\u00eas camadas ajuda a absorver, captar e reter humidade e odores.<br \/>&#8211; Duas LeakGuards de comprimento total impedem fugas onde a sua ocorr\u00eancia \u00e9 mais prov\u00e1vel.<br \/>&#8211; A tecnologia OdourLock neutraliza os odores de forma instant\u00e2nea e cont\u00ednua..<br \/>&#8211; Ligeiramente perfumados.<br \/>&#8211; Tecido suave semelhante ao algod\u00e3o para um conforto extra.<br \/>&#8211; N\u00facleo fino e absorvente de tr\u00eas camadas e cintura alta suave que segue as curvas do seu corpo para um maior conforto.<br \/>&#8211; Os produtos de incontin\u00eancia Ausonia Discreet s\u00e3o testados dermatologicamente.<\/p><\/p>\n","protected":false},"excerpt":{"rendered":"<p>N\u00e3o deixe que uma bexiga hiperativa a impe\u00e7a de ser ativa. Com as cuecas Ausonia Discreet, pode prosseguir com o seu dia como sempre mesmo quando experienciar grandes fugas causadas por vontades s\u00fabitas e precisar de uma prote\u00e7\u00e3o eficaz. Com um fino n\u00facleo de tr\u00eas camadas que absorve, capta e ret\u00e9m humidade e odores, e duplas LeakGuards que p&#8230;<\/p>\n","protected":false},"featured_media":7183,"template":"","meta":{"spay_email":""},"product_cat":[15],"product_tag":[],"class_list":{"0":"post-7182","1":"product","2":"type-product","3":"status-publish","4":"has-post-thumbnail","6":"product_cat-sem-categoria","8":"first","9":"instock","10":"taxable","11":"shipping-taxable","12":"purchasable","13":"product-type-simple"},"acf":[],"jetpack-related-posts":[{"id":7184,"url":"https:\/\/mundo.seashell.pt\/?product=ausonia-discreet-pants-medio-8-pants","url_meta":{"origin":7182,"position":0},"title":"Ausonia Discreet Pants M\u00e9dio (8 Pants)","date":"Fevereiro 23, 2022","format":false,"excerpt":"N\u00e3o deixe que uma bexiga hiperativa a impe\u00e7a de ser ativa. Com as cuecas Ausonia Discreet, pode prosseguir com o seu dia como sempre mesmo quando experienciar grandes fugas causadas por vontades s\u00fabitas e precisar de uma prote\u00e7\u00e3o eficaz. Com um fino n\u00facleo de tr\u00eas camadas que absorve, capta e\u2026","rel":"","context":"Similar post","img":{"alt_text":"","src":"https:\/\/i0.wp.com\/mundo.seashell.pt\/wp-content\/uploads\/2022\/02\/AUSONIA-DISCREET-Normal-G.png?resize=350%2C200&ssl=1","width":350,"height":200},"classes":[]},{"id":6958,"url":"https:\/\/mundo.seashell.pt\/?product=ausonia-discreet-pensos-higienicos","url_meta":{"origin":7182,"position":1},"title":"Ausonia Discreet &#8211; Pensos Higi\u00eanicos","date":"Fevereiro 23, 2022","format":false,"excerpt":"Descri\u00e7\u00e3o: As perdas de urina n\u00e3o devem impedi-la de fazer a sua vida normal. Os pensos para incontin\u00eancia Ausonia Discreet Plus Long proporcionam-lhe uma prote\u00e7\u00e3o segura que quase n\u00e3o sente. Concebidos para se adaptarem ao seu corpo e ao seu estilo de vida, proporcionam-lhe uma prote\u00e7\u00e3o forte gra\u00e7as ao seu\u2026","rel":"","context":"Similar post","img":{"alt_text":"","src":"https:\/\/i0.wp.com\/mundo.seashell.pt\/wp-content\/uploads\/2022\/02\/AUSONIA_DISCREET_EXTRA_10_8001090078346.png?resize=350%2C200&ssl=1","width":350,"height":200},"classes":[]},{"id":6968,"url":"https:\/\/mundo.seashell.pt\/?product=ausonia-airdry-pensos-higienicos","url_meta":{"origin":7182,"position":2},"title":"Ausonia Airdry Pensos Higi\u00eanicos","date":"Fevereiro 23, 2022","format":false,"excerpt":"Tenha uma noite de sono cont\u00ednuo com os pensos higi\u00e9nicos Ausonia Airdry. Os Pensos Extra Noite de Ausonia foram concebidos para proteg\u00ea-la at\u00e9 10 horas, pelo que n\u00e3o ter\u00e1 de acordar a meio da noite para verificar se ocorreram fugas ou para substituir o penso. Tudo isto gra\u00e7as \u00e0 sua\u2026","rel":"","context":"Similar post","img":{"alt_text":"","src":"https:\/\/i0.wp.com\/mundo.seashell.pt\/wp-content\/uploads\/2022\/02\/AUSONIA_AIRDRY_NOITE_ALAS_9_8001090229168.png?resize=350%2C200&ssl=1","width":350,"height":200},"classes":[]},{"id":6970,"url":"https:\/\/mundo.seashell.pt\/?product=ausonia-protegeslip","url_meta":{"origin":7182,"position":3},"title":"Ausonia Protegeslip","date":"Fevereiro 23, 2022","format":false,"excerpt":"Os pensos di\u00e1rios Ausonia Protegeslip proporcionam-lhe prote\u00e7\u00e3o m\u00e1xima e s\u00e3o ideais para utiliza\u00e7\u00e3o di\u00e1ria. Estes pensos di\u00e1rios f\u00e1ceis de usar e econ\u00f3micos s\u00e3o dermatologicamente testados e foram concebidos especificamente para se manterem no lugar e neutralizarem odores. As suas zonas de prote\u00e7\u00e3o laterais e o n\u00facleo absorvente mant\u00eam-na seg...","rel":"","context":"Similar post","img":{"alt_text":"","src":"https:\/\/i0.wp.com\/mundo.seashell.pt\/wp-content\/uploads\/2022\/02\/AUSONIA_PROTEGE_SLIP_NORMAL_40__8001090793546.png?resize=350%2C200&ssl=1","width":350,"height":200},"classes":[]},{"id":6934,"url":"https:\/\/mundo.seashell.pt\/?product=dodot-pants-fraldas-bebe","url_meta":{"origin":7182,"position":4},"title":"Dodot Pants Fraldas B\u00e9b\u00e9","date":"Fevereiro 23, 2022","format":false,"excerpt":"Suave como o algod\u00e3o, para um contacto delicado com a pele do seu beb\u00e9!Descri\u00e7\u00e3o: Quando os beb\u00e9s come\u00e7am a mexer-se, a retorcer-se e a gatinhar, a mudan\u00e7a de fralda torna-se mais complicada. Por isso a marca Dodot cria Dodot Pants. Uma fralda-cueca, com cintura el\u00e1stica e muito f\u00e1cil de p\u00f4r\u2026","rel":"","context":"Similar post","img":{"alt_text":"","src":"https:\/\/i0.wp.com\/mundo.seashell.pt\/wp-content\/uploads\/2022\/02\/DODOT_PANTS_T3_36_8001841677118.png?resize=350%2C200&ssl=1","width":350,"height":200},"classes":[]},{"id":6962,"url":"https:\/\/mundo.seashell.pt\/?product=avax-salvaslip-normal-50-un","url_meta":{"origin":7182,"position":5},"title":"Avax Salvaslip Normal 50 un","date":"Fevereiro 23, 2022","format":false,"excerpt":"Qualidade Evax ao melhor pre\u00e7o. Descri\u00e7\u00e3o: Os pensos higi\u00e9nicos Evax Fina & Segura s\u00e3o a escolha perfeita para quem procura qualidade e desempenho ao melhor pre\u00e7o, para os dias do per\u00edodo com fluxo normal. Os pensos higi\u00e9nicos Evax Fina & Segura s\u00e3o finos para um maior conforto e possuem tecnologia\u2026","rel":"","context":"Similar post","img":{"alt_text":"","src":"https:\/\/i0.wp.com\/mundo.seashell.pt\/wp-content\/uploads\/2022\/02\/EVAX_SALVASLIP_NORMAL_50_8410108125857.png?resize=350%2C200&ssl=1","width":350,"height":200},"classes":[]}],"_links":{"self":[{"href":"https:\/\/mundo.seashell.pt\/index.php?rest_route=\/wp\/v2\/product\/7182","targetHints":{"allow":["GET"]}}],"collection":[{"href":"https:\/\/mundo.seashell.pt\/index.php?rest_route=\/wp\/v2\/product"}],"about":[{"href":"https:\/\/mundo.seashell.pt\/index.php?rest_route=\/wp\/v2\/types\/product"}],"wp:featuredmedia":[{"embeddable":true,"href":"https:\/\/mundo.seashell.pt\/index.php?rest_route=\/wp\/v2\/media\/7183"}],"wp:attachment":[{"href":"https:\/\/mundo.seashell.pt\/index.php?rest_route=%2Fwp%2Fv2%2Fmedia&parent=7182"}],"wp:term":[{"taxonomy":"product_cat","embeddable":true,"href":"https:\/\/mundo.seashell.pt\/index.php?rest_route=%2Fwp%2Fv2%2Fproduct_cat&post=7182"},{"taxonomy":"product_tag","embeddable":true,"href":"https:\/\/mundo.seashell.pt\/index.php?rest_route=%2Fwp%2Fv2%2Fproduct_tag&post=7182"}],"curies":[{"name":"wp","href":"https:\/\/api.w.org\/{rel}","templated":true}]}}