{"id":7154,"date":"2022-02-23T19:06:57","date_gmt":"2022-02-23T19:06:57","guid":{"rendered":"https:\/\/mundo.seashell.pt\/?post_type=product&#038;p=7154"},"modified":"2022-02-23T19:06:57","modified_gmt":"2022-02-23T19:06:57","slug":"bayeco-sacos-para-cubos-de-gelo-15un-x-24-cubos","status":"publish","type":"product","link":"https:\/\/mundo.seashell.pt\/?product=bayeco-sacos-para-cubos-de-gelo-15un-x-24-cubos","title":{"rendered":"Bayeco Sacos para Cubos de Gelo &#8211; 15un x 24 Cubos"},"content":{"rendered":"<p>Tipo de produto:<\/p>\n<p>Sacos de Gelo<\/p>\n<ul>fecho autim\u00e1tico&nbsp;<\/ul>\n<ul>F\u00e1cil veda\u00e7\u00e3o, sem necessidade de n\u00f3s<\/ul>\n<ul>Capacidade para 360 cubos<\/ul>\n<table>\n<tbody>\n<tr>\n<th>COMPOSI\u00c7\u00c3O<\/th>\n<td>\n<p>Polietileno de baixa densidade<\/p>\n<\/td>\n<\/tr>\n<\/tbody>\n<\/table>\n","protected":false},"excerpt":{"rendered":"<p>Tipo de produto:<br \/>\nSacos de Gelo<\/p>\n","protected":false},"featured_media":7155,"template":"","meta":{"spay_email":""},"product_cat":[15],"product_tag":[],"class_list":{"0":"post-7154","1":"product","2":"type-product","3":"status-publish","4":"has-post-thumbnail","6":"product_cat-sem-categoria","8":"first","9":"instock","10":"taxable","11":"shipping-taxable","12":"purchasable","13":"product-type-simple"},"acf":[],"jetpack-related-posts":[{"id":7152,"url":"https:\/\/mundo.seashell.pt\/?product=bayeco-saco-e-sandes-22x35-40-sacos","url_meta":{"origin":7154,"position":0},"title":"Bayeco Saco e Sandes 22&#215;35 (40 Sacos)","date":"Fevereiro 23, 2022","format":false,"excerpt":"Tipo de produto: Sacos para AlimentosBenef\u00edcios: - Sistema inovador cola-descola para abrir e voltar a fechar o saco.","rel":"","context":"Similar post","img":{"alt_text":"","src":"https:\/\/i0.wp.com\/mundo.seashell.pt\/wp-content\/uploads\/2022\/02\/BA-CBB40-BL-2235.jpeg?resize=350%2C200&ssl=1","width":350,"height":200},"classes":[]},{"id":7150,"url":"https:\/\/mundo.seashell.pt\/?product=bayeco-sacos-de-congelacao","url_meta":{"origin":7154,"position":1},"title":"Bayeco Sacos de Congela\u00e7\u00e3o","date":"Fevereiro 23, 2022","format":false,"excerpt":"Sacos de congela\u00e7\u00e3o com sistema de fecho por atilho.Tipo de produto: Sacos de Congela\u00e7\u00e3oConselhos de utiliza\u00e7\u00e3o: Para manter a qualidade do produto, n\u00e3o voltar a congelar ap\u00f3s a descongela\u00e7\u00e3o. Outras Informa\u00e7\u00f5es: Produto controlado por testes em laborat\u00f3rio.","rel":"","context":"Similar post","img":{"alt_text":"","src":"https:\/\/i0.wp.com\/mundo.seashell.pt\/wp-content\/uploads\/2022\/02\/00128023400352____1__600x600.jpeg?resize=350%2C200&ssl=1","width":350,"height":200},"classes":[]},{"id":6511,"url":"https:\/\/mundo.seashell.pt\/?product=sun-detergente-mll-em-gel","url_meta":{"origin":7154,"position":2},"title":"Sun Detergente MLL em Gel","date":"Fevereiro 23, 2022","format":false,"excerpt":"Descri\u00e7\u00e3o: Sun gel junta as fun\u00e7\u00f5es de lavagem, abrilhantador e sal num s\u00f3 produto, garantindo um brilho vis\u00edvel desde a primeira lavagem. A quantidade de produto n\u00e3o \u00e9 uma preocupa\u00e7\u00e3o, basta uma pequena dose de 20ml para um resultado impec\u00e1vel. Tipo de produto: Detergente GelBenef\u00edcios: - Dosagem simp...","rel":"","context":"Similar post","img":{"alt_text":"","src":"https:\/\/i0.wp.com\/mundo.seashell.pt\/wp-content\/uploads\/2022\/02\/SUN_Gel_AIO_NATURE_40D_8710847903915.png?resize=350%2C200&ssl=1","width":350,"height":200},"classes":[]},{"id":6307,"url":"https:\/\/mundo.seashell.pt\/?product=sonasol-lava-tudo-gel-com-lixivia","url_meta":{"origin":7154,"position":3},"title":"Sonasol Lava-Tudo Gel com Lix\u00edvia","date":"Fevereiro 23, 2022","format":false,"excerpt":"Limpeza, a\u00e7\u00e3o desengordurante e higiene imediatas, desde a primeira passagem, com Sonasol. Sonasol gel lix\u00edvia \u00e9 o detergente ideal para a limpeza di\u00e1ria do fog\u00e3o, exaustor, forno, arm\u00e1rios, f\u00f3rmicas, lava-loi\u00e7as, banheiras e, at\u00e9 mesmo, superf\u00edcies esmaltadas e qualquer tipo de ch\u00e3o cer\u00e2mico. Gra\u00e7as \u00e0 sua poderosa f\u00f3rmula em gel, \u00e9\u2026","rel":"","context":"Similar post","img":{"alt_text":"","src":"https:\/\/i0.wp.com\/mundo.seashell.pt\/wp-content\/uploads\/2022\/02\/SONASOL_GEL_LIXIVIA_0L600_8410436339582.png?resize=350%2C200&ssl=1","width":350,"height":200},"classes":[]},{"id":6631,"url":"https:\/\/mundo.seashell.pt\/?product=vanish-power-gel-02l","url_meta":{"origin":7154,"position":4},"title":"Vanish Power Gel 200ml","date":"Fevereiro 23, 2022","format":false,"excerpt":"Vanish power gel \u00e9 um produto inovador com uma f\u00f3rmula 2 vezes mais concentrada, que elimina n\u00f3doas dif\u00edceis em apenas 30 segundos. \u00c9 um produto muito f\u00e1cil de utilizar, bastando aplicar na roupa atrav\u00e9s da sua cabe\u00e7a massajadora. Vanish \u00e9 o tira-n\u00f3doas n\u00ba #1 em Portugal. Tipo de produto: Tira\u2026","rel":"","context":"Similar post","img":{"alt_text":"","src":"https:\/\/i0.wp.com\/mundo.seashell.pt\/wp-content\/uploads\/2022\/02\/VANISH_POWER_GEL_200MLx8_8410104402501.png?resize=350%2C200&ssl=1","width":350,"height":200},"classes":[]},{"id":6764,"url":"https:\/\/mundo.seashell.pt\/?product=nivea-men-gel-craft-150ml","url_meta":{"origin":7154,"position":5},"title":"Nivea Men Gel Craft 150ml","date":"Fevereiro 23, 2022","format":false,"excerpt":"Nivea Men Gel Aqua oferece uma fixa\u00e7\u00e3o extra forte com uma fragr\u00e2ncia fresco e masculino.Descri\u00e7\u00e3o: \u00c9 f\u00e1cil de aplicar e deixa um efeito cabelo molhado sem ficar oleoso. A f\u00f3rmula com vitamina E natural mant\u00e9m o cabelo saud\u00e1vel e forte sem o deixar seco. O gel de cabelo extra forte\u2026","rel":"","context":"Similar post","img":{"alt_text":"","src":"https:\/\/i0.wp.com\/mundo.seashell.pt\/wp-content\/uploads\/2022\/02\/89033-06600-53_Gel_Aqua_Shine_Men_4005808262069.png?resize=350%2C200&ssl=1","width":350,"height":200},"classes":[]}],"_links":{"self":[{"href":"https:\/\/mundo.seashell.pt\/index.php?rest_route=\/wp\/v2\/product\/7154","targetHints":{"allow":["GET"]}}],"collection":[{"href":"https:\/\/mundo.seashell.pt\/index.php?rest_route=\/wp\/v2\/product"}],"about":[{"href":"https:\/\/mundo.seashell.pt\/index.php?rest_route=\/wp\/v2\/types\/product"}],"wp:featuredmedia":[{"embeddable":true,"href":"https:\/\/mundo.seashell.pt\/index.php?rest_route=\/wp\/v2\/media\/7155"}],"wp:attachment":[{"href":"https:\/\/mundo.seashell.pt\/index.php?rest_route=%2Fwp%2Fv2%2Fmedia&parent=7154"}],"wp:term":[{"taxonomy":"product_cat","embeddable":true,"href":"https:\/\/mundo.seashell.pt\/index.php?rest_route=%2Fwp%2Fv2%2Fproduct_cat&post=7154"},{"taxonomy":"product_tag","embeddable":true,"href":"https:\/\/mundo.seashell.pt\/index.php?rest_route=%2Fwp%2Fv2%2Fproduct_tag&post=7154"}],"curies":[{"name":"wp","href":"https:\/\/api.w.org\/{rel}","templated":true}]}}