{"id":7150,"date":"2022-02-23T19:06:56","date_gmt":"2022-02-23T19:06:56","guid":{"rendered":"https:\/\/mundo.seashell.pt\/?post_type=product&#038;p=7150"},"modified":"2022-02-23T19:06:56","modified_gmt":"2022-02-23T19:06:56","slug":"bayeco-sacos-de-congelacao","status":"publish","type":"product","link":"https:\/\/mundo.seashell.pt\/?product=bayeco-sacos-de-congelacao","title":{"rendered":"Bayeco Sacos de Congela\u00e7\u00e3o"},"content":{"rendered":"<p>Sacos de congela\u00e7\u00e3o com sistema de fecho por atilho.<\/p>\n<ul><\/ul>\n<h3>Tipo de produto:<\/h3>\n<p>Sacos de Congela\u00e7\u00e3o<\/p>\n<h3>Conselhos de utiliza\u00e7\u00e3o:<\/h3>\n<p>Para manter a qualidade do produto, n\u00e3o voltar a congelar ap\u00f3s a descongela\u00e7\u00e3o.<\/p>\n<h3>Outras Informa\u00e7\u00f5es:<\/h3>\n<p>Produto controlado por testes em laborat\u00f3rio.<\/p>\n","protected":false},"excerpt":{"rendered":"<p>Sacos de congela\u00e7\u00e3o com sistema de fecho por atilho.Tipo de produto:<br \/>\nSacos de Congela\u00e7\u00e3oConselhos de utiliza\u00e7\u00e3o:<br \/>\nPara manter a qualidade do produto, n\u00e3o voltar a congelar ap\u00f3s a descongela\u00e7\u00e3o.<br \/>\nOutras Informa\u00e7\u00f5es:<br \/>\nProduto controlado por testes em laborat\u00f3rio.<\/p>\n","protected":false},"featured_media":7151,"template":"","meta":{"spay_email":""},"product_cat":[15],"product_tag":[],"class_list":{"0":"post-7150","1":"product","2":"type-product","3":"status-publish","4":"has-post-thumbnail","6":"product_cat-sem-categoria","8":"first","9":"instock","10":"taxable","11":"shipping-taxable","12":"purchasable","13":"product-type-simple"},"acf":[],"jetpack-related-posts":[{"id":7140,"url":"https:\/\/mundo.seashell.pt\/?product=sacos-de-lixo-sem-atilho","url_meta":{"origin":7150,"position":0},"title":"Sacos de Lixo sem Atilho","date":"Fevereiro 23, 2022","format":false,"excerpt":"Sacos de Lixo com Atilho Uma solu\u00e7\u00e3o pr\u00e1tica para o seu dia-a-dia. Benef\u00edcios: - Sacos mais resistentes e com atilho. Conselhos de utiliza\u00e7\u00e3o: Coloque o seu lixo dentro do saco. Quando achar que est\u00e1 cheio, deposite-o nos contetores apropriados. Outras Informa\u00e7\u00f5es: Produto controlado por te...","rel":"","context":"Similar post","img":{"alt_text":"","src":"https:\/\/i0.wp.com\/mundo.seashell.pt\/wp-content\/uploads\/2022\/02\/sacos-rolo-lixo-domestico.jpeg?resize=350%2C200&ssl=1","width":350,"height":200},"classes":[]},{"id":7138,"url":"https:\/\/mundo.seashell.pt\/?product=sacos-de-lixo-com-atilho","url_meta":{"origin":7150,"position":1},"title":"Sacos de Lixo com Atilho","date":"Fevereiro 23, 2022","format":false,"excerpt":"Sacos de Lixo com Atilho 45x47 (20 Litros) 20 Sacos por Rolo 55x60 (30 Litros) 15 Sacos por Rolo 60x80 (50 Litros) 10 Sacos por Rolo","rel":"","context":"Similar post","img":{"alt_text":"","src":"https:\/\/i0.wp.com\/mundo.seashell.pt\/wp-content\/uploads\/2022\/02\/transferir__23_.jpeg?resize=350%2C200&ssl=1","width":350,"height":200},"classes":[]},{"id":7152,"url":"https:\/\/mundo.seashell.pt\/?product=bayeco-saco-e-sandes-22x35-40-sacos","url_meta":{"origin":7150,"position":2},"title":"Bayeco Saco e Sandes 22&#215;35 (40 Sacos)","date":"Fevereiro 23, 2022","format":false,"excerpt":"Tipo de produto: Sacos para AlimentosBenef\u00edcios: - Sistema inovador cola-descola para abrir e voltar a fechar o saco.","rel":"","context":"Similar post","img":{"alt_text":"","src":"https:\/\/i0.wp.com\/mundo.seashell.pt\/wp-content\/uploads\/2022\/02\/BA-CBB40-BL-2235.jpeg?resize=350%2C200&ssl=1","width":350,"height":200},"classes":[]},{"id":6503,"url":"https:\/\/mundo.seashell.pt\/?product=fairy-platinum-limao-42-pastilhas","url_meta":{"origin":7150,"position":3},"title":"Fairy Platinum Lim\u00e3o 42 Pastilhas","date":"Fevereiro 23, 2022","format":false,"excerpt":"Tipo de produto: Detergente Pastilhas Notas\/Frag\u00e2ncia: Lim\u00e3oConselhos de utiliza\u00e7\u00e3o: C\u00e1psulas prontas a usar e sem necessidade de tirar o inv\u00f3lucro. Coloque uma c\u00e1psula na gaveta dispensadora e feche imediatamente. Manuseie com as m\u00e3os secas. N\u00e3o abra a embalagem nem perfure a c\u00e1psula. Feche novamente ...","rel":"","context":"Similar post","img":{"alt_text":"","src":"https:\/\/i0.wp.com\/mundo.seashell.pt\/wp-content\/uploads\/2022\/02\/7368608-hero.jpeg?resize=350%2C200&ssl=1","width":350,"height":200},"classes":[]},{"id":6501,"url":"https:\/\/mundo.seashell.pt\/?product=fairy-fresh-laranja-25-pastilhas","url_meta":{"origin":7150,"position":4},"title":"Fairy Fresh Laranja 25 Pastilhas","date":"Fevereiro 23, 2022","format":false,"excerpt":"As c\u00e1psulas para m\u00e1quina da loi\u00e7a Fairy t\u00eam uma a\u00e7\u00e3o de limpeza \u00e0 primeira e a sua f\u00f3rmula remove mesmo a gordura incrustada. Fairy combina l\u00edquido e p\u00f3 numa s\u00f3 c\u00e1psula poderosa. O seu inv\u00f3lucro ultrassol\u00favel dissolve-se muito mais rapidamente do que as c\u00e1psulas prensadas, por isso come\u00e7am a funcionar\u2026","rel":"","context":"Similar post","img":{"alt_text":"","src":"https:\/\/i0.wp.com\/mundo.seashell.pt\/wp-content\/uploads\/2022\/02\/002299866.jpeg?resize=350%2C200&ssl=1","width":350,"height":200},"classes":[]},{"id":7154,"url":"https:\/\/mundo.seashell.pt\/?product=bayeco-sacos-para-cubos-de-gelo-15un-x-24-cubos","url_meta":{"origin":7150,"position":5},"title":"Bayeco Sacos para Cubos de Gelo &#8211; 15un x 24 Cubos","date":"Fevereiro 23, 2022","format":false,"excerpt":"Tipo de produto: Sacos de Gelo","rel":"","context":"Similar post","img":{"alt_text":"","src":"https:\/\/i0.wp.com\/mundo.seashell.pt\/wp-content\/uploads\/2022\/02\/bayeco-bolsas-cubitos-600x600-1.png?resize=350%2C200&ssl=1","width":350,"height":200},"classes":[]}],"_links":{"self":[{"href":"https:\/\/mundo.seashell.pt\/index.php?rest_route=\/wp\/v2\/product\/7150","targetHints":{"allow":["GET"]}}],"collection":[{"href":"https:\/\/mundo.seashell.pt\/index.php?rest_route=\/wp\/v2\/product"}],"about":[{"href":"https:\/\/mundo.seashell.pt\/index.php?rest_route=\/wp\/v2\/types\/product"}],"wp:featuredmedia":[{"embeddable":true,"href":"https:\/\/mundo.seashell.pt\/index.php?rest_route=\/wp\/v2\/media\/7151"}],"wp:attachment":[{"href":"https:\/\/mundo.seashell.pt\/index.php?rest_route=%2Fwp%2Fv2%2Fmedia&parent=7150"}],"wp:term":[{"taxonomy":"product_cat","embeddable":true,"href":"https:\/\/mundo.seashell.pt\/index.php?rest_route=%2Fwp%2Fv2%2Fproduct_cat&post=7150"},{"taxonomy":"product_tag","embeddable":true,"href":"https:\/\/mundo.seashell.pt\/index.php?rest_route=%2Fwp%2Fv2%2Fproduct_tag&post=7150"}],"curies":[{"name":"wp","href":"https:\/\/api.w.org\/{rel}","templated":true}]}}