{"id":7138,"date":"2022-02-23T19:06:50","date_gmt":"2022-02-23T19:06:50","guid":{"rendered":"https:\/\/mundo.seashell.pt\/?post_type=product&#038;p=7138"},"modified":"2022-02-23T19:06:50","modified_gmt":"2022-02-23T19:06:50","slug":"sacos-de-lixo-com-atilho","status":"publish","type":"product","link":"https:\/\/mundo.seashell.pt\/?product=sacos-de-lixo-com-atilho","title":{"rendered":"Sacos de Lixo com Atilho"},"content":{"rendered":"<p>Sacos de Lixo com Atilho<\/p>\n<p>Uma solu\u00e7\u00e3o pr\u00e1tica para o seu dia-a-dia.<\/p>\n<h3>Benef\u00edcios:<\/h3>\n<p>&#8211; Sacos mais resistentes e com atilho.<\/p>\n<p>Conselhos de utiliza\u00e7\u00e3o:<\/p>\n<p>Coloque o seu lixo dentro do saco. Quando achar que est\u00e1 cheio, deposite-o nos contetores apropriados.<\/p>\n<h3>Outras Informa\u00e7\u00f5es:<\/h3>\n<p>Produto controlado por testes em laborat\u00f3rio.<\/p>\n<ul><\/ul>\n<p>45&#215;47 (20 Litros) 20 Sacos por Rolo<\/p>\n<p>55&#215;60 (30 Litros) 15 Sacos por Rolo<\/p>\n<p>60&#215;80 (50 Litros) 10 Sacos por Rolo<\/p>\n","protected":false},"excerpt":{"rendered":"<p>Sacos de Lixo com Atilho<br \/>\n45&#215;47 (20 Litros) 20 Sacos por Rolo<br \/>\n55&#215;60 (30 Litros) 15 Sacos por Rolo<br \/>\n60&#215;80 (50 Litros) 10 Sacos por Rolo<\/p>\n","protected":false},"featured_media":7139,"template":"","meta":{"spay_email":""},"product_cat":[15],"product_tag":[],"class_list":{"0":"post-7138","1":"product","2":"type-product","3":"status-publish","4":"has-post-thumbnail","6":"product_cat-sem-categoria","8":"first","9":"instock","10":"taxable","11":"shipping-taxable","12":"purchasable","13":"product-type-simple"},"acf":[],"jetpack-related-posts":[{"id":5560,"url":"https:\/\/mundo.seashell.pt\/?product=saco-lixo-fecho-facil-preto","url_meta":{"origin":7138,"position":0},"title":"Sacos de Lixo com Fecho F\u00e1cil &#8211; Pretos","date":"Fevereiro 23, 2022","format":false,"excerpt":"Rolos de sacos de lixo dom\u00e9stico com fecho f\u00e1cil para uma maior comodidade.","rel":"","context":"Similar post","img":{"alt_text":"","src":"https:\/\/i0.wp.com\/mundo.seashell.pt\/wp-content\/uploads\/2022\/02\/sacos-rolo-lixo-fecho-facil_PhotoRoom_20210509_175208.jpg?resize=350%2C200&ssl=1","width":350,"height":200},"classes":[]},{"id":6235,"url":"https:\/\/mundo.seashell.pt\/?product=sacos-de-lixo-com-fecho-facil-brancos","url_meta":{"origin":7138,"position":1},"title":"Sacos de Lixo com Fecho F\u00e1cil &#8211; Brancos","date":"Fevereiro 23, 2022","format":false,"excerpt":"Rolos de sacos de lixo dom\u00e9stico com fecho f\u00e1cil para uma maior comodidade.","rel":"","context":"Similar post","img":{"alt_text":"","src":"https:\/\/i0.wp.com\/mundo.seashell.pt\/wp-content\/uploads\/2022\/02\/goods_02_436158-1.jpg?resize=350%2C200&ssl=1","width":350,"height":200},"classes":[]},{"id":6233,"url":"https:\/\/mundo.seashell.pt\/?product=saco-lixo-85x110-preto-100-litros","url_meta":{"origin":7138,"position":2},"title":"Saco Lixo 85&#215;110 Preto (100 Litros)","date":"Fevereiro 23, 2022","format":false,"excerpt":"Sacos de Lixo Dom\u00e9stico com 28 micras de espessura. Caixa completa com 50 rolos de 6 sacos.","rel":"","context":"Similar post","img":{"alt_text":"","src":"https:\/\/i0.wp.com\/mundo.seashell.pt\/wp-content\/uploads\/2022\/02\/sacos-rolo-lixo-domestico_PhotoRoom_20210509_175243-3.jpg?resize=350%2C200&ssl=1","width":350,"height":200},"classes":[]},{"id":5564,"url":"https:\/\/mundo.seashell.pt\/?product=saco-lixo-80x90-preto-40rolosx10sacos","url_meta":{"origin":7138,"position":3},"title":"Saco Lixo 80&#215;90 Preto (60 Litros)","date":"Fevereiro 23, 2022","format":false,"excerpt":"Saco de Lixo Dom\u00e9stico de 60 Litros.","rel":"","context":"Similar post","img":{"alt_text":"","src":"https:\/\/i0.wp.com\/mundo.seashell.pt\/wp-content\/uploads\/2022\/02\/sacos-rolo-lixo-domestico_PhotoRoom_20210509_175243-1.jpg?resize=350%2C200&ssl=1","width":350,"height":200},"classes":[]},{"id":5562,"url":"https:\/\/mundo.seashell.pt\/?product=saco-lixo-60x80-preto-50rolosx10sacos","url_meta":{"origin":7138,"position":4},"title":"Saco Lixo 60&#215;80 Preto (50 Litros)","date":"Fevereiro 23, 2022","format":false,"excerpt":"Sacos de lixo dom\u00e9stico em rolo de 10 unidades. \ufeff\ufeff\ufeff\ufeff","rel":"","context":"Similar post","img":{"alt_text":"","src":"https:\/\/i0.wp.com\/mundo.seashell.pt\/wp-content\/uploads\/2022\/02\/sacos-rolo-lixo-domestico_PhotoRoom_20210509_175243.jpg?resize=350%2C200&ssl=1","width":350,"height":200},"classes":[]},{"id":5566,"url":"https:\/\/mundo.seashell.pt\/?product=saco-lixo-85x110-preto-18rolosx10sacos","url_meta":{"origin":7138,"position":5},"title":"Saco Lixo Forte 85&#215;110 Preto (100 Litros)","date":"Fevereiro 23, 2022","format":false,"excerpt":"Sacos de Lixo Dom\u00e9stico com 50 micras de espessura. Caixa completa com 18rolos de 10 sacos.","rel":"","context":"Similar post","img":{"alt_text":"","src":"https:\/\/i0.wp.com\/mundo.seashell.pt\/wp-content\/uploads\/2022\/02\/sacos-rolo-lixo-domestico_PhotoRoom_20210509_175243-2.jpg?resize=350%2C200&ssl=1","width":350,"height":200},"classes":[]}],"_links":{"self":[{"href":"https:\/\/mundo.seashell.pt\/index.php?rest_route=\/wp\/v2\/product\/7138","targetHints":{"allow":["GET"]}}],"collection":[{"href":"https:\/\/mundo.seashell.pt\/index.php?rest_route=\/wp\/v2\/product"}],"about":[{"href":"https:\/\/mundo.seashell.pt\/index.php?rest_route=\/wp\/v2\/types\/product"}],"wp:featuredmedia":[{"embeddable":true,"href":"https:\/\/mundo.seashell.pt\/index.php?rest_route=\/wp\/v2\/media\/7139"}],"wp:attachment":[{"href":"https:\/\/mundo.seashell.pt\/index.php?rest_route=%2Fwp%2Fv2%2Fmedia&parent=7138"}],"wp:term":[{"taxonomy":"product_cat","embeddable":true,"href":"https:\/\/mundo.seashell.pt\/index.php?rest_route=%2Fwp%2Fv2%2Fproduct_cat&post=7138"},{"taxonomy":"product_tag","embeddable":true,"href":"https:\/\/mundo.seashell.pt\/index.php?rest_route=%2Fwp%2Fv2%2Fproduct_tag&post=7138"}],"curies":[{"name":"wp","href":"https:\/\/api.w.org\/{rel}","templated":true}]}}