{"id":7026,"date":"2022-02-23T19:04:12","date_gmt":"2022-02-23T19:04:12","guid":{"rendered":"https:\/\/mundo.seashell.pt\/?post_type=product&#038;p=7026"},"modified":"2022-02-23T19:04:13","modified_gmt":"2022-02-23T19:04:13","slug":"glade-velas-aromaticas-129gr","status":"publish","type":"product","link":"https:\/\/mundo.seashell.pt\/?product=glade-velas-aromaticas-129gr","title":{"rendered":"Glade Velas Arom\u00e1ticas 129gr"},"content":{"rendered":"<p>Crie o ambiente perfeito com Glade.<\/p>\n<h3>Descri\u00e7\u00e3o:<\/h3>\n<p>Desperte os sentidos com as velas Glade. Basta acender o pavio para encher rapidamente a divis\u00e3o com uma fragr\u00e2ncia infundida com \u00f3leos essenciais e criar um ambiente \u00edntimo e acolhedor. Embarque numa magn\u00edfica viagem pelo conforto contempor\u00e2neo, com notas florais e doces delicadamente envolvidas em baunilha cremosa e madeira branca.<\/p>\n<h3>Notas\/Frag\u00e2ncia:<\/h3>\n<p>Baunilha<\/p>\n<h3>Benef\u00edcios:<\/h3>\n<p>&#8211; Frag\u00e2ncia duradoura;<br \/>&#8211; Elimina odores;<br \/>&#8211; Perfuma e resfresca.<\/p>\n<h3>Conselhos de utiliza\u00e7\u00e3o:<\/h3>\n<p>Coloque a vela na posi\u00e7\u00e3o vertical sobre uma superf\u00edcie plana e acenda.<\/p>\n","protected":false},"excerpt":{"rendered":"<p>Crie o ambiente perfeito com Glade.Descri\u00e7\u00e3o:<br \/>\nDesperte os sentidos com as velas Glade. Basta acender o pavio para encher rapidamente a divis\u00e3o com uma fragr\u00e2ncia infundida com \u00f3leos essenciais e criar um ambiente \u00edntimo e acolhedor. Embarque numa magn\u00edfica viagem pelo conforto contempor\u00e2neo, com notas florais e doces delic&#8230;<\/p>\n","protected":false},"featured_media":7027,"template":"","meta":{"spay_email":""},"product_cat":[15],"product_tag":[],"class_list":{"0":"post-7026","1":"product","2":"type-product","3":"status-publish","4":"has-post-thumbnail","6":"product_cat-sem-categoria","8":"first","9":"instock","10":"taxable","11":"shipping-taxable","12":"purchasable","13":"product-type-simple"},"acf":[],"jetpack-related-posts":[{"id":7024,"url":"https:\/\/mundo.seashell.pt\/?product=glade-absorve-odores-150gr","url_meta":{"origin":7026,"position":0},"title":"Glade Absorve Odores 150gr","date":"Fevereiro 23, 2022","format":false,"excerpt":"Crie o ambiente perfeito com Glade.Benef\u00edcios: - Frag\u00e2ncia duradoura e perfumada;- Elimina odores indesejados. Conselhos de utiliza\u00e7\u00e3o: Para que entre em a\u00e7\u00e3o, basta retirar a pel\u00edcula. Dura at\u00e9 10 semanas. O produto deve ser substitu\u00eddo, quando o gel desaparecer.","rel":"","context":"Similar post","img":{"alt_text":"","src":"https:\/\/i0.wp.com\/mundo.seashell.pt\/wp-content\/uploads\/2022\/02\/GLADE_ABSORBE_ODORES_LAVANDA_1X150GR_5000204826432.jpeg?resize=350%2C200&ssl=1","width":350,"height":200},"classes":[]},{"id":7018,"url":"https:\/\/mundo.seashell.pt\/?product=glade-ambientador-300ml","url_meta":{"origin":7026,"position":1},"title":"Glade Ambientador 300ml","date":"Fevereiro 23, 2022","format":false,"excerpt":"Glade Ambientador 300ml Crie o ambiente perfeito com Glade.Benef\u00edcios: - Frag\u00e2ncia duradoura;- Elimina odores;- Perfuma e resfresca.","rel":"","context":"Similar post","img":{"alt_text":"","src":"https:\/\/i0.wp.com\/mundo.seashell.pt\/wp-content\/uploads\/2022\/02\/2053816-frente.jpeg?resize=350%2C200&ssl=1","width":350,"height":200},"classes":[]},{"id":6609,"url":"https:\/\/mundo.seashell.pt\/?product=lenor-perolas-april-fresh-210gr","url_meta":{"origin":7026,"position":2},"title":"Lenor P\u00e9rolas April Fresh 210gr","date":"Fevereiro 23, 2022","format":false,"excerpt":"Para uma explos\u00e3o de frescura entre lavagens, Lenor infunde as suas roupas com a fragr\u00e2ncia april fresh. Envolvido na fragr\u00e2ncia das flores de primavera e toques de patchouli natural e cedro branco, pode esperar uma experi\u00eancia revitalizante e revigorante, onde vai sentir-se revigorada e totalmente renovada. Os intensificadores de fragr\u00e2ncia\u2026","rel":"","context":"Similar post","img":{"alt_text":"","src":"https:\/\/i0.wp.com\/mundo.seashell.pt\/wp-content\/uploads\/2022\/02\/LENOR_PE_ROLAS_APRIL_FRESH_140G_8001841566818.png?resize=350%2C200&ssl=1","width":350,"height":200},"classes":[]},{"id":5372,"url":"https:\/\/mundo.seashell.pt\/?product=pom-nature-350ml","url_meta":{"origin":7026,"position":3},"title":"Desodorizante de Ambiente Pom Nature 350ml","date":"Fevereiro 23, 2022","format":false,"excerpt":"Desodorizante em trigger \u00e0 base de \u00e1gua com fragr\u00e2ncia \"long lasting\" que deixa no ambiente uma fragr\u00e2ncia persistente que elimina odores desagrad\u00e1veis.","rel":"","context":"Similar post","img":{"alt_text":"","src":"https:\/\/i0.wp.com\/mundo.seashell.pt\/wp-content\/uploads\/2022\/02\/Pom_nature.jpg?resize=350%2C200&ssl=1","width":350,"height":200},"classes":[]},{"id":5374,"url":"https:\/\/mundo.seashell.pt\/?product=pom-air-300ml","url_meta":{"origin":7026,"position":4},"title":"Desodorizante em Aerossol Pom Air 300ml","date":"Fevereiro 23, 2022","format":false,"excerpt":"Deixa no ambiente uma fragr\u00e2ncia persistente que elimina odores desagrad\u00e1veis.","rel":"","context":"Similar post","img":{"alt_text":"","src":"https:\/\/i0.wp.com\/mundo.seashell.pt\/wp-content\/uploads\/2022\/02\/Pom_air.jpg?resize=350%2C200&ssl=1","width":350,"height":200},"classes":[]},{"id":6599,"url":"https:\/\/mundo.seashell.pt\/?product=vernel-amaciador-de-roupa-57-doses","url_meta":{"origin":7026,"position":5},"title":"Vernel Amaciador de Roupa 57 doses","date":"Fevereiro 23, 2022","format":false,"excerpt":"A gama de Vernel oferece amaciadores concentrados enriquecidos com refinados \u00f3leos relaxantes e aromas sedutores que proporcionam uma sensa\u00e7\u00e3o de bem-estar. Para al\u00e9m de deixar a roupa incrivelmente suave, a f\u00f3rmula de Frangipani Fascinante cont\u00e9m uma fragr\u00e2ncia \u00fanica que deixa a sua roupa perfumada at\u00e9 200 dias. Estimule os seus\u2026","rel":"","context":"Similar post","img":{"alt_text":"","src":"https:\/\/i0.wp.com\/mundo.seashell.pt\/wp-content\/uploads\/2022\/02\/VERNEL_AT_VIOLETA_57_1L31_8UD_57D_8410436283113.png?resize=350%2C200&ssl=1","width":350,"height":200},"classes":[]}],"_links":{"self":[{"href":"https:\/\/mundo.seashell.pt\/index.php?rest_route=\/wp\/v2\/product\/7026","targetHints":{"allow":["GET"]}}],"collection":[{"href":"https:\/\/mundo.seashell.pt\/index.php?rest_route=\/wp\/v2\/product"}],"about":[{"href":"https:\/\/mundo.seashell.pt\/index.php?rest_route=\/wp\/v2\/types\/product"}],"wp:featuredmedia":[{"embeddable":true,"href":"https:\/\/mundo.seashell.pt\/index.php?rest_route=\/wp\/v2\/media\/7027"}],"wp:attachment":[{"href":"https:\/\/mundo.seashell.pt\/index.php?rest_route=%2Fwp%2Fv2%2Fmedia&parent=7026"}],"wp:term":[{"taxonomy":"product_cat","embeddable":true,"href":"https:\/\/mundo.seashell.pt\/index.php?rest_route=%2Fwp%2Fv2%2Fproduct_cat&post=7026"},{"taxonomy":"product_tag","embeddable":true,"href":"https:\/\/mundo.seashell.pt\/index.php?rest_route=%2Fwp%2Fv2%2Fproduct_tag&post=7026"}],"curies":[{"name":"wp","href":"https:\/\/api.w.org\/{rel}","templated":true}]}}