{"id":7010,"date":"2022-02-23T19:03:40","date_gmt":"2022-02-23T19:03:40","guid":{"rendered":"https:\/\/mundo.seashell.pt\/?post_type=product&#038;p=7010"},"modified":"2022-02-23T19:03:43","modified_gmt":"2022-02-23T19:03:43","slug":"gillette-blue-2-for-woman-6-laminas","status":"publish","type":"product","link":"https:\/\/mundo.seashell.pt\/?product=gillette-blue-2-for-woman-6-laminas","title":{"rendered":"Gillette Blue 2 for Woman &#8211; 6 L\u00e2minas"},"content":{"rendered":"<p>Tira hidratante enriquecida para maior conforto e um deslizar suave.<\/p>\n<h3>Descri\u00e7\u00e3o:<\/h3>\n<p>As l\u00e2minas de depila\u00e7\u00e3o descart\u00e1veis Gillette Blue II Plus incluem duas l\u00e2minas Gillette para maior conforto e um cabo Ultragrip suave para um controlo superior. Tamb\u00e9m cont\u00eam \u00f3leo de beb\u00e9 e alo\u00e9 vera para deslizarem mais suavemente.<\/p>\n<h3>Benef\u00edcios:<\/h3>\n<p>&#8211; L\u00e2minas de depila\u00e7\u00e3o descart\u00e1veis com duas l\u00e2minas Gillette para maior conforto;<br \/>&#8211; Com \u00f3leo de beb\u00e9 e alo\u00e9 vera;<br \/>&#8211; Cabo Ultragrip suave para um controlo superior;<br \/>&#8211; Tira lubrificante para um deslizar suave;<br \/>&#8211; N\u00e3o \u00e9 necess\u00e1rio trocar de l\u00e2minas, basta usar e descartar.<\/p>\n<h3>Conselhos de utiliza\u00e7\u00e3o:<\/h3>\n<p>Use at\u00e9 as l\u00e2minas ficarem gastas. Deite fora e substitua.<\/p>\n<p><\/p>\n<p><\/p>\n<ul><\/ul>\n","protected":false},"excerpt":{"rendered":"<p>Tira hidratante enriquecida para maior conforto e um deslizar suave.Descri\u00e7\u00e3o:<br \/>\nAs l\u00e2minas de depila\u00e7\u00e3o descart\u00e1veis Gillette Blue II Plus incluem duas l\u00e2minas Gillette para maior conforto e um cabo Ultragrip suave para um controlo superior. Tamb\u00e9m cont\u00eam \u00f3leo de beb\u00e9 e alo\u00e9 vera para deslizarem mais suavemente.<br \/>\nBenef\u00edc&#8230;<\/p>\n","protected":false},"featured_media":7011,"template":"","meta":{"spay_email":""},"product_cat":[15],"product_tag":[],"class_list":{"0":"post-7010","1":"product","2":"type-product","3":"status-publish","4":"has-post-thumbnail","6":"product_cat-sem-categoria","8":"first","9":"instock","10":"taxable","11":"shipping-taxable","12":"purchasable","13":"product-type-simple"},"acf":[],"jetpack-related-posts":[{"id":7006,"url":"https:\/\/mundo.seashell.pt\/?product=gillette-venus-smooth-3un","url_meta":{"origin":7010,"position":0},"title":"Gillette Venus Smooth 3un","date":"Fevereiro 23, 2022","format":false,"excerpt":"Para uma pele suave com menos irrita\u00e7\u00f5es.Descri\u00e7\u00e3o: Desfrute de uma pele suave com menos irrita\u00e7\u00f5es, comparativamente \u00e0 Simply Venus 2, com as l\u00e2minas descart\u00e1veis Gillette Venus 3, que oferecem uma depila\u00e7\u00e3o precisa a um pre\u00e7o acess\u00edvel. Com cabe\u00e7a oscilante com tr\u00eas l\u00e2minas, as m\u00e1quinas de depila\u00e7\u00e3o tamb\u00e9m incluem uma barra\u2026","rel":"","context":"Similar post","img":{"alt_text":"","src":"https:\/\/i0.wp.com\/mundo.seashell.pt\/wp-content\/uploads\/2022\/02\/VENUS_MAQUINA_SMOOTH_7702018567829.png?resize=350%2C200&ssl=1","width":350,"height":200},"classes":[]},{"id":6996,"url":"https:\/\/mundo.seashell.pt\/?product=gillette-mach-3-start-4-recargas","url_meta":{"origin":7010,"position":1},"title":"Gillette Mach 3 Start 4 Recargas","date":"Fevereiro 23, 2022","format":false,"excerpt":"As recargas de l\u00e2minas para m\u00e1quina de barbear Gillette Mach3 Turbo para homem foram concebidas para um barbear cl\u00e1ssico e preciso, no qual pode confiar. Com tr\u00eas l\u00e2minas mais resistentes do que o a\u00e7o que se mant\u00eam afiadas durante mais tempo (vs. Sensor3). Todas as recargas de l\u00e2minas Mach3 adaptam-se\u2026","rel":"","context":"Similar post","img":{"alt_text":"","src":"https:\/\/i0.wp.com\/mundo.seashell.pt\/wp-content\/uploads\/2022\/02\/transferir__4_.jpeg?resize=350%2C200&ssl=1","width":350,"height":200},"classes":[]},{"id":7002,"url":"https:\/\/mundo.seashell.pt\/?product=gillette-blue-6-laminas-descartaveis","url_meta":{"origin":7010,"position":2},"title":"Gillette Blue 6 L\u00e2minas Descart\u00e1veis","date":"Fevereiro 23, 2022","format":false,"excerpt":"Gillette, a op\u00e7\u00e3o ao seu alcance para um barbear impec\u00e1vel.Descri\u00e7\u00e3o: Com a m\u00e1quina de barbear descart\u00e1vel Gillette Blue II est\u00e1 na sua m\u00e3o um barbear excecional. Cont\u00e9m duas l\u00e2minas duplas finas para proporcionar um barbear confort\u00e1vel a qualquer homem. Tipo de produto: L\u00e2mina Descart\u00e1velBenef\u00edcios:","rel":"","context":"Similar post","img":{"alt_text":"","src":"https:\/\/i0.wp.com\/mundo.seashell.pt\/wp-content\/uploads\/2022\/02\/transferir__6_.jpeg?resize=350%2C200&ssl=1","width":350,"height":200},"classes":[]},{"id":7008,"url":"https:\/\/mundo.seashell.pt\/?product=gillette-venus-smooth-4-recargas","url_meta":{"origin":7010,"position":3},"title":"Gillette VEnus Smooth 4 Recargas","date":"Fevereiro 23, 2022","format":false,"excerpt":"As l\u00e2minas das m\u00e1quinas de depila\u00e7\u00e3o Venus foram concebidas tendo em mente o corpo da mulher. As m\u00e1quinas de depila\u00e7\u00e3o Venus Smooth para mulher s\u00e3o as primeiras m\u00e1quinas de depila\u00e7\u00e3o com 3 l\u00e2minas concebidas para mulheres. As recargas das l\u00e2minas para m\u00e1quinas de depila\u00e7\u00e3o apresentam 3 l\u00e2minas curvas rodeadas de\u2026","rel":"","context":"Similar post","img":{"alt_text":"","src":"https:\/\/i0.wp.com\/mundo.seashell.pt\/wp-content\/uploads\/2022\/02\/VENUS_CARREGADOR_SMOOTH_4UN_7702018567492.png?resize=350%2C200&ssl=1","width":350,"height":200},"classes":[]},{"id":6998,"url":"https:\/\/mundo.seashell.pt\/?product=gillette-fusion-5-recargas","url_meta":{"origin":7010,"position":4},"title":"Gillette Fusion 5 Recargas","date":"Fevereiro 23, 2022","format":false,"excerpt":"Gillette Fusion 5 Recargas. As l\u00e2minas para m\u00e1quina de barbear Gillette Fusion5 para homem incluem 5 l\u00e2minas antifric\u00e7\u00e3o para um barbear rente e duradouro. As l\u00e2minas s\u00e3o pouco espa\u00e7adas para um conforto incr\u00edvel com um aparador de precis\u00e3o na parte posterior para locais de dif\u00edcil acesso e para fazer o\u2026","rel":"","context":"Similar post","img":{"alt_text":"","src":"https:\/\/i0.wp.com\/mundo.seashell.pt\/wp-content\/uploads\/2022\/02\/GILLETTE_CARREGADOR_FUSION_4UN_7702018561575.png?resize=350%2C200&ssl=1","width":350,"height":200},"classes":[]},{"id":6988,"url":"https:\/\/mundo.seashell.pt\/?product=gillette-mach-3","url_meta":{"origin":7010,"position":5},"title":"Gillette Mach 3","date":"Fevereiro 23, 2022","format":false,"excerpt":"Concebida com a\u00e7o de corte de precis\u00e3o para at\u00e9 15 utiliza\u00e7\u00f5es por l\u00e2mina. M\u00e1quina de barbear com 3 l\u00e2minas para um barbear suave cl\u00e1ssico. As l\u00e2minas mais resistentes do que o a\u00e7o mant\u00eam-se afiadas durante mais tempo (vs. a Sensor3). Ader\u00eancia ergon\u00f3mica equilibrada e ponderada. M\u00e1quina de barbear de 3\u2026","rel":"","context":"Similar post","img":{"alt_text":"","src":"https:\/\/i0.wp.com\/mundo.seashell.pt\/wp-content\/uploads\/2022\/02\/gillette-mach-3-razor-original-imaeh9e3g5ya5z2w.jpeg?resize=350%2C200&ssl=1","width":350,"height":200},"classes":[]}],"_links":{"self":[{"href":"https:\/\/mundo.seashell.pt\/index.php?rest_route=\/wp\/v2\/product\/7010","targetHints":{"allow":["GET"]}}],"collection":[{"href":"https:\/\/mundo.seashell.pt\/index.php?rest_route=\/wp\/v2\/product"}],"about":[{"href":"https:\/\/mundo.seashell.pt\/index.php?rest_route=\/wp\/v2\/types\/product"}],"wp:featuredmedia":[{"embeddable":true,"href":"https:\/\/mundo.seashell.pt\/index.php?rest_route=\/wp\/v2\/media\/7011"}],"wp:attachment":[{"href":"https:\/\/mundo.seashell.pt\/index.php?rest_route=%2Fwp%2Fv2%2Fmedia&parent=7010"}],"wp:term":[{"taxonomy":"product_cat","embeddable":true,"href":"https:\/\/mundo.seashell.pt\/index.php?rest_route=%2Fwp%2Fv2%2Fproduct_cat&post=7010"},{"taxonomy":"product_tag","embeddable":true,"href":"https:\/\/mundo.seashell.pt\/index.php?rest_route=%2Fwp%2Fv2%2Fproduct_tag&post=7010"}],"curies":[{"name":"wp","href":"https:\/\/api.w.org\/{rel}","templated":true}]}}