{"id":7006,"date":"2022-02-23T19:03:34","date_gmt":"2022-02-23T19:03:34","guid":{"rendered":"https:\/\/mundo.seashell.pt\/?post_type=product&#038;p=7006"},"modified":"2022-02-23T19:03:37","modified_gmt":"2022-02-23T19:03:37","slug":"gillette-venus-smooth-3un","status":"publish","type":"product","link":"https:\/\/mundo.seashell.pt\/?product=gillette-venus-smooth-3un","title":{"rendered":"Gillette Venus Smooth 3un"},"content":{"rendered":"<p>Para uma pele suave com menos irrita\u00e7\u00f5es.<\/p>\n<h3>Descri\u00e7\u00e3o:<\/h3>\n<p>Desfrute de uma pele suave com menos irrita\u00e7\u00f5es, comparativamente \u00e0 Simply Venus 2, com as l\u00e2minas descart\u00e1veis Gillette Venus 3, que oferecem uma depila\u00e7\u00e3o precisa a um pre\u00e7o acess\u00edvel. Com cabe\u00e7a oscilante com tr\u00eas l\u00e2minas, as m\u00e1quinas de depila\u00e7\u00e3o tamb\u00e9m incluem uma barra hidratante para deslizar suavemente e microaletas protetoras que ajudam a reduzir os cortes. Desfrute de uma depila\u00e7\u00e3o precisa com mais conforto.<\/p>\n<h3>Benef\u00edcios:<\/h3>\n<p>&#8211; Pele suave com menos irrita\u00e7\u00f5es (comparativamente \u00e0 Simply Venus2);<br \/>&#8211; M\u00e1quina de depila\u00e7\u00e3o descart\u00e1vel com tr\u00eas l\u00e2minas e uma barra hidratante para deslizar suavemente;<br \/>&#8211; As microaletas protetoras ajudam a reduzir os cortes;<br \/>&#8211; Cabo com cabe\u00e7a oscilante especialmente concebido para as zonas problem\u00e1ticas;<br \/>&#8211; N\u00e3o \u00e9 necess\u00e1rio trocar de l\u00e2minas, basta usar e descartar.<\/p>\n<h3>Conselhos de utiliza\u00e7\u00e3o:<\/h3>\n<p>Use at\u00e9 as l\u00e2minas ficarem gastas. Deite fora e substitua.<\/p>\n<p><\/p>\n<p><\/p>\n","protected":false},"excerpt":{"rendered":"<p>Para uma pele suave com menos irrita\u00e7\u00f5es.Descri\u00e7\u00e3o:<br \/>\nDesfrute de uma pele suave com menos irrita\u00e7\u00f5es, comparativamente \u00e0 Simply Venus 2, com as l\u00e2minas descart\u00e1veis Gillette Venus 3, que oferecem uma depila\u00e7\u00e3o precisa a um pre\u00e7o acess\u00edvel. Com cabe\u00e7a oscilante com tr\u00eas l\u00e2minas, as m\u00e1quinas de depila\u00e7\u00e3o tamb\u00e9m incluem uma barra &#8230;<\/p>\n","protected":false},"featured_media":7007,"template":"","meta":{"spay_email":""},"product_cat":[15],"product_tag":[],"class_list":{"0":"post-7006","1":"product","2":"type-product","3":"status-publish","4":"has-post-thumbnail","6":"product_cat-sem-categoria","8":"first","9":"instock","10":"taxable","11":"shipping-taxable","12":"purchasable","13":"product-type-simple"},"acf":[],"jetpack-related-posts":[{"id":7010,"url":"https:\/\/mundo.seashell.pt\/?product=gillette-blue-2-for-woman-6-laminas","url_meta":{"origin":7006,"position":0},"title":"Gillette Blue 2 for Woman &#8211; 6 L\u00e2minas","date":"Fevereiro 23, 2022","format":false,"excerpt":"Tira hidratante enriquecida para maior conforto e um deslizar suave.Descri\u00e7\u00e3o: As l\u00e2minas de depila\u00e7\u00e3o descart\u00e1veis Gillette Blue II Plus incluem duas l\u00e2minas Gillette para maior conforto e um cabo Ultragrip suave para um controlo superior. Tamb\u00e9m cont\u00eam \u00f3leo de beb\u00e9 e alo\u00e9 vera para deslizarem mais suavemente. Benef\u00edc...","rel":"","context":"Similar post","img":{"alt_text":"","src":"https:\/\/i0.wp.com\/mundo.seashell.pt\/wp-content\/uploads\/2022\/02\/GILLETTE_DESCARTA_VEL_BLUE2_FW_5_1_3014260294625.png?resize=350%2C200&ssl=1","width":350,"height":200},"classes":[]},{"id":7008,"url":"https:\/\/mundo.seashell.pt\/?product=gillette-venus-smooth-4-recargas","url_meta":{"origin":7006,"position":1},"title":"Gillette VEnus Smooth 4 Recargas","date":"Fevereiro 23, 2022","format":false,"excerpt":"As l\u00e2minas das m\u00e1quinas de depila\u00e7\u00e3o Venus foram concebidas tendo em mente o corpo da mulher. As m\u00e1quinas de depila\u00e7\u00e3o Venus Smooth para mulher s\u00e3o as primeiras m\u00e1quinas de depila\u00e7\u00e3o com 3 l\u00e2minas concebidas para mulheres. As recargas das l\u00e2minas para m\u00e1quinas de depila\u00e7\u00e3o apresentam 3 l\u00e2minas curvas rodeadas de\u2026","rel":"","context":"Similar post","img":{"alt_text":"","src":"https:\/\/i0.wp.com\/mundo.seashell.pt\/wp-content\/uploads\/2022\/02\/VENUS_CARREGADOR_SMOOTH_4UN_7702018567492.png?resize=350%2C200&ssl=1","width":350,"height":200},"classes":[]},{"id":6996,"url":"https:\/\/mundo.seashell.pt\/?product=gillette-mach-3-start-4-recargas","url_meta":{"origin":7006,"position":2},"title":"Gillette Mach 3 Start 4 Recargas","date":"Fevereiro 23, 2022","format":false,"excerpt":"As recargas de l\u00e2minas para m\u00e1quina de barbear Gillette Mach3 Turbo para homem foram concebidas para um barbear cl\u00e1ssico e preciso, no qual pode confiar. Com tr\u00eas l\u00e2minas mais resistentes do que o a\u00e7o que se mant\u00eam afiadas durante mais tempo (vs. Sensor3). Todas as recargas de l\u00e2minas Mach3 adaptam-se\u2026","rel":"","context":"Similar post","img":{"alt_text":"","src":"https:\/\/i0.wp.com\/mundo.seashell.pt\/wp-content\/uploads\/2022\/02\/transferir__4_.jpeg?resize=350%2C200&ssl=1","width":350,"height":200},"classes":[]},{"id":6998,"url":"https:\/\/mundo.seashell.pt\/?product=gillette-fusion-5-recargas","url_meta":{"origin":7006,"position":3},"title":"Gillette Fusion 5 Recargas","date":"Fevereiro 23, 2022","format":false,"excerpt":"Gillette Fusion 5 Recargas. As l\u00e2minas para m\u00e1quina de barbear Gillette Fusion5 para homem incluem 5 l\u00e2minas antifric\u00e7\u00e3o para um barbear rente e duradouro. As l\u00e2minas s\u00e3o pouco espa\u00e7adas para um conforto incr\u00edvel com um aparador de precis\u00e3o na parte posterior para locais de dif\u00edcil acesso e para fazer o\u2026","rel":"","context":"Similar post","img":{"alt_text":"","src":"https:\/\/i0.wp.com\/mundo.seashell.pt\/wp-content\/uploads\/2022\/02\/GILLETTE_CARREGADOR_FUSION_4UN_7702018561575.png?resize=350%2C200&ssl=1","width":350,"height":200},"classes":[]},{"id":6990,"url":"https:\/\/mundo.seashell.pt\/?product=gillette-fusion-5","url_meta":{"origin":7006,"position":4},"title":"Gillette Fusion 5","date":"Fevereiro 23, 2022","format":false,"excerpt":"A m\u00e1quina de barbear Gillette Fusion5 para homem inclui 5 l\u00e2minas antifric\u00e7\u00e3o para um barbear rente e duradouro. As l\u00e2minas s\u00e3o pouco espa\u00e7adas para um conforto incr\u00edvel com um aparador de precis\u00e3o na parte posterior para locais de dif\u00edcil acesso e para fazer o styling da barba. \u00c9 a m\u00e1quina\u2026","rel":"","context":"Similar post","img":{"alt_text":"","src":"https:\/\/i0.wp.com\/mundo.seashell.pt\/wp-content\/uploads\/2022\/02\/gillette_fusion5.png?resize=350%2C200&ssl=1","width":350,"height":200},"classes":[]},{"id":7000,"url":"https:\/\/mundo.seashell.pt\/?product=gillette-proglide-3-recargas","url_meta":{"origin":7006,"position":5},"title":"Gillette Proglide 3 Recargas","date":"Fevereiro 23, 2022","format":false,"excerpt":"Com as suas l\u00e2minas espa\u00e7adas em conjunto para um conforto incr\u00edvel e um aparador de precis\u00e3o na parte posterior, pode ousar um barbear rente com as l\u00e2minas Gillette ProGlide. Uma recarga de l\u00e2minas para m\u00e1quina de barbear equivale a um m\u00eas de utiliza\u00e7\u00e3o.Descri\u00e7\u00e3o: Retira praticamente todos os pelos sem esfor\u00e7o.\u2026","rel":"","context":"Similar post","img":{"alt_text":"","src":"https:\/\/i0.wp.com\/mundo.seashell.pt\/wp-content\/uploads\/2022\/02\/gilette_proglide.jpeg?resize=350%2C200&ssl=1","width":350,"height":200},"classes":[]}],"_links":{"self":[{"href":"https:\/\/mundo.seashell.pt\/index.php?rest_route=\/wp\/v2\/product\/7006","targetHints":{"allow":["GET"]}}],"collection":[{"href":"https:\/\/mundo.seashell.pt\/index.php?rest_route=\/wp\/v2\/product"}],"about":[{"href":"https:\/\/mundo.seashell.pt\/index.php?rest_route=\/wp\/v2\/types\/product"}],"wp:featuredmedia":[{"embeddable":true,"href":"https:\/\/mundo.seashell.pt\/index.php?rest_route=\/wp\/v2\/media\/7007"}],"wp:attachment":[{"href":"https:\/\/mundo.seashell.pt\/index.php?rest_route=%2Fwp%2Fv2%2Fmedia&parent=7006"}],"wp:term":[{"taxonomy":"product_cat","embeddable":true,"href":"https:\/\/mundo.seashell.pt\/index.php?rest_route=%2Fwp%2Fv2%2Fproduct_cat&post=7006"},{"taxonomy":"product_tag","embeddable":true,"href":"https:\/\/mundo.seashell.pt\/index.php?rest_route=%2Fwp%2Fv2%2Fproduct_tag&post=7006"}],"curies":[{"name":"wp","href":"https:\/\/api.w.org\/{rel}","templated":true}]}}