{"id":7004,"date":"2022-02-23T19:03:34","date_gmt":"2022-02-23T19:03:34","guid":{"rendered":"https:\/\/mundo.seashell.pt\/?post_type=product&#038;p=7004"},"modified":"2022-02-23T19:03:34","modified_gmt":"2022-02-23T19:03:34","slug":"wilkinson-everyday-2-5-laminas","status":"publish","type":"product","link":"https:\/\/mundo.seashell.pt\/?product=wilkinson-everyday-2-5-laminas","title":{"rendered":"Wilkinson Everyday 2 &#8211; 5 L\u00e2minas"},"content":{"rendered":"<p>A forma mais simples e r\u00e1pida para conseguir um rosto liso e suave.<\/p>\n<h3>Descri\u00e7\u00e3o:<\/h3>\n<p>5 M\u00e1quinas descart\u00e1veis com cabe\u00e7al de 2 l\u00e2minas, com banda de alo\u00e9 vera, oscilante para um barbear confort\u00e1vel. Tem bot\u00e3o para limpeza das l\u00e2minas, facilitando a separa\u00e7\u00e3o destas, para soltar os pelos da barba que ficam entre l\u00e2minas.<\/p>\n<h3>Tipo de produto:<\/h3>\n<p>L\u00e2mina Descart\u00e1vel<\/p>\n<h3>Benef\u00edcios:<\/h3>\n<p>&#8211; Cabe\u00e7al de 2 l\u00e2minas;<br \/>&#8211; Banda de alo\u00e9 vera;<br \/>&#8211; Banda oscilante, para um barbear confort\u00e1vel;<br \/>&#8211; Bot\u00e3o de limpeza das l\u00e2minas.<\/p>\n<h3>Conselhos de utiliza\u00e7\u00e3o:<\/h3>\n<p>Corte na dire\u00e7\u00e3o oposta ao crescimento do pelo. Use at\u00e9 as l\u00e2minas ficarem gastas. Deite fora e substitua.<\/p>\n<p><\/p>\n","protected":false},"excerpt":{"rendered":"<p>A forma mais simples e r\u00e1pida para conseguir um rosto liso e suave.Descri\u00e7\u00e3o:<br \/>\n5 M\u00e1quinas descart\u00e1veis com cabe\u00e7al de 2 l\u00e2minas, com banda de alo\u00e9 vera, oscilante para um barbear confort\u00e1vel. Tem bot\u00e3o para limpeza das l\u00e2minas, facilitando a separa\u00e7\u00e3o destas, para soltar os pelos da barba que ficam entre l\u00e2minas.<br \/>\nTipo d&#8230;<\/p>\n","protected":false},"featured_media":7005,"template":"","meta":{"spay_email":""},"product_cat":[15],"product_tag":[],"class_list":{"0":"post-7004","1":"product","2":"type-product","3":"status-publish","4":"has-post-thumbnail","6":"product_cat-sem-categoria","8":"first","9":"instock","10":"taxable","11":"shipping-taxable","12":"purchasable","13":"product-type-simple"},"acf":[],"jetpack-related-posts":[{"id":6986,"url":"https:\/\/mundo.seashell.pt\/?product=wilkinson-classic","url_meta":{"origin":7004,"position":0},"title":"Wilkinson Classic","date":"Fevereiro 23, 2022","format":false,"excerpt":"A forma mais simples e r\u00e1pida para conseguir um rosto liso e suave.Tipo de produto: M\u00e1quina de barbear com 5 recargasBenef\u00edcios: - Banda oscilante, para um barbear confort\u00e1vel;- Bot\u00e3o de limpeza das l\u00e2minas. Conselhos de utiliza\u00e7\u00e3o: Corte na dire\u00e7\u00e3o oposta ao crescimento do pelo. Use at...","rel":"","context":"Similar post","img":{"alt_text":"","src":"https:\/\/i0.wp.com\/mundo.seashell.pt\/wp-content\/uploads\/2022\/02\/WILKINSON_MA_QUINA_CLA_SSICA_4027800015504.png?resize=350%2C200&ssl=1","width":350,"height":200},"classes":[]},{"id":7006,"url":"https:\/\/mundo.seashell.pt\/?product=gillette-venus-smooth-3un","url_meta":{"origin":7004,"position":1},"title":"Gillette Venus Smooth 3un","date":"Fevereiro 23, 2022","format":false,"excerpt":"Para uma pele suave com menos irrita\u00e7\u00f5es.Descri\u00e7\u00e3o: Desfrute de uma pele suave com menos irrita\u00e7\u00f5es, comparativamente \u00e0 Simply Venus 2, com as l\u00e2minas descart\u00e1veis Gillette Venus 3, que oferecem uma depila\u00e7\u00e3o precisa a um pre\u00e7o acess\u00edvel. Com cabe\u00e7a oscilante com tr\u00eas l\u00e2minas, as m\u00e1quinas de depila\u00e7\u00e3o tamb\u00e9m incluem uma barra\u2026","rel":"","context":"Similar post","img":{"alt_text":"","src":"https:\/\/i0.wp.com\/mundo.seashell.pt\/wp-content\/uploads\/2022\/02\/VENUS_MAQUINA_SMOOTH_7702018567829.png?resize=350%2C200&ssl=1","width":350,"height":200},"classes":[]},{"id":7010,"url":"https:\/\/mundo.seashell.pt\/?product=gillette-blue-2-for-woman-6-laminas","url_meta":{"origin":7004,"position":2},"title":"Gillette Blue 2 for Woman &#8211; 6 L\u00e2minas","date":"Fevereiro 23, 2022","format":false,"excerpt":"Tira hidratante enriquecida para maior conforto e um deslizar suave.Descri\u00e7\u00e3o: As l\u00e2minas de depila\u00e7\u00e3o descart\u00e1veis Gillette Blue II Plus incluem duas l\u00e2minas Gillette para maior conforto e um cabo Ultragrip suave para um controlo superior. Tamb\u00e9m cont\u00eam \u00f3leo de beb\u00e9 e alo\u00e9 vera para deslizarem mais suavemente. Benef\u00edc...","rel":"","context":"Similar post","img":{"alt_text":"","src":"https:\/\/i0.wp.com\/mundo.seashell.pt\/wp-content\/uploads\/2022\/02\/GILLETTE_DESCARTA_VEL_BLUE2_FW_5_1_3014260294625.png?resize=350%2C200&ssl=1","width":350,"height":200},"classes":[]},{"id":6998,"url":"https:\/\/mundo.seashell.pt\/?product=gillette-fusion-5-recargas","url_meta":{"origin":7004,"position":3},"title":"Gillette Fusion 5 Recargas","date":"Fevereiro 23, 2022","format":false,"excerpt":"Gillette Fusion 5 Recargas. As l\u00e2minas para m\u00e1quina de barbear Gillette Fusion5 para homem incluem 5 l\u00e2minas antifric\u00e7\u00e3o para um barbear rente e duradouro. As l\u00e2minas s\u00e3o pouco espa\u00e7adas para um conforto incr\u00edvel com um aparador de precis\u00e3o na parte posterior para locais de dif\u00edcil acesso e para fazer o\u2026","rel":"","context":"Similar post","img":{"alt_text":"","src":"https:\/\/i0.wp.com\/mundo.seashell.pt\/wp-content\/uploads\/2022\/02\/GILLETTE_CARREGADOR_FUSION_4UN_7702018561575.png?resize=350%2C200&ssl=1","width":350,"height":200},"classes":[]},{"id":6990,"url":"https:\/\/mundo.seashell.pt\/?product=gillette-fusion-5","url_meta":{"origin":7004,"position":4},"title":"Gillette Fusion 5","date":"Fevereiro 23, 2022","format":false,"excerpt":"A m\u00e1quina de barbear Gillette Fusion5 para homem inclui 5 l\u00e2minas antifric\u00e7\u00e3o para um barbear rente e duradouro. As l\u00e2minas s\u00e3o pouco espa\u00e7adas para um conforto incr\u00edvel com um aparador de precis\u00e3o na parte posterior para locais de dif\u00edcil acesso e para fazer o styling da barba. \u00c9 a m\u00e1quina\u2026","rel":"","context":"Similar post","img":{"alt_text":"","src":"https:\/\/i0.wp.com\/mundo.seashell.pt\/wp-content\/uploads\/2022\/02\/gillette_fusion5.png?resize=350%2C200&ssl=1","width":350,"height":200},"classes":[]},{"id":7002,"url":"https:\/\/mundo.seashell.pt\/?product=gillette-blue-6-laminas-descartaveis","url_meta":{"origin":7004,"position":5},"title":"Gillette Blue 6 L\u00e2minas Descart\u00e1veis","date":"Fevereiro 23, 2022","format":false,"excerpt":"Gillette, a op\u00e7\u00e3o ao seu alcance para um barbear impec\u00e1vel.Descri\u00e7\u00e3o: Com a m\u00e1quina de barbear descart\u00e1vel Gillette Blue II est\u00e1 na sua m\u00e3o um barbear excecional. Cont\u00e9m duas l\u00e2minas duplas finas para proporcionar um barbear confort\u00e1vel a qualquer homem. Tipo de produto: L\u00e2mina Descart\u00e1velBenef\u00edcios:","rel":"","context":"Similar post","img":{"alt_text":"","src":"https:\/\/i0.wp.com\/mundo.seashell.pt\/wp-content\/uploads\/2022\/02\/transferir__6_.jpeg?resize=350%2C200&ssl=1","width":350,"height":200},"classes":[]}],"_links":{"self":[{"href":"https:\/\/mundo.seashell.pt\/index.php?rest_route=\/wp\/v2\/product\/7004","targetHints":{"allow":["GET"]}}],"collection":[{"href":"https:\/\/mundo.seashell.pt\/index.php?rest_route=\/wp\/v2\/product"}],"about":[{"href":"https:\/\/mundo.seashell.pt\/index.php?rest_route=\/wp\/v2\/types\/product"}],"wp:featuredmedia":[{"embeddable":true,"href":"https:\/\/mundo.seashell.pt\/index.php?rest_route=\/wp\/v2\/media\/7005"}],"wp:attachment":[{"href":"https:\/\/mundo.seashell.pt\/index.php?rest_route=%2Fwp%2Fv2%2Fmedia&parent=7004"}],"wp:term":[{"taxonomy":"product_cat","embeddable":true,"href":"https:\/\/mundo.seashell.pt\/index.php?rest_route=%2Fwp%2Fv2%2Fproduct_cat&post=7004"},{"taxonomy":"product_tag","embeddable":true,"href":"https:\/\/mundo.seashell.pt\/index.php?rest_route=%2Fwp%2Fv2%2Fproduct_tag&post=7004"}],"curies":[{"name":"wp","href":"https:\/\/api.w.org\/{rel}","templated":true}]}}