{"id":6912,"date":"2022-02-23T19:00:23","date_gmt":"2022-02-23T19:00:23","guid":{"rendered":"https:\/\/mundo.seashell.pt\/?post_type=product&#038;p=6912"},"modified":"2022-02-23T19:00:25","modified_gmt":"2022-02-23T19:00:25","slug":"colgate-max-white-75ml","status":"publish","type":"product","link":"https:\/\/mundo.seashell.pt\/?product=colgate-max-white-75ml","title":{"rendered":"Colgate Max White 75ml"},"content":{"rendered":"<p>Liberta uma explos\u00e3o de poder branqueador para revitalizar a brancura natural dos seus dentes. O resultado \u00e9 um sorriso \u201cMax White\u201d.<\/p>\n<h3>Tipo de produto:<\/h3>\n<p>Pasta de Dentes Branqueamento<\/p>\n<h3>Benef\u00edcios:<\/h3>\n<p>&#8211; Restaura a brancura natural dos dentes;<br \/>&#8211; H\u00e1lito fresco;<br \/>&#8211; Previne as c\u00e1ries.<\/p>\n<h3>Conselhos de utiliza\u00e7\u00e3o:<\/h3>\n<p>Escove cuidadosamente, pelo menos duas vezes por dia, ou de acordo com as indica\u00e7\u00f5es de um profissional de sa\u00fade oral.<\/p>\n<p><\/p>\n","protected":false},"excerpt":{"rendered":"<p>Liberta uma explos\u00e3o de poder branqueador para revitalizar a brancura natural dos seus dentes. O resultado \u00e9 um sorriso \u201cMax White\u201d.<br \/>\nTipo de produto:<br \/>\nPasta de Dentes Branqueamento<br \/>\nBenef\u00edcios:<br \/>\n&#8211; Restaura a brancura natural dos dentes;- H\u00e1lito fresco;- Previne as c\u00e1ries.<br \/>\nConselhos de utiliza\u00e7\u00e3o:<\/p>\n","protected":false},"featured_media":6913,"template":"","meta":{"spay_email":""},"product_cat":[15],"product_tag":[],"class_list":{"0":"post-6912","1":"product","2":"type-product","3":"status-publish","4":"has-post-thumbnail","6":"product_cat-sem-categoria","8":"first","9":"instock","10":"taxable","11":"shipping-taxable","12":"purchasable","13":"product-type-simple"},"acf":[],"jetpack-related-posts":[{"id":6902,"url":"https:\/\/mundo.seashell.pt\/?product=oral-b-3d-white-brancura-revitalizante-75ml","url_meta":{"origin":6912,"position":0},"title":"Oral B 3D White Brancura Revitalizante 75ml","date":"Fevereiro 23, 2022","format":false,"excerpt":"Oral-B, a marca n.\u00ba 1 recomendada por m\u00e9dicos dentistas em todo o mundo.Tipo de produto: Pasta de Dentes Oral B White Brancura RevitalizanteBenef\u00edcios: - Limpa em zonas de dif\u00edcil acesso;- Frescura duradoura;- Previne o t\u00e1rtaro;- Previne as c\u00e1ries;- Sabor a hortel\u00e3. Conselhos de util...","rel":"","context":"Similar post","img":{"alt_text":"","src":"https:\/\/i0.wp.com\/mundo.seashell.pt\/wp-content\/uploads\/2022\/02\/ORAL-B_3DW_BRANCURA_REVITALIZANTE_75ML__8001090673848.png?resize=350%2C200&ssl=1","width":350,"height":200},"classes":[]},{"id":6918,"url":"https:\/\/mundo.seashell.pt\/?product=colgate-max-white-one-carvao-75ml","url_meta":{"origin":6912,"position":1},"title":"Colgate Max White One Carv\u00e3o 75ml","date":"Fevereiro 23, 2022","format":false,"excerpt":"Com carv\u00e3o ativado e micropart\u00edculas minerais para um branqueamento mineral suave!Descri\u00e7\u00e3o: Tenha um sorriso branco com a pasta de dentes Colgate Max White Carv\u00e3o. A sua f\u00f3rmula clinicamente comprovada com carv\u00e3o ativado e micropart\u00edculas minerais que removem suavemente at\u00e9 100% das manchas superficiais e restabelecem a b...","rel":"","context":"Similar post","img":{"alt_text":"","src":"https:\/\/i0.wp.com\/mundo.seashell.pt\/wp-content\/uploads\/2022\/02\/Colgate_Max_White_ONE_CARVA_O_75ml_8718951249950.png?resize=350%2C200&ssl=1","width":350,"height":200},"classes":[]},{"id":6894,"url":"https:\/\/mundo.seashell.pt\/?product=colgate-escova-premier-white-1un","url_meta":{"origin":6912,"position":2},"title":"Colgate Escova Premier White 1un","date":"Fevereiro 23, 2022","format":false,"excerpt":"Escova de Dentes ManualBenef\u00edcios: - Limpa os dentes: Filamentos com extremidade de limpeza desenhados para alcan\u00e7ar e limpar eficazmente os dentes de tr\u00e1s;- Remove as manchas superficiais: Os filamentos circulares ajudam a remover as manchas e a revelar a brancura natural dos dentes.- Refresca o h\u00e1lito: com Limpa l\u00edng...","rel":"","context":"Similar post","img":{"alt_text":"","src":"https:\/\/i0.wp.com\/mundo.seashell.pt\/wp-content\/uploads\/2022\/02\/Colgate_Escova_PREMIER_WHITE_8714789733487.png?resize=350%2C200&ssl=1","width":350,"height":200},"classes":[]},{"id":6906,"url":"https:\/\/mundo.seashell.pt\/?product=oral-b-complete-75ml","url_meta":{"origin":6912,"position":3},"title":"Oral B Complete 75ml","date":"Fevereiro 23, 2022","format":false,"excerpt":"A pasta dent\u00edfrica Oral-B Complete Limpeza Refrescante com elixir oral limpa mesmo em zonas dif\u00edceis de alcan\u00e7ar e proporciona uma sensa\u00e7\u00e3o duradoura de h\u00e1lito fresco. A espuma ativa limpa mesmo em \u00e1reas dif\u00edceis de alcan\u00e7ar e o agente antibacteriano ajuda a combater a placa para uma boca limpa e fresca.\u2026","rel":"","context":"Similar post","img":{"alt_text":"","src":"https:\/\/i0.wp.com\/mundo.seashell.pt\/wp-content\/uploads\/2022\/02\/ORAL-B_COMPLETE_ELIXIR_LIMPEZA_REFRESCANTE_75ML_5410076960651.png?resize=350%2C200&ssl=1","width":350,"height":200},"classes":[]},{"id":6916,"url":"https:\/\/mundo.seashell.pt\/?product=colgate-max-white-one-75ml","url_meta":{"origin":6912,"position":4},"title":"Colgate Max White One 75ml","date":"Fevereiro 23, 2022","format":false,"excerpt":"Consegue um tom de dentes mais branco em apenas uma semana! A sua f\u00f3rmula \u00fanica com aceleradores de branqueamento elimina suavemente as manchas e previne o aparecimento de t\u00e1rtaro. Tipo de produto: Pasta de Dentes BranqueamentoBenef\u00edcios: - Clinicamente comprovado para eliminar at\u00e9 100% das manchas s...","rel":"","context":"Similar post","img":{"alt_text":"","src":"https:\/\/i0.wp.com\/mundo.seashell.pt\/wp-content\/uploads\/2022\/02\/Colgate_Max_White_ONE_75ml_8714789574820.png?resize=350%2C200&ssl=1","width":350,"height":200},"classes":[]},{"id":6908,"url":"https:\/\/mundo.seashell.pt\/?product=colgate-anti-caries-75ml","url_meta":{"origin":6912,"position":5},"title":"Colgate Anti-C\u00e1ries 75ml","date":"Fevereiro 23, 2022","format":false,"excerpt":"Combate as c\u00e1ries na superf\u00edcie dos dentes e nas ra\u00edzes expostas.Descri\u00e7\u00e3o: Colgate Protection Caries \u00e9 uma pasta de dentes clinicamente comprovada com fl\u00faor que combate as c\u00e1ries na superf\u00edcie dos dentes e nas ra\u00edzes expostas. A f\u00f3rmula de c\u00e1lcio l\u00edquido fortalece os dentes e repara os pontos fracos do esmalte\u2026","rel":"","context":"Similar post","img":{"alt_text":"","src":"https:\/\/i0.wp.com\/mundo.seashell.pt\/wp-content\/uploads\/2022\/02\/ColgateAnti-Ca_ries_75_ml_8410372152306.png?resize=350%2C200&ssl=1","width":350,"height":200},"classes":[]}],"_links":{"self":[{"href":"https:\/\/mundo.seashell.pt\/index.php?rest_route=\/wp\/v2\/product\/6912","targetHints":{"allow":["GET"]}}],"collection":[{"href":"https:\/\/mundo.seashell.pt\/index.php?rest_route=\/wp\/v2\/product"}],"about":[{"href":"https:\/\/mundo.seashell.pt\/index.php?rest_route=\/wp\/v2\/types\/product"}],"wp:featuredmedia":[{"embeddable":true,"href":"https:\/\/mundo.seashell.pt\/index.php?rest_route=\/wp\/v2\/media\/6913"}],"wp:attachment":[{"href":"https:\/\/mundo.seashell.pt\/index.php?rest_route=%2Fwp%2Fv2%2Fmedia&parent=6912"}],"wp:term":[{"taxonomy":"product_cat","embeddable":true,"href":"https:\/\/mundo.seashell.pt\/index.php?rest_route=%2Fwp%2Fv2%2Fproduct_cat&post=6912"},{"taxonomy":"product_tag","embeddable":true,"href":"https:\/\/mundo.seashell.pt\/index.php?rest_route=%2Fwp%2Fv2%2Fproduct_tag&post=6912"}],"curies":[{"name":"wp","href":"https:\/\/api.w.org\/{rel}","templated":true}]}}