{"id":6874,"date":"2022-02-23T18:59:15","date_gmt":"2022-02-23T18:59:15","guid":{"rendered":"https:\/\/mundo.seashell.pt\/?post_type=product&#038;p=6874"},"modified":"2022-02-23T18:59:17","modified_gmt":"2022-02-23T18:59:17","slug":"vaseline-desodorizante-feminino-roll-on-50ml","status":"publish","type":"product","link":"https:\/\/mundo.seashell.pt\/?product=vaseline-desodorizante-feminino-roll-on-50ml","title":{"rendered":"Vaseline Desodorizante Feminino Roll-On 50ml"},"content":{"rendered":"<p>Desodorizante hidratante 48h de prote\u00e7\u00e3o.<\/p>\n<h3>Descri\u00e7\u00e3o:<\/h3>\n<p>O desodorizante Derma Care de Vaseline oferece-lhe 48 horas de prote\u00e7\u00e3o contra suor e maus odores com a tecnologia ProDerma&#x2122;. Do mesmo modo, deixa a pele delicadas das suas axilas suave e saud\u00e1vel.<\/p>\n<h3>Tipo de produto:<\/h3>\n<p>Desodorizante Creme<\/p>\n<h3>Benef\u00edcios:<\/h3>\n<p>&#8211; O desodorizante creme Derma Care de Vaseline\u00ae mant\u00e9m a pele das suas axilas saud\u00e1vel.<br \/>&#8211; \u00c9 um anti-transpirante, fornecendo ainda 48h de prote\u00e7\u00e3o contra maus odores.<br \/>&#8211; Frag\u00e2ncia leve e perfumada.<br \/>&#8211; F\u00f3rmula sem \u00e1lcool, adequada para peles sens\u00edveis.<\/p>\n<h3>Conselhos de utiliza\u00e7\u00e3o:<\/h3>\n<h3>Levante um bra\u00e7o e aplique o desodorizante creme com movimentos circulares de pouca press\u00e3o at\u00e9 criar uma camada fina de produto sobre a sua axila. Repita o processo na outra axila.<\/h3>\n<p><\/p>\n<p><\/p>\n<ul><\/ul>\n","protected":false},"excerpt":{"rendered":"<p>Desodorizante hidratante 48h de prote\u00e7\u00e3o.<\/p>\n<h3>Descri\u00e7\u00e3o:<\/h3>\n<p>O desodorizante Derma Care de Vaseline oferece-lhe 48 horas de prote\u00e7\u00e3o contra suor e maus odores com a tecnologia ProDerma&#x2122;. Do mesmo modo, deixa a pele delicadas das suas axilas suave e saud\u00e1vel.<\/p>\n<h3>Tipo de produto:<\/h3>\n<p>Desodorizante Creme<\/p>\n<h3>Benef\u00edcios:<\/h3>\n<p><...\n<\/p>\n","protected":false},"featured_media":6875,"template":"","meta":{"spay_email":""},"product_cat":[15],"product_tag":[],"class_list":{"0":"post-6874","1":"product","2":"type-product","3":"status-publish","4":"has-post-thumbnail","6":"product_cat-sem-categoria","8":"first","9":"instock","10":"taxable","11":"shipping-taxable","12":"purchasable","13":"product-type-simple"},"acf":[],"jetpack-related-posts":[{"id":6872,"url":"https:\/\/mundo.seashell.pt\/?product=vaseline-desodorizante-feminino-50gr","url_meta":{"origin":6874,"position":0},"title":"Vaseline Desodorizante Feminino 50Gr","date":"Fevereiro 23, 2022","format":false,"excerpt":"Desodorizante hidratante 48h de prote\u00e7\u00e3o.Descri\u00e7\u00e3o: O desodorizante Vaseline oferece-lhe 48 horas de prote\u00e7\u00e3o contra suor e maus odores com a tecnologia ProDerma\u2122. Do mesmo modo, deixa a pele delicadas das suas axilas suave e saud\u00e1vel. Tipo de produto: Desodorizante Roll-OnBenef\u00edcios: - O de...","rel":"","context":"Similar post","img":{"alt_text":"","src":"https:\/\/i0.wp.com\/mundo.seashell.pt\/wp-content\/uploads\/2022\/02\/Vaseline___Derma_Care_Roll_On___50g__.png?resize=350%2C200&ssl=1","width":350,"height":200},"classes":[]},{"id":6876,"url":"https:\/\/mundo.seashell.pt\/?product=sanex-desodorizante-feminino-roll-on-50ml","url_meta":{"origin":6874,"position":1},"title":"Sanex Desodorizante Feminino Roll-On 50ml","date":"Fevereiro 23, 2022","format":false,"excerpt":"Obtenha o m\u00e1ximo de confian\u00e7a na prote\u00e7\u00e3o duradoura contra odores e transpira\u00e7\u00e3o.Descri\u00e7\u00e3o: Procura uma prote\u00e7\u00e3o realmente duradoura? Descubra o desodorizante Sanex Dermo Extra Control Anti-Transpirante em Roll On. Formulado com microtalco, protege contra os odores e suor durante 48h enquanto mant\u00e9m o equil\u00edbrio do pH da p...","rel":"","context":"Similar post","img":{"alt_text":"","src":"https:\/\/i0.wp.com\/mundo.seashell.pt\/wp-content\/uploads\/2022\/02\/SANEX_Deo_Roll_On_Dermo_Extra_Control_50ml_8714789968551.png?resize=350%2C200&ssl=1","width":350,"height":200},"classes":[]},{"id":6852,"url":"https:\/\/mundo.seashell.pt\/?product=dove-men-care-desodorizante-masculino-50ml","url_meta":{"origin":6874,"position":2},"title":"Dove Men Care Desodorizante Masculino 50ml","date":"Fevereiro 23, 2022","format":false,"excerpt":"Com Dove Men+Care Roll-On antitranspirante, ter\u00e1 o conforto e prote\u00e7\u00e3o total contra o suor durante todo o dia.Descri\u00e7\u00e3o: Desenvolvido para proteger a pele contra o suor, sem irritar a pele. Dove Men+Care Roll-On antitranspirantecombate os odores indesejados e a transpira\u00e7\u00e3o enquanto que a sua tecnologia exclusiva com \u00bc de ...","rel":"","context":"Similar post","img":{"alt_text":"","src":"https:\/\/i0.wp.com\/mundo.seashell.pt\/wp-content\/uploads\/2022\/02\/Dove_Roll-On_Clean_Comfort__50ml__.png?resize=350%2C200&ssl=1","width":350,"height":200},"classes":[]},{"id":6878,"url":"https:\/\/mundo.seashell.pt\/?product=dove-desodorizante-feminino-roll-on-50ml","url_meta":{"origin":6874,"position":3},"title":"Dove Desodorizante Feminino Roll-On 50ml","date":"Fevereiro 23, 2022","format":false,"excerpt":"Explore as cole\u00e7\u00f5es Dove e encontre os produtos ideais para si!Descri\u00e7\u00e3o: Todas n\u00f3s desejamos o melhor dos dois mundos: Dove antitranspirante une a fragr\u00e2ncia e a suavidade para proteger contra a transpira\u00e7\u00e3o e odores indesejados.\u00a0 Tipo de produto: Desodorizante Roll-OnBenef\u00edcios: - At\u00e9...","rel":"","context":"Similar post","img":{"alt_text":"","src":"https:\/\/i0.wp.com\/mundo.seashell.pt\/wp-content\/uploads\/2022\/02\/Dove_Roll-On___Original__.png?resize=350%2C200&ssl=1","width":350,"height":200},"classes":[]},{"id":6842,"url":"https:\/\/mundo.seashell.pt\/?product=dove-desodorizante-masculino-150ml","url_meta":{"origin":6874,"position":4},"title":"Dove Desodorizante Masculino 150ml","date":"Fevereiro 23, 2022","format":false,"excerpt":"Da pr\u00f3xima vez que estiver a correr para o escrit\u00f3rio ou a jogar futebol com as crian\u00e7as, o seu suor estar\u00e1 sob controlo. Escolha Dove Men+Care Aerossol antitranspirante Clean Comfort para ter um antitranspirante poderoso que o mant\u00e9m seco e livre da irrita\u00e7\u00e3o.Descri\u00e7\u00e3o: Trabalho, fam\u00edlia, viagens. A vida \u00e9 uma\u2026","rel":"","context":"Similar post","img":{"alt_text":"","src":"https:\/\/i0.wp.com\/mundo.seashell.pt\/wp-content\/uploads\/2022\/02\/DOVE_MEN_AERO_CLEAN_COMFORT_150ML_8712561254595.png?resize=350%2C200&ssl=1","width":350,"height":200},"classes":[]},{"id":6840,"url":"https:\/\/mundo.seashell.pt\/?product=denim-desodorizante-masculino-150ml","url_meta":{"origin":6874,"position":5},"title":"Denim Desodorizante Masculino 150ml","date":"Fevereiro 23, 2022","format":false,"excerpt":"O desodorizante Denim Spray \u00e9 ideal para proteger e proporcionar um toque fresco \u00e0 pele. A melhor maneira de reduzir o odor e obter uma prote\u00e7\u00e3o 24 horas.Tipo de produto: Desodorizante SprayConselhos de utiliza\u00e7\u00e3o: Aplique na pele limpa e seca de axilas. Levante um bra\u00e7o e aplique com movimentos circular...","rel":"","context":"Similar post","img":{"alt_text":"","src":"https:\/\/i0.wp.com\/mundo.seashell.pt\/wp-content\/uploads\/2022\/02\/DENIM_Deo_Spray_Original_150_ml__8008970004402.png?resize=350%2C200&ssl=1","width":350,"height":200},"classes":[]}],"_links":{"self":[{"href":"https:\/\/mundo.seashell.pt\/index.php?rest_route=\/wp\/v2\/product\/6874","targetHints":{"allow":["GET"]}}],"collection":[{"href":"https:\/\/mundo.seashell.pt\/index.php?rest_route=\/wp\/v2\/product"}],"about":[{"href":"https:\/\/mundo.seashell.pt\/index.php?rest_route=\/wp\/v2\/types\/product"}],"wp:featuredmedia":[{"embeddable":true,"href":"https:\/\/mundo.seashell.pt\/index.php?rest_route=\/wp\/v2\/media\/6875"}],"wp:attachment":[{"href":"https:\/\/mundo.seashell.pt\/index.php?rest_route=%2Fwp%2Fv2%2Fmedia&parent=6874"}],"wp:term":[{"taxonomy":"product_cat","embeddable":true,"href":"https:\/\/mundo.seashell.pt\/index.php?rest_route=%2Fwp%2Fv2%2Fproduct_cat&post=6874"},{"taxonomy":"product_tag","embeddable":true,"href":"https:\/\/mundo.seashell.pt\/index.php?rest_route=%2Fwp%2Fv2%2Fproduct_tag&post=6874"}],"curies":[{"name":"wp","href":"https:\/\/api.w.org\/{rel}","templated":true}]}}