{"id":6788,"date":"2022-02-23T18:55:34","date_gmt":"2022-02-23T18:55:34","guid":{"rendered":"https:\/\/mundo.seashell.pt\/?post_type=product&#038;p=6788"},"modified":"2022-02-23T18:55:36","modified_gmt":"2022-02-23T18:55:36","slug":"gel-de-banho-masculino-axe-04l","status":"publish","type":"product","link":"https:\/\/mundo.seashell.pt\/?product=gel-de-banho-masculino-axe-04l","title":{"rendered":"Gel de Banho Masculino Axe 400ml"},"content":{"rendered":"<p>Mantenha-se fresco com o gel de banho masculino AXE. Uma fragr\u00e2ncia cl\u00e1ssica refrescante com frutas verdes e s\u00e1lvia fresca. Este frescor confere-lhe uma personalidade inconfund\u00edvel. Come\u00e7e o dia com uma frag\u00e2ncia de outro mundo, e vais-se sentir no centro do universo.<\/p>\n<p>Uma fragr\u00e2ncia classicamente masculina com um toque envolvente. As notas frescas dos frutos verdes e da salva fresca criam este aroma refrescante. Encha a palma da m\u00e3o e fa\u00e7a uma espuma cremosa. Enxague bem e termine com a sua fragr\u00e2ncia preferida da Axe.<\/p>\n<h3>Benef\u00edcios:<\/h3>\n<p>&#8211; Uma mistura ic\u00f3nica de s\u00e1lvia fresca &#038; cedro com protec\u00e7\u00e3o duradoura contra o mau odor;<br \/>&#8211; Lava o mau odor e suaviza a pele;<br \/>&#8211; A fragr\u00e2ncia irresist\u00edvel d\u00e1-lhe uma confian\u00e7a imbat\u00edvel;<br \/>&#8211; Gel de banho de uso di\u00e1rio.<\/p>\n<h3>Conselhos de utiliza\u00e7\u00e3o:<\/h3>\n<p>Para uma pele limpa e macia, aplique um pouco deste gel de duche na palma da sua m\u00e3o e massaje por todo o corpo com movimentos circulares. No final, basta enxaguar.<\/p>\n<p><\/p>\n","protected":false},"excerpt":{"rendered":"<p>Mantenha-se fresco com o gel de banho masculino AXE. Uma fragr\u00e2ncia cl\u00e1ssica refrescante com frutas verdes e s\u00e1lvia fresca. Este frescor confere-lhe uma personalidade inconfund\u00edvel. Come\u00e7e o dia com uma frag\u00e2ncia de outro mundo, e vais-se sentir no centro do universo.<br \/>\nUma fragr\u00e2ncia classicamente masculina com um toque envolvente. As n&#8230;<\/p>\n","protected":false},"featured_media":6789,"template":"","meta":{"spay_email":""},"product_cat":[15],"product_tag":[],"class_list":{"0":"post-6788","1":"product","2":"type-product","3":"status-publish","4":"has-post-thumbnail","6":"product_cat-sem-categoria","8":"first","9":"instock","10":"taxable","11":"shipping-taxable","12":"purchasable","13":"product-type-simple"},"acf":[],"jetpack-related-posts":[{"id":6790,"url":"https:\/\/mundo.seashell.pt\/?product=dove-gel-de-banho-masculino","url_meta":{"origin":6788,"position":0},"title":"Dove Gel de Banho Masculino","date":"Fevereiro 23, 2022","format":false,"excerpt":"O Gel de Duche Dove Men+Care tem \u00bc de creme hidratante para limpar cuidadosamente a sua pele e ajudar a mante-la hidratada. Esta f\u00f3rmula eficaz \u00e9 f\u00e1cil de enxaguar e d\u00e1 um total conforto e frescura \u00e0 sua pele.Este Gel de Duche usa a tecnologia MicroMoisture que ajuda a manter\u2026","rel":"","context":"Similar post","img":{"alt_text":"","src":"https:\/\/i0.wp.com\/mundo.seashell.pt\/wp-content\/uploads\/2022\/02\/DOVE_MEN_GEL_BANHO_CLEAN_COMFORT_400ML.png?resize=350%2C200&ssl=1","width":350,"height":200},"classes":[]},{"id":7012,"url":"https:\/\/mundo.seashell.pt\/?product=gillette-after-shave-100ml","url_meta":{"origin":6788,"position":1},"title":"Gillette After Shave 100ml","date":"Fevereiro 23, 2022","format":false,"excerpt":"Acalma a pele barbeada sem a sensa\u00e7\u00e3o de ardor.Descri\u00e7\u00e3o: Gillette Aftershave Splash Artic Ice foi concebido especificamente para o cuidado da pele masculina. Complete o seu barbear com um aftershave fresco que refresca a pele recentemente barbeada. Ingredientes: Alcohol Denat., Aqua, Parfum, PEG-60 Hydroge...","rel":"","context":"Similar post","img":{"alt_text":"","src":"https:\/\/i0.wp.com\/mundo.seashell.pt\/wp-content\/uploads\/2022\/02\/GILLETTE_AFTER_SH_SPLASH_ARTIC_ICE_100ML_3014260258313.png?resize=350%2C200&ssl=1","width":350,"height":200},"classes":[]},{"id":5368,"url":"https:\/\/mundo.seashell.pt\/?product=pom-essence-500ml","url_meta":{"origin":6788,"position":2},"title":"Ess\u00eancia Desodorizante Pom Essence","date":"Fevereiro 23, 2022","format":false,"excerpt":"Descri\u00e7\u00e3o Gra\u00e7as \u00e0 sua fragr\u00e2ncia \"long lasting\" e \u00e0 sua alta concentra\u00e7\u00e3o, deixa no ambiente um perfume persistente que elimina odores desagrad\u00e1veis. Perfumes intensos e aveludados com notas florais frescas, tipicamente primaveris como espinheiro-branco, l\u00edrio do vale e variedade rosa ligeiramente frutada. Um ramo de flores harmonio...","rel":"","context":"Similar post","img":{"alt_text":"","src":"https:\/\/i0.wp.com\/mundo.seashell.pt\/wp-content\/uploads\/2022\/02\/PhotoRoom_20210325_131037.jpg?resize=350%2C200&ssl=1","width":350,"height":200},"classes":[]},{"id":5372,"url":"https:\/\/mundo.seashell.pt\/?product=pom-nature-350ml","url_meta":{"origin":6788,"position":3},"title":"Desodorizante de Ambiente Pom Nature 350ml","date":"Fevereiro 23, 2022","format":false,"excerpt":"Desodorizante em trigger \u00e0 base de \u00e1gua com fragr\u00e2ncia \"long lasting\" que deixa no ambiente uma fragr\u00e2ncia persistente que elimina odores desagrad\u00e1veis.","rel":"","context":"Similar post","img":{"alt_text":"","src":"https:\/\/i0.wp.com\/mundo.seashell.pt\/wp-content\/uploads\/2022\/02\/Pom_nature.jpg?resize=350%2C200&ssl=1","width":350,"height":200},"classes":[]},{"id":5374,"url":"https:\/\/mundo.seashell.pt\/?product=pom-air-300ml","url_meta":{"origin":6788,"position":4},"title":"Desodorizante em Aerossol Pom Air 300ml","date":"Fevereiro 23, 2022","format":false,"excerpt":"Deixa no ambiente uma fragr\u00e2ncia persistente que elimina odores desagrad\u00e1veis.","rel":"","context":"Similar post","img":{"alt_text":"","src":"https:\/\/i0.wp.com\/mundo.seashell.pt\/wp-content\/uploads\/2022\/02\/Pom_air.jpg?resize=350%2C200&ssl=1","width":350,"height":200},"classes":[]},{"id":7022,"url":"https:\/\/mundo.seashell.pt\/?product=ambipur-absorve-odores-45-dias","url_meta":{"origin":6788,"position":5},"title":"Ambipur Absorve Odores 45 dias","date":"Fevereiro 23, 2022","format":false,"excerpt":"O primeiro ambientador n\u00e3o el\u00e9trico cont\u00ednuo, para a casa de banho, n\u00e3o s\u00f3 elimina os odores do ar como tamb\u00e9m evita que permane\u00e7am em superf\u00edcies macias, como toalhas, tapetes e cortinas de duche. Febreze Para Casa de Banho utiliza a sua tecnologia exclusiva Odour ClearTM, proporcionando uma frescura cont\u00ednua at\u00e9\u2026","rel":"","context":"Similar post","img":{"alt_text":"","src":"https:\/\/i0.wp.com\/mundo.seashell.pt\/wp-content\/uploads\/2022\/02\/AMBIPUR_CASA_BANHO_ALGODA_O_FRESCO_1UN_8006540194140.jpeg?resize=350%2C200&ssl=1","width":350,"height":200},"classes":[]}],"_links":{"self":[{"href":"https:\/\/mundo.seashell.pt\/index.php?rest_route=\/wp\/v2\/product\/6788","targetHints":{"allow":["GET"]}}],"collection":[{"href":"https:\/\/mundo.seashell.pt\/index.php?rest_route=\/wp\/v2\/product"}],"about":[{"href":"https:\/\/mundo.seashell.pt\/index.php?rest_route=\/wp\/v2\/types\/product"}],"wp:featuredmedia":[{"embeddable":true,"href":"https:\/\/mundo.seashell.pt\/index.php?rest_route=\/wp\/v2\/media\/6789"}],"wp:attachment":[{"href":"https:\/\/mundo.seashell.pt\/index.php?rest_route=%2Fwp%2Fv2%2Fmedia&parent=6788"}],"wp:term":[{"taxonomy":"product_cat","embeddable":true,"href":"https:\/\/mundo.seashell.pt\/index.php?rest_route=%2Fwp%2Fv2%2Fproduct_cat&post=6788"},{"taxonomy":"product_tag","embeddable":true,"href":"https:\/\/mundo.seashell.pt\/index.php?rest_route=%2Fwp%2Fv2%2Fproduct_tag&post=6788"}],"curies":[{"name":"wp","href":"https:\/\/api.w.org\/{rel}","templated":true}]}}