{"id":6780,"date":"2022-02-23T18:55:23","date_gmt":"2022-02-23T18:55:23","guid":{"rendered":"https:\/\/mundo.seashell.pt\/?post_type=product&#038;p=6780"},"modified":"2022-02-23T18:55:25","modified_gmt":"2022-02-23T18:55:25","slug":"nivea-creme-soft-gel-de-banho-065l","status":"publish","type":"product","link":"https:\/\/mundo.seashell.pt\/?product=nivea-creme-soft-gel-de-banho-065l","title":{"rendered":"Nivea Creme Soft Gel de Banho 650ml"},"content":{"rendered":"<p>Experimente e avalie a qualidade dos produtos Nivea. Desde 1911 a cuidar de si!<\/p>\n<h3>Descri\u00e7\u00e3o:<\/h3>\n<p>Nivea Creme de Banho Creme Soft, o seu creme de bango com um delicado aroma que lhe proporciona uma experi\u00eancia hidratante \u00fanica. Enriquecido com o precioso \u00d3leo de Am\u00eandoa, oferece-lhe uma suave e cremosa espuma que pele, deixando-a sedosa e macia. Bom para a sua pele e para o planeta: Em equil\u00edbrio com o pH da pele, toler\u00e2ncia na pele dermatologicamente comprovada, embalagem recicl\u00e1vel e f\u00f3rmula biodegrad\u00e1vel. Transforme o seu banho di\u00e1rio num momento \u00fanico de prazer e cuidado.<\/p>\n<h3>Benef\u00edcios:<\/h3>\n<p>&#8211; Em equil\u00edbrio com o pH da pele;<br \/>&#8211; Toler\u00e2ncia na pele dermatologicamente comprovada;<br \/>&#8211; F\u00f3rmula biodegrad\u00e1vel;<br \/>&#8211; Com \u00d3leo de Am\u00eandoa, sem corantes.<\/p>\n<p><\/p>\n<p><\/p>\n<ul><\/ul>\n","protected":false},"excerpt":{"rendered":"<p>Experimente e avalie a qualidade dos produtos Nivea. Desde 1911 a cuidar de si!Descri\u00e7\u00e3o:<br \/>\nNivea Creme de Banho Creme Soft, o seu creme de bango com um delicado aroma que lhe proporciona uma experi\u00eancia hidratante \u00fanica. Enriquecido com o precioso \u00d3leo de Am\u00eandoa, oferece-lhe uma suave e cremosa espuma que pele, deixando-a sedo&#8230;<\/p>\n","protected":false},"featured_media":6781,"template":"","meta":{"spay_email":""},"product_cat":[15],"product_tag":[],"class_list":{"0":"post-6780","1":"product","2":"type-product","3":"status-publish","4":"has-post-thumbnail","6":"product_cat-sem-categoria","8":"first","9":"instock","10":"taxable","11":"shipping-taxable","12":"purchasable","13":"product-type-simple"},"acf":[],"jetpack-related-posts":[{"id":6778,"url":"https:\/\/mundo.seashell.pt\/?product=nivea-gel-de-banho-075l","url_meta":{"origin":6780,"position":0},"title":"Nivea Gel de Banho 750ml","date":"Fevereiro 23, 2022","format":false,"excerpt":"Experimente e avalie a qualidade dos produtos Nivea. Desde 1911 a cuidar de si! Aqua Sodium Laureth Sulfate Cocamidopropyl Betaine Glycerin Sodium Chloride Decyl Glucoside Parfum Lanolin Alcohol (Eucerit\u00ae) Panthenol Octyldodecanol Glyceryl Glucoside PEG40 Hydrogenated Castor Oil Citric Acid Styrene\/Acrylates Copolymer P EG200 Hydro...","rel":"","context":"Similar post","img":{"alt_text":"","src":"https:\/\/i0.wp.com\/mundo.seashell.pt\/wp-content\/uploads\/2022\/02\/5292030-frente.jpeg?resize=350%2C200&ssl=1","width":350,"height":200},"classes":[]},{"id":6824,"url":"https:\/\/mundo.seashell.pt\/?product=nivea-creme-soft","url_meta":{"origin":6780,"position":1},"title":"Nivea Creme Soft 100gr","date":"Fevereiro 23, 2022","format":false,"excerpt":"Experimente e avalie a qualidade dos produtos Nivea. Desde 1911 a cuidar de si!Descri\u00e7\u00e3o: Descubra a sensa\u00e7\u00e3o de pele suave: com o cuidado do \u00f3leo de am\u00eandoa e um aroma suave que limpa cuidadosamente as suas m\u00e3os, protegendo-as da desidrata\u00e7\u00e3o. Tipo de produto: Sabonete S\u00f3lido Sabia Que: A Nivea tem\u2026","rel":"","context":"Similar post","img":{"alt_text":"","src":"https:\/\/i0.wp.com\/mundo.seashell.pt\/wp-content\/uploads\/2022\/02\/NIVEA_So_lido_Creme_Soft_3pack_3x100_gr_4005808133017.png?resize=350%2C200&ssl=1","width":350,"height":200},"classes":[]},{"id":6814,"url":"https:\/\/mundo.seashell.pt\/?product=nivea-creme-medio-hidratante-75ml","url_meta":{"origin":6780,"position":2},"title":"Nivea Creme M\u00e9dio Hidratante 75ml","date":"Fevereiro 23, 2022","format":false,"excerpt":"Garanta a prote\u00e7\u00e3o e hidrata\u00e7\u00e3o da sua pele com Nivea! Nivea Creme \u00e9 o hidratante original para toda a fam\u00edlia. Este produto ic\u00f3nico \u00e9 enriquecido com Eucerit\u00ae, que fornece \u00e0 pele todo o cuidado de prote\u00e7\u00e3o de que necessita para ficar macia e suave. Ideal para o uso di\u00e1rio, sempre\u2026","rel":"","context":"Similar post","img":{"alt_text":"","src":"https:\/\/i0.wp.com\/mundo.seashell.pt\/wp-content\/uploads\/2022\/02\/2053681-frente-online.jpeg?resize=350%2C200&ssl=1","width":350,"height":200},"classes":[]},{"id":6816,"url":"https:\/\/mundo.seashell.pt\/?product=nivea-soft-creme-hidratante-02l","url_meta":{"origin":6780,"position":3},"title":"Nivea Soft Creme Hidratante 200ml","date":"Fevereiro 23, 2022","format":false,"excerpt":"Desfrute da sensa\u00e7\u00e3o revigorante que deixa a pele macia e suave.Descri\u00e7\u00e3o: Um creme hidratante altamente eficaz, para uso di\u00e1rio. De f\u00e1cil aplica\u00e7\u00e3o, podendo ser usado no rosto, corpo e m\u00e3os. A f\u00f3rmula leve com vtamina E e \u00f3leo de jojoba \u00e9 rapidamente absorvida e refresca a pele. Tipo de produto:\u2026","rel":"","context":"Similar post","img":{"alt_text":"","src":"https:\/\/i0.wp.com\/mundo.seashell.pt\/wp-content\/uploads\/2022\/02\/89050-07400-41_NIVEA_Soft_4005808515615.png?resize=350%2C200&ssl=1","width":350,"height":200},"classes":[]},{"id":6856,"url":"https:\/\/mundo.seashell.pt\/?product=nivea-men-desodorizante-50ml","url_meta":{"origin":6780,"position":4},"title":"Nivea Men Desodorizante 50ml","date":"Fevereiro 23, 2022","format":false,"excerpt":"Experimente e avalie a qualidade dos produtos Nivea. Desde 1911 a cuidar de si!Descri\u00e7\u00e3o: Efic\u00e1cia que n\u00e3o deixa manchas brancas nos tecidos escuros e reduz o aparecimento de manchas amarelas nas roupas claras. Tipo de produto: Desodorizante Roll-OnConselhos de utiliza\u00e7\u00e3o: Aplique na pele li...","rel":"","context":"Similar post","img":{"alt_text":"","src":"https:\/\/i0.wp.com\/mundo.seashell.pt\/wp-content\/uploads\/2022\/02\/85948-07405-30_Roll-on_Men_Protect___Care_4005900388971.png?resize=350%2C200&ssl=1","width":350,"height":200},"classes":[]},{"id":6880,"url":"https:\/\/mundo.seashell.pt\/?product=nivea-desodorizante-feminino-roll-on-50ml","url_meta":{"origin":6780,"position":5},"title":"Nivea Desodorizante Feminino Roll-On 50ml","date":"Fevereiro 23, 2022","format":false,"excerpt":"Experimente e avalie a qualidade dos produtos Nivea. Desde 1911 a cuidar de si!Tipo de produto: Desodorizante Roll-OnConselhos de utiliza\u00e7\u00e3o: Aplique na pele limpa e seca de axilas. Levante um bra\u00e7o e aplique com movimentos circulares de pouca press\u00e3o at\u00e9 criar uma camada fina de produto sobre a sua axila.\u2026","rel":"","context":"Similar post","img":{"alt_text":"","src":"https:\/\/i0.wp.com\/mundo.seashell.pt\/wp-content\/uploads\/2022\/02\/81611-07405-28_Roll-on_Dry_Comfort_4005900388513.png?resize=350%2C200&ssl=1","width":350,"height":200},"classes":[]}],"_links":{"self":[{"href":"https:\/\/mundo.seashell.pt\/index.php?rest_route=\/wp\/v2\/product\/6780","targetHints":{"allow":["GET"]}}],"collection":[{"href":"https:\/\/mundo.seashell.pt\/index.php?rest_route=\/wp\/v2\/product"}],"about":[{"href":"https:\/\/mundo.seashell.pt\/index.php?rest_route=\/wp\/v2\/types\/product"}],"wp:featuredmedia":[{"embeddable":true,"href":"https:\/\/mundo.seashell.pt\/index.php?rest_route=\/wp\/v2\/media\/6781"}],"wp:attachment":[{"href":"https:\/\/mundo.seashell.pt\/index.php?rest_route=%2Fwp%2Fv2%2Fmedia&parent=6780"}],"wp:term":[{"taxonomy":"product_cat","embeddable":true,"href":"https:\/\/mundo.seashell.pt\/index.php?rest_route=%2Fwp%2Fv2%2Fproduct_cat&post=6780"},{"taxonomy":"product_tag","embeddable":true,"href":"https:\/\/mundo.seashell.pt\/index.php?rest_route=%2Fwp%2Fv2%2Fproduct_tag&post=6780"}],"curies":[{"name":"wp","href":"https:\/\/api.w.org\/{rel}","templated":true}]}}