{"id":6764,"date":"2022-02-23T18:54:35","date_gmt":"2022-02-23T18:54:35","guid":{"rendered":"https:\/\/mundo.seashell.pt\/?post_type=product&#038;p=6764"},"modified":"2022-02-23T18:54:38","modified_gmt":"2022-02-23T18:54:38","slug":"nivea-men-gel-craft-150ml","status":"publish","type":"product","link":"https:\/\/mundo.seashell.pt\/?product=nivea-men-gel-craft-150ml","title":{"rendered":"Nivea Men Gel Craft 150ml"},"content":{"rendered":"<p>Nivea Men Gel Aqua oferece uma fixa\u00e7\u00e3o extra forte com uma fragr\u00e2ncia fresco e masculino.<\/p>\n<h3>Descri\u00e7\u00e3o:<\/h3>\n<p>\u00c9 f\u00e1cil de aplicar e deixa um efeito cabelo molhado sem ficar oleoso. A f\u00f3rmula com vitamina E natural mant\u00e9m o cabelo saud\u00e1vel e forte sem o deixar seco. O gel de cabelo extra forte n\u00e3o deixa res\u00edduos vis\u00edveis e lava-se facilmente.<\/p>\n<h3>Tipo de cabelo:<\/h3>\n<p>Normais<\/p>\n<h3>Tipo de produto:<\/h3>\n<p>Gel<\/p>\n<h3>Benef\u00edcios:<\/h3>\n<p>N\u00e3o deixa res\u00edduos, f\u00e1cil de lavar cabelo com efeito molhado, n\u00e3o oleoso fixa\u00e7\u00e3o extra forte e duradoura.<\/p>\n<h3>Conselhos de utiliza\u00e7\u00e3o:<\/h3>\n<p>1. Aplicar uma pequena quantidade em cabelo seco para um efeito molhado e definido;<br \/>2. Dica Extra: Para um look extra definido aplica em cabelo molhado.<\/p>\n<p><\/p>\n<ul><\/ul>\n","protected":false},"excerpt":{"rendered":"<p>Nivea Men Gel Aqua oferece uma fixa\u00e7\u00e3o extra forte com uma fragr\u00e2ncia fresco e masculino.Descri\u00e7\u00e3o:<br \/>\n\u00c9 f\u00e1cil de aplicar e deixa um efeito cabelo molhado sem ficar oleoso. A f\u00f3rmula com vitamina E natural mant\u00e9m o cabelo saud\u00e1vel e forte sem o deixar seco. O gel de cabelo extra forte n\u00e3o deixa res\u00edduos vis\u00edveis e lava-se facilme&#8230;<\/p>\n","protected":false},"featured_media":6765,"template":"","meta":{"spay_email":""},"product_cat":[15],"product_tag":[],"class_list":{"0":"post-6764","1":"product","2":"type-product","3":"status-publish","4":"has-post-thumbnail","6":"product_cat-sem-categoria","8":"first","9":"instock","10":"taxable","11":"shipping-taxable","12":"purchasable","13":"product-type-simple"},"acf":[],"jetpack-related-posts":[{"id":6760,"url":"https:\/\/mundo.seashell.pt\/?product=nivea-laca-025l","url_meta":{"origin":6764,"position":0},"title":"Nivea Laca 250ml","date":"Fevereiro 23, 2022","format":false,"excerpt":"Laca de Cabelo Styling Diamond Gloss Com Hair Protection Factor \u2013 para um brilho diamante e uma fixa\u00e7\u00e3o extra forte 24h. Proporciona uma agrad\u00e1vel sensa\u00e7\u00e3o no cabelo devido \u00e0 f\u00f3rmula com Nutri-Essence que cuida, fortalece e protege o seu cabelo.Benef\u00edcios: - Cuida e n\u00e3o seca o cabelo, proporcionando um deslumbrante\u2026","rel":"","context":"Similar post","img":{"alt_text":"","src":"https:\/\/i0.wp.com\/mundo.seashell.pt\/wp-content\/uploads\/2022\/02\/86808-05100-55_Laca_Diamond_Gloss_Care_4005808678587.png?resize=350%2C200&ssl=1","width":350,"height":200},"classes":[]},{"id":6730,"url":"https:\/\/mundo.seashell.pt\/?product=nivea-champo-micelar-feminino-04l","url_meta":{"origin":6764,"position":1},"title":"N\u00edvea Champ\u00f4 Micelar Feminino 400ml","date":"Fevereiro 23, 2022","format":false,"excerpt":"Nivea Micellar Champ\u00f4 para Cabelo e Couro Cabeludo Normal a Oleoso, mant\u00e9m o cabelo limpo, sem oleosidade e um couro cabeludo equilibrado. A f\u00f3rmula com tecnologia micelar remove eficazmente as impurezas e os res\u00edduos, garantindo um cabelo e couro cabeludo saud\u00e1veis. Tipo de cabelo: OleososBenef\u00edcios: - F\u00f3rmula...","rel":"","context":"Similar post","img":{"alt_text":"","src":"https:\/\/i0.wp.com\/mundo.seashell.pt\/wp-content\/uploads\/2022\/02\/NIVEA_Shampoo_Micelar_Purificante_400_ml_4005900453563.png?resize=350%2C200&ssl=1","width":350,"height":200},"classes":[]},{"id":6754,"url":"https:\/\/mundo.seashell.pt\/?product=nivea-espuma-150ml","url_meta":{"origin":6764,"position":2},"title":"Nivea Espuma 150ml","date":"Fevereiro 23, 2022","format":false,"excerpt":"Com a Tecnologia Heat Activated Care \u2013 para carac\u00f3is definidos e fixa\u00e7\u00e3o flex\u00edvel 24h. Propociona uma agrad\u00e1vel sensa\u00e7\u00e3o no cabelo devido \u00e0 f\u00f3rmula com Nutri-Essence que cuida, fortalece e protege o seu cabelo.Benef\u00edcios: - Cuida ativamente para uma sensa\u00e7\u00e3o agrad\u00e1vel no cabelo;- Fortalece o cabelo e d\u00e1 volume;- F\u00e1cil ...","rel":"","context":"Similar post","img":{"alt_text":"","src":"https:\/\/i0.wp.com\/mundo.seashell.pt\/wp-content\/uploads\/2022\/02\/NIVEA_Laca_Volume_Care_250_ml_4005808678563.png?resize=350%2C200&ssl=1","width":350,"height":200},"classes":[]},{"id":6722,"url":"https:\/\/mundo.seashell.pt\/?product=nivea-men-champo-025l","url_meta":{"origin":6764,"position":3},"title":"Nivea Men Champ\u00f4 250ml","date":"Fevereiro 23, 2022","format":false,"excerpt":"Tipo de cabelo: Normais Tipo de produto: Champ\u00f4Benef\u00edcios: - Fortalece visivelmente o cabelo;- Proporciona volume e vigor ao cabelo;- Suave e delicado com o cabelo e o couro cabeludo;- Adequado a uma utiliza\u00e7\u00e3o di\u00e1ria. Conselhos de utiliza\u00e7\u00e3o: Aplicar no cabelo molhado, mass...","rel":"","context":"Similar post","img":{"alt_text":"","src":"https:\/\/i0.wp.com\/mundo.seashell.pt\/wp-content\/uploads\/2022\/02\/81423-06600-54_Shampoo_Strong_Power_Men_4005808255818.png?resize=350%2C200&ssl=1","width":350,"height":200},"classes":[]},{"id":6726,"url":"https:\/\/mundo.seashell.pt\/?product=tresemme-champo-feminino-05l","url_meta":{"origin":6764,"position":4},"title":"Tr\u00e9semme Champ\u00f4 Feminino 500ml","date":"Fevereiro 23, 2022","format":false,"excerpt":"Formulado para uma utiliza\u00e7\u00e3o di\u00e1ria, o champ\u00f4 limpa e elimina suavemente os res\u00edduos que reduzem o brilho do seu cabelo deixando-o f\u00e1cil de pentear e com um aspeto saud\u00e1vel. Cabelo cuidado com Qualidade Profissional, em casa. Benef\u00edcios: - Formulada para uma utiliza\u00e7\u00e3o di\u00e1ria;- Cabelo cuidado com Qualidade Profissional, e...","rel":"","context":"Similar post","img":{"alt_text":"","src":"https:\/\/i0.wp.com\/mundo.seashell.pt\/wp-content\/uploads\/2022\/02\/TRESEMME_Champo__Cuidado_Cla_ssico_500ml_8710447170908.png?resize=350%2C200&ssl=1","width":350,"height":200},"classes":[]},{"id":6724,"url":"https:\/\/mundo.seashell.pt\/?product=linic-men-champo-0225l","url_meta":{"origin":6764,"position":5},"title":"Linic Men Champ\u00f4 225ml","date":"Fevereiro 23, 2022","format":false,"excerpt":"Linic \u00a0Legends -\u00a0Um champ\u00f4 criado por uma lenda s\u00f3 podia ser imbat\u00edvel. Legend by CR7 \u00e9 implac\u00e1vel no combate \u00e0 caspa e tem uma fragr\u00e2ncia \u00fanica e duradoura, escolhida pelo pr\u00f3prio CR7. Esta f\u00f3rmula inovadora cont\u00e9m sal marinho, que melhora a textura e o volume do cabelo, e carv\u00e3o ativo\u2026","rel":"","context":"Similar post","img":{"alt_text":"","src":"https:\/\/i0.wp.com\/mundo.seashell.pt\/wp-content\/uploads\/2022\/02\/LINIC_CH._MEN_LEGEND_CR7_225ML.png?resize=350%2C200&ssl=1","width":350,"height":200},"classes":[]}],"_links":{"self":[{"href":"https:\/\/mundo.seashell.pt\/index.php?rest_route=\/wp\/v2\/product\/6764","targetHints":{"allow":["GET"]}}],"collection":[{"href":"https:\/\/mundo.seashell.pt\/index.php?rest_route=\/wp\/v2\/product"}],"about":[{"href":"https:\/\/mundo.seashell.pt\/index.php?rest_route=\/wp\/v2\/types\/product"}],"wp:featuredmedia":[{"embeddable":true,"href":"https:\/\/mundo.seashell.pt\/index.php?rest_route=\/wp\/v2\/media\/6765"}],"wp:attachment":[{"href":"https:\/\/mundo.seashell.pt\/index.php?rest_route=%2Fwp%2Fv2%2Fmedia&parent=6764"}],"wp:term":[{"taxonomy":"product_cat","embeddable":true,"href":"https:\/\/mundo.seashell.pt\/index.php?rest_route=%2Fwp%2Fv2%2Fproduct_cat&post=6764"},{"taxonomy":"product_tag","embeddable":true,"href":"https:\/\/mundo.seashell.pt\/index.php?rest_route=%2Fwp%2Fv2%2Fproduct_tag&post=6764"}],"curies":[{"name":"wp","href":"https:\/\/api.w.org\/{rel}","templated":true}]}}