{"id":6760,"date":"2022-02-23T18:54:30","date_gmt":"2022-02-23T18:54:30","guid":{"rendered":"https:\/\/mundo.seashell.pt\/?post_type=product&#038;p=6760"},"modified":"2022-02-23T18:54:32","modified_gmt":"2022-02-23T18:54:32","slug":"nivea-laca-025l","status":"publish","type":"product","link":"https:\/\/mundo.seashell.pt\/?product=nivea-laca-025l","title":{"rendered":"Nivea Laca 250ml"},"content":{"rendered":"<h3><strong>Laca de Cabelo Styling Diamond Gloss<\/strong><\/h3>\n<p>Com Hair Protection Factor \u2013 para um brilho diamante e uma fixa\u00e7\u00e3o extra forte 24h. Proporciona uma agrad\u00e1vel sensa\u00e7\u00e3o no cabelo devido \u00e0 f\u00f3rmula com Nutri-Essence que cuida, fortalece e protege o seu cabelo.<\/p>\n<h3>Benef\u00edcios:<\/h3>\n<p>&#8211; Cuida e n\u00e3o seca o cabelo, proporcionando um deslumbrante brilho diamante;<br \/>&#8211; Fortalece o cabelo para 24h de fixa\u00e7\u00e3o;<br \/>&#8211; Protege o cabelo, sendo f\u00e1cil de eliminar com o pentear.<\/p>\n<h3>Conselhos de utiliza\u00e7\u00e3o:<\/h3>\n<p>1. Fixa\u00e7\u00e3o: Segure na Laca a aproximadamente 30 cent\u00edmetros do cabelo e aplique uniformemente;<br \/>2. Precis\u00e3o: Para uma aplica\u00e7\u00e3o mais precisa, segure em pequenas madeixas de cabelo e aplique a Laca da raiz at\u00e9 \u00e0s pontas;<br \/>3. Volume Extra: Baixe a cabe\u00e7a e aplique a Laca de tr\u00e1s para a frente.<strong><br \/><\/strong><\/p>\n","protected":false},"excerpt":{"rendered":"<p>Laca de Cabelo Styling Diamond Gloss Com Hair Protection Factor \u2013 para um brilho diamante e uma fixa\u00e7\u00e3o extra forte 24h. Proporciona uma agrad\u00e1vel sensa\u00e7\u00e3o no cabelo devido \u00e0 f\u00f3rmula<\/p>\n","protected":false},"featured_media":6761,"template":"","meta":{"spay_email":""},"product_cat":[15],"product_tag":[],"class_list":{"0":"post-6760","1":"product","2":"type-product","3":"status-publish","4":"has-post-thumbnail","6":"product_cat-sem-categoria","8":"first","9":"instock","10":"taxable","11":"shipping-taxable","12":"purchasable","13":"product-type-simple"},"acf":[],"jetpack-related-posts":[{"id":6754,"url":"https:\/\/mundo.seashell.pt\/?product=nivea-espuma-150ml","url_meta":{"origin":6760,"position":0},"title":"Nivea Espuma 150ml","date":"Fevereiro 23, 2022","format":false,"excerpt":"Com a Tecnologia Heat Activated Care \u2013 para carac\u00f3is definidos e fixa\u00e7\u00e3o flex\u00edvel 24h. Propociona uma agrad\u00e1vel sensa\u00e7\u00e3o no cabelo devido \u00e0 f\u00f3rmula com Nutri-Essence que cuida, fortalece e protege o seu cabelo.Benef\u00edcios: - Cuida ativamente para uma sensa\u00e7\u00e3o agrad\u00e1vel no cabelo;- Fortalece o cabelo e d\u00e1 volume;- F\u00e1cil ...","rel":"","context":"Similar post","img":{"alt_text":"","src":"https:\/\/i0.wp.com\/mundo.seashell.pt\/wp-content\/uploads\/2022\/02\/NIVEA_Laca_Volume_Care_250_ml_4005808678563.png?resize=350%2C200&ssl=1","width":350,"height":200},"classes":[]},{"id":6756,"url":"https:\/\/mundo.seashell.pt\/?product=pantene-laca-03l","url_meta":{"origin":6760,"position":1},"title":"Pantene Laca 300ml","date":"Fevereiro 23, 2022","format":false,"excerpt":"Defina ondas ou carac\u00f3is perfeitos e com movimento durante todo o dia. Transforma as ondas rebeldes em carac\u00f3is maravilhosamente definidos e flex\u00edveis.Benef\u00edcios: - Ajuda a proteger os carac\u00f3is do efeito frisado durante todo o dia;- Deixa o cabelo brilhante. Conselhos de utiliza\u00e7\u00e3o: Aplique no cabelo limpo e ...","rel":"","context":"Similar post","img":{"alt_text":"","src":"https:\/\/i0.wp.com\/mundo.seashell.pt\/wp-content\/uploads\/2022\/02\/PANTENE_LACA_CARACO_IS_DEFINIDOS_E_SUAVES_300ML_5410076532698.png?resize=350%2C200&ssl=1","width":350,"height":200},"classes":[]},{"id":6758,"url":"https:\/\/mundo.seashell.pt\/?product=sunsilk-laca-03l","url_meta":{"origin":6760,"position":2},"title":"Sunsilk Laca 300ml","date":"Fevereiro 23, 2022","format":false,"excerpt":"Possui um agente pro-vitaminado que penetra na fibra capilar, refor\u00e7ando-a. Protege os cabelos dos efeitos agressivos da secagem e da escovagem. Atrav\u00e9s da utiliza\u00e7\u00e3o da Laca Sunsilk o n\u00famero de cabelos partidos \u00e9 reduzido em mais de 50% em compara\u00e7\u00e3o com a utiliza\u00e7\u00e3o de uma laca cl\u00e1ssica. Para cabelos normais.\u2026","rel":"","context":"Similar post","img":{"alt_text":"","src":"https:\/\/i0.wp.com\/mundo.seashell.pt\/wp-content\/uploads\/2022\/02\/SUNSILK_LACA_CABELOS_NORMAIS_300ML.png?resize=350%2C200&ssl=1","width":350,"height":200},"classes":[]},{"id":6764,"url":"https:\/\/mundo.seashell.pt\/?product=nivea-men-gel-craft-150ml","url_meta":{"origin":6760,"position":3},"title":"Nivea Men Gel Craft 150ml","date":"Fevereiro 23, 2022","format":false,"excerpt":"Nivea Men Gel Aqua oferece uma fixa\u00e7\u00e3o extra forte com uma fragr\u00e2ncia fresco e masculino.Descri\u00e7\u00e3o: \u00c9 f\u00e1cil de aplicar e deixa um efeito cabelo molhado sem ficar oleoso. A f\u00f3rmula com vitamina E natural mant\u00e9m o cabelo saud\u00e1vel e forte sem o deixar seco. O gel de cabelo extra forte\u2026","rel":"","context":"Similar post","img":{"alt_text":"","src":"https:\/\/i0.wp.com\/mundo.seashell.pt\/wp-content\/uploads\/2022\/02\/89033-06600-53_Gel_Aqua_Shine_Men_4005808262069.png?resize=350%2C200&ssl=1","width":350,"height":200},"classes":[]},{"id":6740,"url":"https:\/\/mundo.seashell.pt\/?product=pantene-mascara-03l","url_meta":{"origin":6760,"position":4},"title":"Pantene M\u00e1scara 300ml","date":"Fevereiro 23, 2022","format":false,"excerpt":"O nosso cuidado reparador nutritivo com micronutrientes ajuda a hidratar o cabelo em profundidade. Tipo de cabelo: Danificados - Protege o seu cabelo contra danos causados pela modela\u00e7\u00e3o;- D\u00e1 um aspeto saud\u00e1vel e vigoroso ao cabelo seco e danificado, deixando-o suave e brilhante;- Cuidado intensivo que ajuda a c...","rel":"","context":"Similar post","img":{"alt_text":"","src":"https:\/\/i0.wp.com\/mundo.seashell.pt\/wp-content\/uploads\/2022\/02\/PANTENE_MA_SCARA_CARACO_IS_PERFEITOS_300ML__5410076527632.png?resize=350%2C200&ssl=1","width":350,"height":200},"classes":[]},{"id":6750,"url":"https:\/\/mundo.seashell.pt\/?product=pantene-espuma-02l","url_meta":{"origin":6760,"position":5},"title":"Pantene Espuma 200ml","date":"Fevereiro 23, 2022","format":false,"excerpt":"Benef\u00edcios: - Defina ondas ou carac\u00f3is perfeitos e com movimento durante todo o dia;- Transforma as ondas rebeldes em carac\u00f3is maravilhosamente definidos e flex\u00edveis;- Ajuda a proteger os carac\u00f3is do efeito frisado durante todo o dia;- Deixa o cabelo brilhante. Conselhos de utiliza\u00e7\u00e3o: - Aplique no cabelo ...","rel":"","context":"Similar post","img":{"alt_text":"","src":"https:\/\/i0.wp.com\/mundo.seashell.pt\/wp-content\/uploads\/2022\/02\/PANTENE_ESPUMA_CARACO_IS_DEFINIDOS_200ML_5410076533817.png?resize=350%2C200&ssl=1","width":350,"height":200},"classes":[]}],"_links":{"self":[{"href":"https:\/\/mundo.seashell.pt\/index.php?rest_route=\/wp\/v2\/product\/6760","targetHints":{"allow":["GET"]}}],"collection":[{"href":"https:\/\/mundo.seashell.pt\/index.php?rest_route=\/wp\/v2\/product"}],"about":[{"href":"https:\/\/mundo.seashell.pt\/index.php?rest_route=\/wp\/v2\/types\/product"}],"wp:featuredmedia":[{"embeddable":true,"href":"https:\/\/mundo.seashell.pt\/index.php?rest_route=\/wp\/v2\/media\/6761"}],"wp:attachment":[{"href":"https:\/\/mundo.seashell.pt\/index.php?rest_route=%2Fwp%2Fv2%2Fmedia&parent=6760"}],"wp:term":[{"taxonomy":"product_cat","embeddable":true,"href":"https:\/\/mundo.seashell.pt\/index.php?rest_route=%2Fwp%2Fv2%2Fproduct_cat&post=6760"},{"taxonomy":"product_tag","embeddable":true,"href":"https:\/\/mundo.seashell.pt\/index.php?rest_route=%2Fwp%2Fv2%2Fproduct_tag&post=6760"}],"curies":[{"name":"wp","href":"https:\/\/api.w.org\/{rel}","templated":true}]}}