{"id":6746,"date":"2022-02-23T18:53:59","date_gmt":"2022-02-23T18:53:59","guid":{"rendered":"https:\/\/mundo.seashell.pt\/?post_type=product&#038;p=6746"},"modified":"2022-02-23T18:54:03","modified_gmt":"2022-02-23T18:54:03","slug":"pantene-oleo-reparador-010l","status":"publish","type":"product","link":"https:\/\/mundo.seashell.pt\/?product=pantene-oleo-reparador-010l","title":{"rendered":"Pantene \u00d3leo Reparador 100ml"},"content":{"rendered":"<p>\u00d3leo nutritivo di\u00e1rio que hidrata profundamente, suaviza o cabelo e previne a perda de prote\u00edna. Perfeito para cabelo seco e danificado. Utilize diariamente para um cabelo cheio de vida.<\/p>\n<h3>Tipo de cabelo:<\/h3>\n<p>Secos<\/p>\n<h3>Benef\u00edcios:<\/h3>\n<p>&#8211; \u00d3leo de cabelo com \u00f3leo de coco essencial para um cabelo profundamente hidratado e suave;<br \/>&#8211; Define os carac\u00f3is e mant\u00e9m-nos flex\u00edveis;<br \/>&#8211; Perfeito para cabelo seco e danificado. Utilize diariamente para um cabelo cheio de vida;<br \/>&#8211; Preenche o cabelo com \u00f3leo de coco essencial, nutre-o e deixa-o macio e brilhante numa \u00fanica utiliza\u00e7\u00e3o;<br \/>&#8211; Os \u00f3leos Pantene d\u00e3o ao seu cabelo uma nova vida com apenas uma gota;<br \/>&#8211; Testado pelo Swiss Vitamin Institute.<\/p>\n<h3>Conselhos de utiliza\u00e7\u00e3o:<\/h3>\n<p>Distribua uma pequena quantidade nas pontas dos cabelos secos ou h\u00famidos. N\u00e3o enxague.<\/p>\n","protected":false},"excerpt":{"rendered":"<p>\u00d3leo nutritivo di\u00e1rio que hidrata profundamente, suaviza o cabelo e previne a perda de prote\u00edna. Perfeito para cabelo seco e danificado. Utilize diariamente para um cabelo cheio de vida.<br \/>\nTipo de cabelo:<br \/>\nSecosBenef\u00edcios:<br \/>\n&#8211; \u00d3leo de cabelo com \u00f3leo de coco essencial para um cabelo profundamente hidratado e suave;<...\n<\/p>\n","protected":false},"featured_media":6747,"template":"","meta":{"spay_email":""},"product_cat":[15],"product_tag":[],"class_list":{"0":"post-6746","1":"product","2":"type-product","3":"status-publish","4":"has-post-thumbnail","6":"product_cat-sem-categoria","8":"first","9":"instock","10":"taxable","11":"shipping-taxable","12":"purchasable","13":"product-type-simple"},"acf":[],"jetpack-related-posts":[{"id":6740,"url":"https:\/\/mundo.seashell.pt\/?product=pantene-mascara-03l","url_meta":{"origin":6746,"position":0},"title":"Pantene M\u00e1scara 300ml","date":"Fevereiro 23, 2022","format":false,"excerpt":"O nosso cuidado reparador nutritivo com micronutrientes ajuda a hidratar o cabelo em profundidade. Tipo de cabelo: Danificados - Protege o seu cabelo contra danos causados pela modela\u00e7\u00e3o;- D\u00e1 um aspeto saud\u00e1vel e vigoroso ao cabelo seco e danificado, deixando-o suave e brilhante;- Cuidado intensivo que ajuda a c...","rel":"","context":"Similar post","img":{"alt_text":"","src":"https:\/\/i0.wp.com\/mundo.seashell.pt\/wp-content\/uploads\/2022\/02\/PANTENE_MA_SCARA_CARACO_IS_PERFEITOS_300ML__5410076527632.png?resize=350%2C200&ssl=1","width":350,"height":200},"classes":[]},{"id":7180,"url":"https:\/\/mundo.seashell.pt\/?product=tresemme-hidratacao-intensa-500ml","url_meta":{"origin":6746,"position":1},"title":"Tresemm\u00e9 Hidrata\u00e7\u00e3o Intensa 500ml","date":"Fevereiro 23, 2022","format":false,"excerpt":"Benef\u00edcios: - Cabelo cuidado com Qualidade Profissional, em casa;- Para cabelos pintados e secos;- Suficientemente suave para utilizar em cabelos pintados. Conselhos de utiliza\u00e7\u00e3o: 1.Come\u00e7ar sempre o seu penteado com o Champ\u00f4 Liso Keratina e o Condicionador Liso Keratina de TRESemm\u00e9;2.Aplicar uma quantidad...","rel":"","context":"Similar post","img":{"alt_text":"","src":"https:\/\/i0.wp.com\/mundo.seashell.pt\/wp-content\/uploads\/2022\/02\/transferir__5_.png?resize=350%2C200&ssl=1","width":350,"height":200},"classes":[]},{"id":6744,"url":"https:\/\/mundo.seashell.pt\/?product=herbal-essences-oleo-reparador-010l","url_meta":{"origin":6746,"position":2},"title":"Herbal Essences \u00d3leo Reparador 100ml","date":"Fevereiro 23, 2022","format":false,"excerpt":"\u00d3leo Reparador Herbal Essences A f\u00f3rmula de mistura do \u00f3leo de fase dupla suaviza o cabelo para evitar que este se parta, ajuda a reparar o cabelo danificado (repara os danos causados pelo styling) e torna-o naturalmente brilhante. Benef\u00edcios: - \u00d3leo de cabelo com \u00f3leo de arg\u00e3o e alo\u00e9;- F\u00f3rmula\u2026","rel":"","context":"Similar post","img":{"alt_text":"","src":"https:\/\/i0.wp.com\/mundo.seashell.pt\/wp-content\/uploads\/2022\/02\/HERBAL_O_LEO_ARGAO_100ML_8001841535944.png?resize=350%2C200&ssl=1","width":350,"height":200},"classes":[]},{"id":6734,"url":"https:\/\/mundo.seashell.pt\/?product=pantene-condicionador-feminino-02l","url_meta":{"origin":6746,"position":3},"title":"Pantene Condicionador Feminino 200ml","date":"Fevereiro 23, 2022","format":false,"excerpt":"O condicionador Pantene Pro-V Carac\u00f3is Perfeitos recarrega o cabelo com Nutrientes Pro-V ativos para fortalec\u00ea-lo. Ajuda a definir carac\u00f3is e controlar o frisado. Tipo de cabelo: Carac\u00f3isBenef\u00edcios: - Transforma as ondas rebeldes em carac\u00f3is definidos, brilhantes e flex\u00edveis;- Deixa o cabelo hidratado, suav...","rel":"","context":"Similar post","img":{"alt_text":"","src":"https:\/\/i0.wp.com\/mundo.seashell.pt\/wp-content\/uploads\/2022\/02\/PANTENE_CONDICIONADOR_CARACO_IS_DEFINIDOS_200ML_8001090722737.png?resize=350%2C200&ssl=1","width":350,"height":200},"classes":[]},{"id":6752,"url":"https:\/\/mundo.seashell.pt\/?product=tresemme-espuma-caracois-hidratados-02l","url_meta":{"origin":6746,"position":4},"title":"Tresemm\u00e9 Espuma Carac\u00f3is Hidratados 200ml","date":"Fevereiro 23, 2022","format":false,"excerpt":"Pretende melhorar a sua imagem e real\u00e7ar a sua beleza, Espuma Tresemme ser\u00e1 uma grande ajuda para atingir os seus objetivos. A mousse Botanique hidrata, suaviza e define os carac\u00f3is, para um cabelo sa\u00fadavel e male\u00e1vel. Com \u00e1gua de cacto e de coco, a mousse Botanique permite manusear o cabelo\u2026","rel":"","context":"Similar post","img":{"alt_text":"","src":"https:\/\/i0.wp.com\/mundo.seashell.pt\/wp-content\/uploads\/2022\/02\/Tresemme____Caraco_is_Hidratados_200ml__.png?resize=350%2C200&ssl=1","width":350,"height":200},"classes":[]},{"id":6748,"url":"https:\/\/mundo.seashell.pt\/?product=pantene-serum-selador-de-pontas-75ml","url_meta":{"origin":6746,"position":5},"title":"Pantene Serum Selador de Pontas 75ml","date":"Fevereiro 23, 2022","format":false,"excerpt":"Pantene Serum Selador de Pontas - 75ml","rel":"","context":"Similar post","img":{"alt_text":"","src":"https:\/\/i0.wp.com\/mundo.seashell.pt\/wp-content\/uploads\/2022\/02\/PANTENE_SERUM_SELADOR_DE_PONTAS_75ML_8001841889573.png?resize=350%2C200&ssl=1","width":350,"height":200},"classes":[]}],"_links":{"self":[{"href":"https:\/\/mundo.seashell.pt\/index.php?rest_route=\/wp\/v2\/product\/6746","targetHints":{"allow":["GET"]}}],"collection":[{"href":"https:\/\/mundo.seashell.pt\/index.php?rest_route=\/wp\/v2\/product"}],"about":[{"href":"https:\/\/mundo.seashell.pt\/index.php?rest_route=\/wp\/v2\/types\/product"}],"wp:featuredmedia":[{"embeddable":true,"href":"https:\/\/mundo.seashell.pt\/index.php?rest_route=\/wp\/v2\/media\/6747"}],"wp:attachment":[{"href":"https:\/\/mundo.seashell.pt\/index.php?rest_route=%2Fwp%2Fv2%2Fmedia&parent=6746"}],"wp:term":[{"taxonomy":"product_cat","embeddable":true,"href":"https:\/\/mundo.seashell.pt\/index.php?rest_route=%2Fwp%2Fv2%2Fproduct_cat&post=6746"},{"taxonomy":"product_tag","embeddable":true,"href":"https:\/\/mundo.seashell.pt\/index.php?rest_route=%2Fwp%2Fv2%2Fproduct_tag&post=6746"}],"curies":[{"name":"wp","href":"https:\/\/api.w.org\/{rel}","templated":true}]}}