{"id":6672,"date":"2022-02-23T18:50:50","date_gmt":"2022-02-23T18:50:50","guid":{"rendered":"https:\/\/mundo.seashell.pt\/?post_type=product&#038;p=6672"},"modified":"2022-02-23T18:50:52","modified_gmt":"2022-02-23T18:50:52","slug":"k2r-sublime-white-10-toalhitas","status":"publish","type":"product","link":"https:\/\/mundo.seashell.pt\/?product=k2r-sublime-white-10-toalhitas","title":{"rendered":"K2r Sublime White 10 Toalhitas"},"content":{"rendered":"<h3>Tipo de produto:<\/h3>\n<p>Toalhitas<\/p>\n<h3>Benef\u00edcios:<\/h3>\n<p>&#8211; A\u00e7\u00e3o branqueadora;<br \/>&#8211; Reaviva o brilho do branco;<br \/>&#8211; Previne que o branco fique acinzentado.<\/p>\n<h3>Conselhos de utiliza\u00e7\u00e3o:<\/h3>\n<p>Introduza a roupa no tambor da m\u00e1quina. Coloque a toalhita por cima, adicione o detergente e inicie o programa de lavagem. Ap\u00f3s a lavagem, retire a toalhita usada e deite-a fora. A toalhita \u00e9 biodegrad\u00e1vel e recicl\u00e1vel. Eficaz a todas as temperaturas.<\/p>\n<p><\/p>\n","protected":false},"excerpt":{"rendered":"<h3>Tipo de produto:<\/h3>\n<p>Toalhitas<\/p>\n<h3>Benef\u00edcios:<\/h3>\n<p>&#8211; A\u00e7\u00e3o branqueadora;<br \/>&#8211; Reaviva o brilho do branco;<br \/>&#8211; Previne que o branco fique acinzentado.<\/p>\n<h3>Conselhos de utiliza\u00e7\u00e3o:<\/h3>\n<p>Introduza a roupa no tambor da m\u00e1quina. Coloque a toalhita por cima, adicione o detergente e inicie o programa de lavagem. Ap\u00f3s a lavagem, re&#8230;<\/p>\n","protected":false},"featured_media":6673,"template":"","meta":{"spay_email":""},"product_cat":[15],"product_tag":[],"class_list":{"0":"post-6672","1":"product","2":"type-product","3":"status-publish","4":"has-post-thumbnail","6":"product_cat-sem-categoria","8":"first","9":"instock","10":"taxable","11":"shipping-taxable","12":"purchasable","13":"product-type-simple"},"acf":[],"jetpack-related-posts":[{"id":6670,"url":"https:\/\/mundo.seashell.pt\/?product=colour-catcher-10-toalhitas","url_meta":{"origin":6672,"position":0},"title":"Colour Catcher 10 Toalhitas","date":"Fevereiro 23, 2022","format":false,"excerpt":"As toalhitas K2r colour catcher previnem acidentes de cor permitindo que todas as cores e, at\u00e9 os brancos, sejam lavados em conjunto. Tipo de produto: ToalhitasBenef\u00edcios: - Previne acidentes de cor;- Permite misturar cores na lavangem;- Protege o brilho das cores;- Previne que as cores fiquem acinz...","rel":"","context":"Similar post","img":{"alt_text":"","src":"https:\/\/i0.wp.com\/mundo.seashell.pt\/wp-content\/uploads\/2022\/02\/6527664-hero.jpeg?resize=350%2C200&ssl=1","width":350,"height":200},"classes":[]},{"id":6664,"url":"https:\/\/mundo.seashell.pt\/?product=vanish-gold-12-toalhitas","url_meta":{"origin":6672,"position":1},"title":"Vanish Gold 12 Toalhitas","date":"Fevereiro 23, 2022","format":false,"excerpt":"Vanish gold toalhitas anti-transfer\u00eancia de cor evita a transfer\u00eancia de cores gra\u00e7as \u00e0s suas microfibras ultra-absorventes. A toalhita absorve rapidamente as cores que se libertam, impedindo que se transfiram para as outras pe\u00e7as de roupa. Tipo de produto: ToalhitasBenef\u00edcios: - Toalhita mais espessa;- Mai...","rel":"","context":"Similar post","img":{"alt_text":"","src":"https:\/\/i0.wp.com\/mundo.seashell.pt\/wp-content\/uploads\/2022\/02\/VANISH_GOLD_TOALHITAS_X12_5601217130259.png?resize=350%2C200&ssl=1","width":350,"height":200},"classes":[]},{"id":6666,"url":"https:\/\/mundo.seashell.pt\/?product=vanish-cores-10-toalhitas","url_meta":{"origin":6672,"position":2},"title":"Vanish Cores 10 Toalhitas","date":"Fevereiro 23, 2022","format":false,"excerpt":"Quando lava a sua roupa, tem sempre a op\u00e7\u00e3o de separar a roupa por cores e fazer uma m\u00e1quina meio-cheia\u2026 ou, ent\u00e3o, correr o risco de ter um acidente de descolora\u00e7\u00e3o ao colocar a roupa toda junta! N\u00e3o corra mais riscos e use as Toalhitas Anti-transfer\u00eancia de cor! Cada toalhita\u2026","rel":"","context":"Similar post","img":{"alt_text":"","src":"https:\/\/i0.wp.com\/mundo.seashell.pt\/wp-content\/uploads\/2022\/02\/Vanish_Toalhitas_Cores_10unx13_8410104024222.png?resize=350%2C200&ssl=1","width":350,"height":200},"classes":[]},{"id":6662,"url":"https:\/\/mundo.seashell.pt\/?product=iberia-protect-15-toalhitas","url_meta":{"origin":6672,"position":3},"title":"Ib\u00e9ria Protect 15 Toalhitas","date":"Fevereiro 23, 2022","format":false,"excerpt":"Durante a lavagem, as cores de alguns t\u00eaxteis podem dispersar-se na \u00e1gua e transferirem para as restantes pe\u00e7as de roupa de cor clara. As toalhitas Iberia Protect s\u00e3o a melhor solu\u00e7\u00e3o para misturar cores com confian\u00e7a, sem o risco de tingir ou transferir cor para as restantes pe\u00e7as de roupa.\u2026","rel":"","context":"Similar post","img":{"alt_text":"","src":"https:\/\/i0.wp.com\/mundo.seashell.pt\/wp-content\/uploads\/2022\/02\/05228011600195____1__600x600.jpeg?resize=350%2C200&ssl=1","width":350,"height":200},"classes":[]},{"id":6643,"url":"https:\/\/mundo.seashell.pt\/?product=vanish-tira-nodoas-1l","url_meta":{"origin":6672,"position":4},"title":"Vanish Tira N\u00f3doas 1L","date":"Fevereiro 23, 2022","format":false,"excerpt":"Problemas com a lavagem da roupa? Os detergentes nem sempre conseguem remover as n\u00f3doas, proteger as cores e eliminar maus odores. Experimente o novo Vanish\u00a0para brancos e\u00a0cores! A sua f\u00f3rmula remove n\u00f3doas, reaviva as cores e elimina maus odores. Pode ser utilizado em pr\u00e9-tratamento, de molho ou diretamente na m\u00e1quina,\u2026","rel":"","context":"Similar post","img":{"alt_text":"","src":"https:\/\/i0.wp.com\/mundo.seashell.pt\/wp-content\/uploads\/2022\/02\/Vanish_Delicadas_White_1Lx12_8410104884833.png?resize=350%2C200&ssl=1","width":350,"height":200},"classes":[]},{"id":6639,"url":"https:\/\/mundo.seashell.pt\/?product=vanix-oxi-action-08l","url_meta":{"origin":6672,"position":5},"title":"Vanix Oxi Action 800ml","date":"Fevereiro 23, 2022","format":false,"excerpt":"Problemas com a lavagem da roupa? Os detergentes nem sempre conseguem remover as n\u00f3doas, proteger as cores e eliminar maus odores. Experimente o novo Vanish oxi action gel para cores! A sua f\u00f3rmula remove n\u00f3doas, reaviva as cores e elimina maus odores. Pode ser utilizado em pr\u00e9-tratamento, de molho ou\u2026","rel":"","context":"Similar post","img":{"alt_text":"","src":"https:\/\/i0.wp.com\/mundo.seashell.pt\/wp-content\/uploads\/2022\/02\/Vanish_Oxi_Action_Gel_Pink_800ML_x6_5601217134363.png?resize=350%2C200&ssl=1","width":350,"height":200},"classes":[]}],"_links":{"self":[{"href":"https:\/\/mundo.seashell.pt\/index.php?rest_route=\/wp\/v2\/product\/6672","targetHints":{"allow":["GET"]}}],"collection":[{"href":"https:\/\/mundo.seashell.pt\/index.php?rest_route=\/wp\/v2\/product"}],"about":[{"href":"https:\/\/mundo.seashell.pt\/index.php?rest_route=\/wp\/v2\/types\/product"}],"wp:featuredmedia":[{"embeddable":true,"href":"https:\/\/mundo.seashell.pt\/index.php?rest_route=\/wp\/v2\/media\/6673"}],"wp:attachment":[{"href":"https:\/\/mundo.seashell.pt\/index.php?rest_route=%2Fwp%2Fv2%2Fmedia&parent=6672"}],"wp:term":[{"taxonomy":"product_cat","embeddable":true,"href":"https:\/\/mundo.seashell.pt\/index.php?rest_route=%2Fwp%2Fv2%2Fproduct_cat&post=6672"},{"taxonomy":"product_tag","embeddable":true,"href":"https:\/\/mundo.seashell.pt\/index.php?rest_route=%2Fwp%2Fv2%2Fproduct_tag&post=6672"}],"curies":[{"name":"wp","href":"https:\/\/api.w.org\/{rel}","templated":true}]}}