{"id":6670,"date":"2022-02-23T18:50:45","date_gmt":"2022-02-23T18:50:45","guid":{"rendered":"https:\/\/mundo.seashell.pt\/?post_type=product&#038;p=6670"},"modified":"2022-02-23T18:50:50","modified_gmt":"2022-02-23T18:50:50","slug":"colour-catcher-10-toalhitas","status":"publish","type":"product","link":"https:\/\/mundo.seashell.pt\/?product=colour-catcher-10-toalhitas","title":{"rendered":"Colour Catcher 10 Toalhitas"},"content":{"rendered":"<p>As toalhitas K2r colour catcher previnem acidentes de cor permitindo que todas as cores e, at\u00e9 os brancos, sejam lavados em conjunto.<\/p>\n<h3>Tipo de produto:<\/h3>\n<p>Toalhitas<\/p>\n<h3>Benef\u00edcios:<\/h3>\n<p>&#8211; Previne acidentes de cor;<br \/>&#8211; Permite misturar cores na lavangem;<br \/>&#8211; Protege o brilho das cores;<br \/>&#8211; Previne que as cores fiquem acinzentadas.<\/p>\n<h3>Conselhos de utiliza\u00e7\u00e3o:<\/h3>\n<p>Coloque a toalhita no tambor, antes de colocar a roupa. Adicione a roupa e o detergente, iniciando o ciclo de lavagem da forma habitual. Remova a toalhita e a roupa imediatamente ap\u00f3s o final do ciclo de lavagem. Eficaz a todas as temperaturas.<\/p>\n<p><\/p>\n","protected":false},"excerpt":{"rendered":"<p>As toalhitas K2r colour catcher previnem acidentes de cor permitindo que todas as cores e, at\u00e9 os brancos, sejam lavados em conjunto.<\/p>\n<h3>Tipo de produto:<\/h3>\n<p>Toalhitas<\/p>\n<h3>Benef\u00edcios:<\/h3>\n<p>&#8211; Previne acidentes de cor;<br \/>&#8211; Permite misturar cores na lavangem;<br \/>&#8211; Protege o brilho das cores;<br \/>&#8211; Previne que as cores fiquem acinz&#8230;<\/p>\n","protected":false},"featured_media":6671,"template":"","meta":{"spay_email":""},"product_cat":[15],"product_tag":[],"class_list":{"0":"post-6670","1":"product","2":"type-product","3":"status-publish","4":"has-post-thumbnail","6":"product_cat-sem-categoria","8":"first","9":"instock","10":"taxable","11":"shipping-taxable","12":"purchasable","13":"product-type-simple"},"acf":[],"jetpack-related-posts":[{"id":6672,"url":"https:\/\/mundo.seashell.pt\/?product=k2r-sublime-white-10-toalhitas","url_meta":{"origin":6670,"position":0},"title":"K2r Sublime White 10 Toalhitas","date":"Fevereiro 23, 2022","format":false,"excerpt":"Tipo de produto: ToalhitasBenef\u00edcios: - A\u00e7\u00e3o branqueadora;- Reaviva o brilho do branco;- Previne que o branco fique acinzentado. Conselhos de utiliza\u00e7\u00e3o: Introduza a roupa no tambor da m\u00e1quina. Coloque a toalhita por cima, adicione o detergente e inicie o programa de lavagem. Ap\u00f3s a lavagem, re...","rel":"","context":"Similar post","img":{"alt_text":"","src":"https:\/\/i0.wp.com\/mundo.seashell.pt\/wp-content\/uploads\/2022\/02\/6527663-hero.jpeg?resize=350%2C200&ssl=1","width":350,"height":200},"classes":[]},{"id":6666,"url":"https:\/\/mundo.seashell.pt\/?product=vanish-cores-10-toalhitas","url_meta":{"origin":6670,"position":1},"title":"Vanish Cores 10 Toalhitas","date":"Fevereiro 23, 2022","format":false,"excerpt":"Quando lava a sua roupa, tem sempre a op\u00e7\u00e3o de separar a roupa por cores e fazer uma m\u00e1quina meio-cheia\u2026 ou, ent\u00e3o, correr o risco de ter um acidente de descolora\u00e7\u00e3o ao colocar a roupa toda junta! N\u00e3o corra mais riscos e use as Toalhitas Anti-transfer\u00eancia de cor! Cada toalhita\u2026","rel":"","context":"Similar post","img":{"alt_text":"","src":"https:\/\/i0.wp.com\/mundo.seashell.pt\/wp-content\/uploads\/2022\/02\/Vanish_Toalhitas_Cores_10unx13_8410104024222.png?resize=350%2C200&ssl=1","width":350,"height":200},"classes":[]},{"id":6664,"url":"https:\/\/mundo.seashell.pt\/?product=vanish-gold-12-toalhitas","url_meta":{"origin":6670,"position":2},"title":"Vanish Gold 12 Toalhitas","date":"Fevereiro 23, 2022","format":false,"excerpt":"Vanish gold toalhitas anti-transfer\u00eancia de cor evita a transfer\u00eancia de cores gra\u00e7as \u00e0s suas microfibras ultra-absorventes. A toalhita absorve rapidamente as cores que se libertam, impedindo que se transfiram para as outras pe\u00e7as de roupa. Tipo de produto: ToalhitasBenef\u00edcios: - Toalhita mais espessa;- Mai...","rel":"","context":"Similar post","img":{"alt_text":"","src":"https:\/\/i0.wp.com\/mundo.seashell.pt\/wp-content\/uploads\/2022\/02\/VANISH_GOLD_TOALHITAS_X12_5601217130259.png?resize=350%2C200&ssl=1","width":350,"height":200},"classes":[]},{"id":6662,"url":"https:\/\/mundo.seashell.pt\/?product=iberia-protect-15-toalhitas","url_meta":{"origin":6670,"position":3},"title":"Ib\u00e9ria Protect 15 Toalhitas","date":"Fevereiro 23, 2022","format":false,"excerpt":"Durante a lavagem, as cores de alguns t\u00eaxteis podem dispersar-se na \u00e1gua e transferirem para as restantes pe\u00e7as de roupa de cor clara. As toalhitas Iberia Protect s\u00e3o a melhor solu\u00e7\u00e3o para misturar cores com confian\u00e7a, sem o risco de tingir ou transferir cor para as restantes pe\u00e7as de roupa.\u2026","rel":"","context":"Similar post","img":{"alt_text":"","src":"https:\/\/i0.wp.com\/mundo.seashell.pt\/wp-content\/uploads\/2022\/02\/05228011600195____1__600x600.jpeg?resize=350%2C200&ssl=1","width":350,"height":200},"classes":[]},{"id":6668,"url":"https:\/\/mundo.seashell.pt\/?product=woolite-cores-10-toalhitas","url_meta":{"origin":6670,"position":4},"title":"Woolite Cores 10 Toalhitas","date":"Fevereiro 23, 2022","format":false,"excerpt":"As toalhitas Woolite prote\u00e7\u00e3o cores absorvem a tinta libertada na \u00e1gua, evitando que esta se transfira para a roupa. Tipo de produto: Toalhitas","rel":"","context":"Similar post","img":{"alt_text":"","src":"https:\/\/i0.wp.com\/mundo.seashell.pt\/wp-content\/uploads\/2022\/02\/2569797-esquerdo.jpeg?resize=350%2C200&ssl=1","width":350,"height":200},"classes":[]},{"id":6655,"url":"https:\/\/mundo.seashell.pt\/?product=k2r-oxycolor-750gr","url_meta":{"origin":6670,"position":5},"title":"K2r Oxycolor 750Gr","date":"Fevereiro 23, 2022","format":false,"excerpt":"Tira-n\u00f3doas sem lix\u00edvia para roupa branca e de cor. Devolve a m\u00e1xima brancura \u00e0 sua roupa desde a primeira lavagem. Pode ser utilizado em todo o tipo de roupa, para a elimina\u00e7\u00e3o eficaz das n\u00f3doas sem danificar os tecidos. Tipo de produto: Tira N\u00f3doasBenef\u00edcios: - Remove todo o tipo de\u2026","rel":"","context":"Similar post","img":{"alt_text":"","src":"https:\/\/i0.wp.com\/mundo.seashell.pt\/wp-content\/uploads\/2022\/02\/K2R_In-Wash_Powder_Uni_750g_8U____8410436373524.png?resize=350%2C200&ssl=1","width":350,"height":200},"classes":[]}],"_links":{"self":[{"href":"https:\/\/mundo.seashell.pt\/index.php?rest_route=\/wp\/v2\/product\/6670","targetHints":{"allow":["GET"]}}],"collection":[{"href":"https:\/\/mundo.seashell.pt\/index.php?rest_route=\/wp\/v2\/product"}],"about":[{"href":"https:\/\/mundo.seashell.pt\/index.php?rest_route=\/wp\/v2\/types\/product"}],"wp:featuredmedia":[{"embeddable":true,"href":"https:\/\/mundo.seashell.pt\/index.php?rest_route=\/wp\/v2\/media\/6671"}],"wp:attachment":[{"href":"https:\/\/mundo.seashell.pt\/index.php?rest_route=%2Fwp%2Fv2%2Fmedia&parent=6670"}],"wp:term":[{"taxonomy":"product_cat","embeddable":true,"href":"https:\/\/mundo.seashell.pt\/index.php?rest_route=%2Fwp%2Fv2%2Fproduct_cat&post=6670"},{"taxonomy":"product_tag","embeddable":true,"href":"https:\/\/mundo.seashell.pt\/index.php?rest_route=%2Fwp%2Fv2%2Fproduct_tag&post=6670"}],"curies":[{"name":"wp","href":"https:\/\/api.w.org\/{rel}","templated":true}]}}