{"id":6655,"date":"2022-02-23T18:50:15","date_gmt":"2022-02-23T18:50:15","guid":{"rendered":"https:\/\/mundo.seashell.pt\/?post_type=product&#038;p=6655"},"modified":"2022-02-23T18:50:22","modified_gmt":"2022-02-23T18:50:22","slug":"k2r-oxycolor-750gr","status":"publish","type":"product","link":"https:\/\/mundo.seashell.pt\/?product=k2r-oxycolor-750gr","title":{"rendered":"K2r Oxycolor 750Gr"},"content":{"rendered":"<p>Tira-n\u00f3doas sem lix\u00edvia para roupa branca e de cor. Devolve a m\u00e1xima brancura \u00e0 sua roupa desde a primeira lavagem. Pode ser utilizado em todo o tipo de roupa, para a elimina\u00e7\u00e3o eficaz das n\u00f3doas sem danificar os tecidos.<\/p>\n<h3>Tipo de produto:<\/h3>\n<p>Tira N\u00f3doas<\/p>\n<h3>Benef\u00edcios:<\/h3>\n<p>&#8211; Remove todo o tipo de n\u00f3doas mesmo as mais entranhadas;<br \/>&#8211; C\u00f3modo e pr\u00e1tico;<br \/>&#8211; Respeita os tecidos e as cores.<\/p>\n<h3>Conselhos de utiliza\u00e7\u00e3o:<\/h3>\n<p>Aplique diretamente sobre em roupa e tapetes, cortinas de banho, caixote do lixo, superf\u00edcies do lar lav\u00e1veis com \u00e1gua.<\/p>\n<p><strong>M\u00e1quina:<\/strong>Introduza primeiro o detergente de forma habitual e, de seguida, junte a dose de K2r Tira N\u00f3doas no mesmo compartimento.<\/p>\n<p><strong>\u00c0 m\u00e3o: Nas roupas de cor, deixe de molho entre 1 a 2 horas. Nas roupas brancas, deixe de molho entre 1 a 6 horas.<\/strong><\/p>\n<p><strong><strong>Uso directo pr\u00e9-tratamento:<\/strong> ACrie uma pasta misturando o produto com \u00e1gua e aplique-a sobre a n\u00f3doa. Deixe atuar no m\u00e1ximo 10 minutos e exague com \u00e1gua ou lave de forma habitual na m\u00e1quina.<\/strong><\/p>\n","protected":false},"excerpt":{"rendered":"<p>Tira-n\u00f3doas sem lix\u00edvia para roupa branca e de cor. Devolve a m\u00e1xima brancura \u00e0 sua roupa desde a primeira lavagem. Pode ser utilizado em todo o tipo de roupa, para a elimina\u00e7\u00e3o eficaz das n\u00f3doas sem danificar os tecidos.<br \/>\nTipo de produto:<br \/>\nTira N\u00f3doasBenef\u00edcios:<br \/>\n&#8211; Remove todo o tipo de n\u00f3doas mesmo as mais entra&#8230;<\/p>\n","protected":false},"featured_media":6656,"template":"","meta":{"spay_email":""},"product_cat":[15],"product_tag":[],"class_list":{"0":"post-6655","1":"product","2":"type-product","3":"status-publish","4":"has-post-thumbnail","6":"product_cat-sem-categoria","8":"first","9":"instock","10":"taxable","11":"shipping-taxable","12":"purchasable","13":"product-type-simple"},"acf":[],"jetpack-related-posts":[{"id":6637,"url":"https:\/\/mundo.seashell.pt\/?product=k2r-tira-nodoas-liquido-13l","url_meta":{"origin":6655,"position":0},"title":"K2R Tira N\u00f3doas L\u00edquido 1,3L","date":"Fevereiro 23, 2022","format":false,"excerpt":"Tira-n\u00f3doas branqueador sem lix\u00edvia. Devolve a m\u00e1xima brancura \u00e0 sua roupa desde a primeira lavagem. Pode ser utilizado em todo o tipo de roupa, para o branqueamento e elimina\u00e7\u00e3o eficaz das n\u00f3doas sem danificar os tecidos. Tipo de produto: Tira N\u00f3doasBenef\u00edcios: - Sem lix\u00edvia;- Devolve a m\u00e1xima brancura \u00e0 s...","rel":"","context":"Similar post","img":{"alt_text":"","src":"https:\/\/i0.wp.com\/mundo.seashell.pt\/wp-content\/uploads\/2022\/02\/K2R_T-No_doas_Lavagem_Branco_1_3L_8U____8410436372954.png?resize=350%2C200&ssl=1","width":350,"height":200},"classes":[]},{"id":6619,"url":"https:\/\/mundo.seashell.pt\/?product=k2r-tira-nodoas-pre-wash-spray-05l","url_meta":{"origin":6655,"position":1},"title":"K2R Tira N\u00f3doas (Pre Wash Spray) 0.5L","date":"Fevereiro 23, 2022","format":false,"excerpt":"Gra\u00e7as \u00e0 sua f\u00f3rmula, K2r spray tira-n\u00f3doas pr\u00e9-lavagem \u00e9 adequado para todos os tipos de n\u00f3doas, todas as temperaturas e tamb\u00e9m para todas as cores e tecidos, incluindo l\u00e3 e seda. Especialmente adequado para eliminar n\u00f3doas de vinho, sumo e frutas, azeite, maionese, molho de tomate, caf\u00e9, ch\u00e1 e chocolate,\u2026","rel":"","context":"Similar post","img":{"alt_text":"","src":"https:\/\/i0.wp.com\/mundo.seashell.pt\/wp-content\/uploads\/2022\/02\/K2R_Pre_wash_Spray_500ml____9000101390612.png?resize=350%2C200&ssl=1","width":350,"height":200},"classes":[]},{"id":6657,"url":"https:\/\/mundo.seashell.pt\/?product=vanish-oxi-action-em-po-420gr","url_meta":{"origin":6655,"position":2},"title":"Vanish Oxi Action em P\u00f3 420Gr","date":"Fevereiro 23, 2022","format":false,"excerpt":"Depois de lavar a roupa, continua com maus odores e n\u00f3doas? Vanish oxi action p\u00f3 elimina odores \u00e9 um tira-n\u00f3doas poderoso sem lix\u00edvia que, para al\u00e9m de remover todo o tipo de n\u00f3doas, cont\u00e9m uma tecnologia de neutraliza\u00e7\u00e3o de odores. Pode ser utilizado em pr\u00e9-tratamento, de molho ou diretamente na\u2026","rel":"","context":"Similar post","img":{"alt_text":"","src":"https:\/\/i0.wp.com\/mundo.seashell.pt\/wp-content\/uploads\/2022\/02\/Vanish_Oxi_Action_Po__White_420G_4_P_x6_5601217134332.png?resize=350%2C200&ssl=1","width":350,"height":200},"classes":[]},{"id":6659,"url":"https:\/\/mundo.seashell.pt\/?product=vanish-tira-nodoas-em-po-branqueador-600gr","url_meta":{"origin":6655,"position":3},"title":"Vanish Tira N\u00f3doas em P\u00f3 Branqueador 600Gr","date":"Fevereiro 23, 2022","format":false,"excerpt":"Frustrado com n\u00f3doas que parecem n\u00e3o sair e brancos que tendem a tornar-se cinzentos com o tempo? Vanish oxi action em p\u00f3 para roupas brancas tem uma nova f\u00f3rmula que, para al\u00e9m de remover n\u00f3doas dif\u00edceis \u00e0 primeira, garante brancos mais brancos, mesmo ap\u00f3s 50 lavagens. Vanish oxi action em\u2026","rel":"","context":"Similar post","img":{"alt_text":"","src":"https:\/\/i0.wp.com\/mundo.seashell.pt\/wp-content\/uploads\/2022\/02\/VANISH_REGULAR_PO_WHITE_14X600g_8410104884758.png?resize=350%2C200&ssl=1","width":350,"height":200},"classes":[]},{"id":6661,"url":"https:\/\/mundo.seashell.pt\/?product=vanish-tora-nodoas-em-po-600gr","url_meta":{"origin":6655,"position":4},"title":"Vanish Tora N\u00f3doas em P\u00f3 600Gr","date":"Fevereiro 23, 2022","format":false,"excerpt":"Frustrado com n\u00f3doas que parecem n\u00e3o sair e brancos que tendem a tornar-se cinzentos com o tempo? Vanish oxi action em p\u00f3 para roupas brancas tem uma nova f\u00f3rmula que, para al\u00e9m de remover n\u00f3doas dif\u00edceis \u00e0 primeira, garante brancos mais brancos, mesmo ap\u00f3s 50 lavagens. Vanish oxi action em\u2026","rel":"","context":"Similar post","img":{"alt_text":"","src":"","width":0,"height":0},"classes":[]},{"id":6645,"url":"https:\/\/mundo.seashell.pt\/?product=vanish-cores-3l","url_meta":{"origin":6655,"position":5},"title":"Vanish Cores 3L","date":"Fevereiro 23, 2022","format":false,"excerpt":"Vanish l\u00edquido delicada \u00e9 uma alternativa \u00e0 lix\u00edvia tradicional. \u00c9 um tira-n\u00f3doas sem cloro, seguro para todas as cores e tecidos, mesmo os de cor e os mais delicados. Vanish \u00e9 o tira-n\u00f3doas n\u00ba #1 em Portugal. Tipo de produto: Lix\u00edvia DelicadaBenef\u00edcios: - Adequado para roupa branca e de cor;-\u2026","rel":"","context":"Similar post","img":{"alt_text":"","src":"https:\/\/i0.wp.com\/mundo.seashell.pt\/wp-content\/uploads\/2022\/02\/Vanish_Delicada_Pink_3L_x6_8410104252304.png?resize=350%2C200&ssl=1","width":350,"height":200},"classes":[]}],"_links":{"self":[{"href":"https:\/\/mundo.seashell.pt\/index.php?rest_route=\/wp\/v2\/product\/6655","targetHints":{"allow":["GET"]}}],"collection":[{"href":"https:\/\/mundo.seashell.pt\/index.php?rest_route=\/wp\/v2\/product"}],"about":[{"href":"https:\/\/mundo.seashell.pt\/index.php?rest_route=\/wp\/v2\/types\/product"}],"wp:featuredmedia":[{"embeddable":true,"href":"https:\/\/mundo.seashell.pt\/index.php?rest_route=\/wp\/v2\/media\/6656"}],"wp:attachment":[{"href":"https:\/\/mundo.seashell.pt\/index.php?rest_route=%2Fwp%2Fv2%2Fmedia&parent=6655"}],"wp:term":[{"taxonomy":"product_cat","embeddable":true,"href":"https:\/\/mundo.seashell.pt\/index.php?rest_route=%2Fwp%2Fv2%2Fproduct_cat&post=6655"},{"taxonomy":"product_tag","embeddable":true,"href":"https:\/\/mundo.seashell.pt\/index.php?rest_route=%2Fwp%2Fv2%2Fproduct_tag&post=6655"}],"curies":[{"name":"wp","href":"https:\/\/api.w.org\/{rel}","templated":true}]}}