{"id":6649,"date":"2022-02-23T18:49:55","date_gmt":"2022-02-23T18:49:55","guid":{"rendered":"https:\/\/mundo.seashell.pt\/?post_type=product&#038;p=6649"},"modified":"2022-02-23T18:49:57","modified_gmt":"2022-02-23T18:49:57","slug":"sanytol-tira-nodoas-em-po-450gr","status":"publish","type":"product","link":"https:\/\/mundo.seashell.pt\/?product=sanytol-tira-nodoas-em-po-450gr","title":{"rendered":"Sanytol Tira N\u00f3doas em P\u00f3 450gr"},"content":{"rendered":"<p>Tira-N\u00f3doas Desinfetante em p\u00f3 que destr\u00f3i 99,9% dos micr\u00f3bios e que elimina eficazmente as manchas mais persistentes mesmo a baixas temperaturas. A sua f\u00f3rmula \u00fanica \u00e0 base de enzimas e oxig\u00e9nio ativo penetra no cora\u00e7\u00e3o das fibras t\u00eaxteis para remover as n\u00f3doas, eliminar o tom amarelado e reavivar o branco das roupas.<\/p>\n<h3>Benef\u00edcios:<\/h3>\n<p>&#8211; Solu\u00e7\u00e3o pr\u00e1tica e eficaz para desinfetar roupa mesmo a baixas temperaturas;<br \/>&#8211; A\u00e7\u00e3o branqueadora;<br \/>&#8211; Remove as manchas mais dif\u00edceis;<br \/>&#8211; Elimina 99,9% de bact\u00e9rias, fungos e v\u00edrus;<br \/>&#8211; Agrad\u00e1vel sensa\u00e7\u00e3o de limpeza;<br \/>&#8211; Para todas as pe\u00e7as de roupa branca e de cor;<br \/>&#8211; N\u00e3o cont\u00e9m lix\u00edvia nem ingredientes que possam danificar as fibras e as cores;<br \/>&#8211; Ideal para roupa interior, roupa do beb\u00e9 e t\u00eaxteis do lar. que produzem o mau odor.<\/p>\n<h3>Conselhos de utiliza\u00e7\u00e3o:<\/h3>\n<p><strong><br \/><\/strong><strong>Utiliza\u00e7\u00e3o na m\u00e1quina:<\/strong> Acrescente 2 colheres do removedor de manchas, desinfetante e branqueador Sanytol ao seu detergente habitual na gaveta apropriada da m\u00e1quina e escolha o programa de lavagem.<\/p>\n<p><strong>Utiliza\u00e7\u00e3o \u00e0 m\u00e3o:<\/strong> Deite 4l de \u00e1gua morna, a 30\u00b0C, numa bacia, junte ao seu detergente habitual, e dissolva 1 colher do removedor de manchas, desinfetante e branqueador Sanytol. Deixe a roupa de molho durante 15 minutos, agitando de vez em quando. Enxague bem.<\/p>\n","protected":false},"excerpt":{"rendered":"<p>Tira-N\u00f3doas Desinfetante em p\u00f3 que destr\u00f3i 99,9% dos micr\u00f3bios e que elimina eficazmente as manchas mais persistentes mesmo a baixas temperaturas. A sua f\u00f3rmula \u00fanica \u00e0 base de enzimas e oxig\u00e9nio ativo penetra no cora\u00e7\u00e3o das fibras t\u00eaxteis para remover as n\u00f3doas, eliminar o tom amarelado e reavivar o branco das roupas.<br \/>\nTipo de produto&#8230;<\/p>\n","protected":false},"featured_media":6650,"template":"","meta":{"spay_email":""},"product_cat":[15],"product_tag":[],"class_list":{"0":"post-6649","1":"product","2":"type-product","3":"status-publish","4":"has-post-thumbnail","6":"product_cat-sem-categoria","8":"first","9":"instock","10":"taxable","11":"shipping-taxable","12":"purchasable","13":"product-type-simple"},"acf":[],"jetpack-related-posts":[{"id":6275,"url":"https:\/\/mundo.seashell.pt\/?product=skip-desinfetante-de-roupa-12l","url_meta":{"origin":6649,"position":0},"title":"Skip Desinfetante de Roupa 1,2l","date":"Fevereiro 23, 2022","format":false,"excerpt":"Desinfeta a sua roupa, eliminando bact\u00e9rias.Caracteristicas:Elimina 99,9% dos v\u00edrus e bact\u00e9riasRemove os maus odoresPreserva as cores e as fibras dos tecidosEficaz em ciclos curtos e baixas temperaturas","rel":"","context":"Similar post","img":{"alt_text":"","src":"https:\/\/i0.wp.com\/mundo.seashell.pt\/wp-content\/uploads\/2022\/02\/SKIP_Desinfetante_Roupa_1.2_Lts_8720181116162.png?resize=350%2C200&ssl=1","width":350,"height":200},"classes":[]},{"id":6653,"url":"https:\/\/mundo.seashell.pt\/?product=lysol-higiene-450gr","url_meta":{"origin":6649,"position":1},"title":"Lysol Higiene 450Gr","date":"Fevereiro 23, 2022","format":false,"excerpt":"Remover as n\u00f3doas pode parecer um verdadeiro desafio, mas com Lysol higi\u00e9nico tira-n\u00f3doas em p\u00f3 vai perceber que \u00e9 simples manter a roupa limpa, sem precisar de esfregar. Garanta uma higiene e frescura prolongada da sua roupa. A marca Lysol existe h\u00e1 mais de 100 anos e \u00e9 uma marca\u2026","rel":"","context":"Similar post","img":{"alt_text":"","src":"https:\/\/i0.wp.com\/mundo.seashell.pt\/wp-content\/uploads\/2022\/02\/Lysol_Higie_nico_Tira_No_doas_Roupa_Po__450G_x6_5601217134462.png?resize=350%2C200&ssl=1","width":350,"height":200},"classes":[]},{"id":6629,"url":"https:\/\/mundo.seashell.pt\/?product=iberia-tira-nodoas-015l","url_meta":{"origin":6649,"position":2},"title":"Ib\u00e9ria Tira N\u00f3doas 150ml","date":"Fevereiro 23, 2022","format":false,"excerpt":"Descri\u00e7\u00e3o: N\u00f3doas acidentais com necessidade de pr\u00e9-tratamento? Ib\u00e9ria tira n\u00f3doas acidentais \u00e9 um produto que elimina as n\u00f3doas dif\u00edceis \u00e0 primeira. \u00c9 muito f\u00e1cil de usar, basta aplicar na roupa atrav\u00e9s do seu aplicador exclusivo. N\u00f3doas resistentes com necessidade de pr\u00e9-tratamento? Ib\u00e9ria tira n\u00f3doas di\u00e1rias \u00e9 um produto qu...","rel":"","context":"Similar post","img":{"alt_text":"","src":"https:\/\/i0.wp.com\/mundo.seashell.pt\/wp-content\/uploads\/2022\/02\/IBE_RIA_REVOLUTION_TIRA_NO_DOAS_ACIDENTAIS_150ml_8411660210036.png?resize=350%2C200&ssl=1","width":350,"height":200},"classes":[]},{"id":6271,"url":"https:\/\/mundo.seashell.pt\/?product=sanytol-desinfetante-de-roupa-500ml","url_meta":{"origin":6649,"position":3},"title":"Sanytol Desinfetante de Roupa 500ml","date":"Fevereiro 23, 2022","format":false,"excerpt":"Desinfetante De Roupa \u2013 Flores Brancas DESCRI\u00c7\u00c3O A roupa lavada a baixa temperatura n\u00e3o est\u00e1 totalmente livre de micr\u00f3bios e pode ser a origem de maus odores e doen\u00e7as de pele ou irrita\u00e7\u00f5es. Apenas as lavagens a 90\u00b0C eliminam 100% dos micr\u00f3bios da roupa. O desinfetante de roupa SANYTOL elimina\u2026","rel":"","context":"Similar post","img":{"alt_text":"","src":"https:\/\/i0.wp.com\/mundo.seashell.pt\/wp-content\/uploads\/2022\/02\/SANYTOL_DESINFECTANTE_DE_ROUPA_500ml_3045200760009.png?resize=350%2C200&ssl=1","width":350,"height":200},"classes":[]},{"id":6657,"url":"https:\/\/mundo.seashell.pt\/?product=vanish-oxi-action-em-po-420gr","url_meta":{"origin":6649,"position":4},"title":"Vanish Oxi Action em P\u00f3 420Gr","date":"Fevereiro 23, 2022","format":false,"excerpt":"Depois de lavar a roupa, continua com maus odores e n\u00f3doas? Vanish oxi action p\u00f3 elimina odores \u00e9 um tira-n\u00f3doas poderoso sem lix\u00edvia que, para al\u00e9m de remover todo o tipo de n\u00f3doas, cont\u00e9m uma tecnologia de neutraliza\u00e7\u00e3o de odores. Pode ser utilizado em pr\u00e9-tratamento, de molho ou diretamente na\u2026","rel":"","context":"Similar post","img":{"alt_text":"","src":"https:\/\/i0.wp.com\/mundo.seashell.pt\/wp-content\/uploads\/2022\/02\/Vanish_Oxi_Action_Po__White_420G_4_P_x6_5601217134332.png?resize=350%2C200&ssl=1","width":350,"height":200},"classes":[]},{"id":6617,"url":"https:\/\/mundo.seashell.pt\/?product=kh-7-tira-nodoas-075l","url_meta":{"origin":6649,"position":5},"title":"KH-7 Tira N\u00f3doas 750ml","date":"Fevereiro 23, 2022","format":false,"excerpt":"Gra\u00e7as ao seu c\u00f3modo pulverizador, poder\u00e1 aplicar o produto facilmente em qualquer lugar, utilizando apenas a dose que necessita. KH-7 tira-nod\u00f3as, efic\u00e1cia contra as manchas para toda a sua roupa. \u00c9 um tira n\u00f3doas de pr\u00e9-lavagem especialmente formulado para todo o tipo de manchas. Pulverize KH-7 tira-n\u00f3doas sobre a roupa\u2026","rel":"","context":"Similar post","img":{"alt_text":"","src":"https:\/\/i0.wp.com\/mundo.seashell.pt\/wp-content\/uploads\/2022\/02\/KH7_TIRA_NODOAS_750ml.png?resize=350%2C200&ssl=1","width":350,"height":200},"classes":[]}],"_links":{"self":[{"href":"https:\/\/mundo.seashell.pt\/index.php?rest_route=\/wp\/v2\/product\/6649","targetHints":{"allow":["GET"]}}],"collection":[{"href":"https:\/\/mundo.seashell.pt\/index.php?rest_route=\/wp\/v2\/product"}],"about":[{"href":"https:\/\/mundo.seashell.pt\/index.php?rest_route=\/wp\/v2\/types\/product"}],"wp:featuredmedia":[{"embeddable":true,"href":"https:\/\/mundo.seashell.pt\/index.php?rest_route=\/wp\/v2\/media\/6650"}],"wp:attachment":[{"href":"https:\/\/mundo.seashell.pt\/index.php?rest_route=%2Fwp%2Fv2%2Fmedia&parent=6649"}],"wp:term":[{"taxonomy":"product_cat","embeddable":true,"href":"https:\/\/mundo.seashell.pt\/index.php?rest_route=%2Fwp%2Fv2%2Fproduct_cat&post=6649"},{"taxonomy":"product_tag","embeddable":true,"href":"https:\/\/mundo.seashell.pt\/index.php?rest_route=%2Fwp%2Fv2%2Fproduct_tag&post=6649"}],"curies":[{"name":"wp","href":"https:\/\/api.w.org\/{rel}","templated":true}]}}