{"id":6627,"date":"2022-02-23T18:49:15","date_gmt":"2022-02-23T18:49:15","guid":{"rendered":"https:\/\/mundo.seashell.pt\/?post_type=product&#038;p=6627"},"modified":"2022-02-23T18:49:18","modified_gmt":"2022-02-23T18:49:18","slug":"skip-tira-nodoas-05l","status":"publish","type":"product","link":"https:\/\/mundo.seashell.pt\/?product=skip-tira-nodoas-05l","title":{"rendered":"Skip Tira N\u00f3doas 500ml"},"content":{"rendered":"<p>Skip spray tira-n\u00f3doas com oxig\u00e9nio bioativo remove cuidadosamente e sem esfor\u00e7o as n\u00f3doas mais dif\u00edceis, podendo ser utilizado em roupas brancas e de cor.<\/p>\n<h3><strong>Tipo de produto:<\/strong><\/h3>\n<p>Tira N\u00f3doas<\/p>\n<h3>Benef\u00edcios:<\/h3>\n<p>&#8211; Remo\u00e7\u00e3o de n\u00f3doas, sem esfregar, diretamente na m\u00e1quina;<br \/>&#8211; Cuidado da roupa, nos tecidos e nas cores;<br \/>&#8211; Oxig\u00e9nio bioativo que garante maior remo\u00e7\u00e3o de n\u00f3doas.<\/p>\n<h3>Conselhos de utiliza\u00e7\u00e3o:<\/h3>\n<p>Coloque a pistola na posi\u00e7\u00e3o de pulveriza\u00e7\u00e3o. Pulverize sobre a n\u00f3doa e deixe atuar entre 1 a 5 minutos. Sem deixar o produto secar no tecido, inicie a lavagem de roupa pelo processo habitual. N\u00f3doas dif\u00edceis podem necessitar de uma segunda utiliza\u00e7\u00e3o. Por fim, coloque a pistola na posi\u00e7\u00e3o fechada. Para obten\u00e7\u00e3o de melhores resultados, aplique o produto em n\u00f3doas recentes. N\u00e3o coloque as roupas pr\u00e9-tratadas diretamente \u00e0 luz solar. Verifique a etiqueta da roupa antes de utilizar o produto. N\u00e3o misture com outros produtos branqueadores.<\/p>\n","protected":false},"excerpt":{"rendered":"<p>Skip spray tira-n\u00f3doas com oxig\u00e9nio bioativo remove cuidadosamente e sem esfor\u00e7o as n\u00f3doas mais dif\u00edceis, podendo ser utilizado em roupas brancas e de cor.<br \/>\nTipo de produto:<br \/>\nTira N\u00f3doasBenef\u00edcios:<br \/>\n&#8211; Remo\u00e7\u00e3o de n\u00f3doas, sem esfregar, diretamente na m\u00e1quina;- Cuidado da roupa, nos tecidos e nas&#8230;<\/p>\n","protected":false},"featured_media":6628,"template":"","meta":{"spay_email":""},"product_cat":[15],"product_tag":[],"class_list":{"0":"post-6627","1":"product","2":"type-product","3":"status-publish","4":"has-post-thumbnail","6":"product_cat-sem-categoria","8":"first","9":"instock","10":"taxable","11":"shipping-taxable","12":"purchasable","13":"product-type-simple"},"acf":[],"jetpack-related-posts":[{"id":6647,"url":"https:\/\/mundo.seashell.pt\/?product=skip-oxigenio-bioativo-3l","url_meta":{"origin":6627,"position":0},"title":"Skip Oxig\u00eanio Bioativo 3L","date":"Fevereiro 23, 2022","format":false,"excerpt":"Skip aditivo l\u00edquido com oxig\u00e9nio bioativo remove cuidadosamente e sem esfor\u00e7o as n\u00f3doas mais dif\u00edceis, podendo ser utilizado em roupas brancas e de cor. Tipo de produto: Lix\u00edvia DelicadaBenef\u00edcios: - Remo\u00e7\u00e3o de n\u00f3doas, sem esfregar, diretamente na m\u00e1quina;- Cuidado da roupa, nos tecidos e nas cores;- O...","rel":"","context":"Similar post","img":{"alt_text":"","src":"https:\/\/i0.wp.com\/mundo.seashell.pt\/wp-content\/uploads\/2022\/02\/SKIP_ADITIVO_LIQUIDO_3L_8710847944413.png?resize=350%2C200&ssl=1","width":350,"height":200},"classes":[]},{"id":6651,"url":"https:\/\/mundo.seashell.pt\/?product=skip-tira-nodoas-bioativo-1kg","url_meta":{"origin":6627,"position":1},"title":"Skip Tira N\u00f3doas Bioativo 1Kg","date":"Fevereiro 23, 2022","format":false,"excerpt":"Skip tira-n\u00f3doas com oxig\u00e9nio bioativo, garante uma maior remo\u00e7\u00e3o de n\u00f3doas, diretamente na m\u00e1quina. Utilize o Skip tira-n\u00f3doas em conjunto com o seu detergente Skip favorito. Tipo de produto: Tira N\u00f3doasBenef\u00edcios: - Remo\u00e7\u00e3o de n\u00f3doas, sem esfregar, diretamente na m\u00e1quina;- Cuidado da roupa, dos tecidos e ...","rel":"","context":"Similar post","img":{"alt_text":"","src":"https:\/\/i0.wp.com\/mundo.seashell.pt\/wp-content\/uploads\/2022\/02\/6517541-frente.jpeg?resize=350%2C200&ssl=1","width":350,"height":200},"classes":[]},{"id":6635,"url":"https:\/\/mundo.seashell.pt\/?product=skip-gel-tira-nodoas-16l","url_meta":{"origin":6627,"position":2},"title":"Skip Gel Tira-N\u00f3doas 1,6L","date":"Fevereiro 23, 2022","format":false,"excerpt":"Skip tira-n\u00f3doas com oxig\u00e9nio bioativo, garante uma maior remo\u00e7\u00e3o de n\u00f3doas, diretamente na m\u00e1quina. Utilize o Skip tira-n\u00f3doas em conjunto com o seu detergente Skip favorito. Tipo de produto: Tira N\u00f3doasBenef\u00edcios: - Remo\u00e7\u00e3o de n\u00f3doas, sem esfregar, diretamente na m\u00e1quina;- Cuidado da roupa, dos tecidos e ...","rel":"","context":"Similar post","img":{"alt_text":"","src":"https:\/\/i0.wp.com\/mundo.seashell.pt\/wp-content\/uploads\/2022\/02\/SKIP_TIRA_NO_DOAS_GEL_1_6L_8710522322154.png?resize=350%2C200&ssl=1","width":350,"height":200},"classes":[]},{"id":6519,"url":"https:\/\/mundo.seashell.pt\/?product=skip-det-liquido-para-maquina-de-lavar-roupa","url_meta":{"origin":6627,"position":3},"title":"Skip Det. L\u00edquido para M\u00e1quina de Lavar Roupa","date":"Fevereiro 23, 2022","format":false,"excerpt":"A a\u00e7\u00e3o extra power de Skip L\u00edquido garante a efic\u00e1cia mesmo em \u00e1gua fria e em ciclos curtos, deixando as roupas da sua fam\u00edlia limpas e frescas, uma e outra vez. A f\u00f3rmula \u00fanica de Skip dissolve-se facilmente na lavagem, garantindo toda a efic\u00e1cia, mesmo na remo\u00e7\u00e3o das n\u00f3doas mais\u2026","rel":"","context":"Similar post","img":{"alt_text":"","src":"https:\/\/i0.wp.com\/mundo.seashell.pt\/wp-content\/uploads\/2022\/02\/SKIP_LI_QUIDO_ACTIVE_CLEAN_-_1_25L_-_25D_8710847999413.png?resize=350%2C200&ssl=1","width":350,"height":200},"classes":[]},{"id":6643,"url":"https:\/\/mundo.seashell.pt\/?product=vanish-tira-nodoas-1l","url_meta":{"origin":6627,"position":4},"title":"Vanish Tira N\u00f3doas 1L","date":"Fevereiro 23, 2022","format":false,"excerpt":"Problemas com a lavagem da roupa? Os detergentes nem sempre conseguem remover as n\u00f3doas, proteger as cores e eliminar maus odores. Experimente o novo Vanish\u00a0para brancos e\u00a0cores! A sua f\u00f3rmula remove n\u00f3doas, reaviva as cores e elimina maus odores. Pode ser utilizado em pr\u00e9-tratamento, de molho ou diretamente na m\u00e1quina,\u2026","rel":"","context":"Similar post","img":{"alt_text":"","src":"https:\/\/i0.wp.com\/mundo.seashell.pt\/wp-content\/uploads\/2022\/02\/Vanish_Delicadas_White_1Lx12_8410104884833.png?resize=350%2C200&ssl=1","width":350,"height":200},"classes":[]},{"id":6311,"url":"https:\/\/mundo.seashell.pt\/?product=neoblanc-gentil-lixivia-delicada","url_meta":{"origin":6627,"position":5},"title":"Neoblanc Gentil Lix\u00edvia Delicada 1L","date":"Fevereiro 23, 2022","format":false,"excerpt":"Neoblanc Gentil \u00e9 uma lix\u00edvia delicada, segura sobre todas as cores e tecidos, sint\u00e9ticos ou delicados, como l\u00e3 e seda. Adicionada em cada lavagem, tira-n\u00f3doas, higieniza e elimina os cheiros. Tipo de produto: Lix\u00edvia DelicadaBenef\u00edcios: - Remo\u00e7\u00e3o de manchas de toda a roupa;- Elimina\u00e7\u00e3o do mau cheiro;- ...","rel":"","context":"Similar post","img":{"alt_text":"","src":"https:\/\/i0.wp.com\/mundo.seashell.pt\/wp-content\/uploads\/2022\/02\/NEOBLANC_GENTIL_1L_8001480020740.png?resize=350%2C200&ssl=1","width":350,"height":200},"classes":[]}],"_links":{"self":[{"href":"https:\/\/mundo.seashell.pt\/index.php?rest_route=\/wp\/v2\/product\/6627","targetHints":{"allow":["GET"]}}],"collection":[{"href":"https:\/\/mundo.seashell.pt\/index.php?rest_route=\/wp\/v2\/product"}],"about":[{"href":"https:\/\/mundo.seashell.pt\/index.php?rest_route=\/wp\/v2\/types\/product"}],"wp:featuredmedia":[{"embeddable":true,"href":"https:\/\/mundo.seashell.pt\/index.php?rest_route=\/wp\/v2\/media\/6628"}],"wp:attachment":[{"href":"https:\/\/mundo.seashell.pt\/index.php?rest_route=%2Fwp%2Fv2%2Fmedia&parent=6627"}],"wp:term":[{"taxonomy":"product_cat","embeddable":true,"href":"https:\/\/mundo.seashell.pt\/index.php?rest_route=%2Fwp%2Fv2%2Fproduct_cat&post=6627"},{"taxonomy":"product_tag","embeddable":true,"href":"https:\/\/mundo.seashell.pt\/index.php?rest_route=%2Fwp%2Fv2%2Fproduct_tag&post=6627"}],"curies":[{"name":"wp","href":"https:\/\/api.w.org\/{rel}","templated":true}]}}