{"id":6587,"date":"2022-02-23T18:47:32","date_gmt":"2022-02-23T18:47:32","guid":{"rendered":"https:\/\/mundo.seashell.pt\/?post_type=product&#038;p=6587"},"modified":"2022-02-23T18:47:35","modified_gmt":"2022-02-23T18:47:35","slug":"surf-detergente-50-capsulas","status":"publish","type":"product","link":"https:\/\/mundo.seashell.pt\/?product=surf-detergente-50-capsulas","title":{"rendered":"Surf Detergente 50 C\u00e1psulas"},"content":{"rendered":"<p>Novo Surf vai proporcionar \u00e0 sua roupa uma explos\u00e3o de perfume de coco. Descobre mais sobre as v\u00e1rias fragr\u00e2ncias fabulosas de Surf!<\/p>\n<h3>Tipo de produto:<\/h3>\n<p>Detergente C\u00e1psulas<\/p>\n<h3>Notas\/Frag\u00e2ncia:<\/h3>\n<p>Tropical<\/p>\n<p>&#8211; Frescura duradoura;<br \/>&#8211; Explos\u00e3o de perfume;<br \/>&#8211; Aroma energizante.<\/p>\n<h3>Conselhos de utiliza\u00e7\u00e3o:<\/h3>\n<p>O seu modo de utiliza\u00e7\u00e3o \u00e9 pr\u00e1tico e f\u00e1cil. A c\u00e1psula \u00e9 colocada no tambor da m\u00e1quina, por baixo da carga de roupa.<\/p>\n<p><\/p>\n","protected":false},"excerpt":{"rendered":"<p>Novo Surf vai proporcionar \u00e0 sua roupa uma explos\u00e3o de perfume de coco. Descobre mais sobre as v\u00e1rias fragr\u00e2ncias fabulosas de Surf!<br \/>\nTipo de produto:<br \/>\nDetergente C\u00e1psulas<br \/>\nNotas\/Frag\u00e2ncia:<br \/>\nTropical<br \/>\n&#8211; Frescura duradoura;- Explos\u00e3o de perfume;- Aroma energizante.<br \/>\nConselhos de utiliza\u00e7\u00e3o:&#8230;<\/p>\n","protected":false},"featured_media":6588,"template":"","meta":{"spay_email":""},"product_cat":[15],"product_tag":[],"class_list":{"0":"post-6587","1":"product","2":"type-product","3":"status-publish","4":"has-post-thumbnail","6":"product_cat-sem-categoria","8":"first","9":"instock","10":"taxable","11":"shipping-taxable","12":"purchasable","13":"product-type-simple"},"acf":[],"jetpack-related-posts":[{"id":6567,"url":"https:\/\/mundo.seashell.pt\/?product=surf-72-doses","url_meta":{"origin":6587,"position":0},"title":"Surf 72 Doses","date":"Fevereiro 23, 2022","format":false,"excerpt":"Inspirado na natureza, Surf l\u00edrios tropicais e ylang ylang vai proporcionar \u00e0 sua roupa uma lavagem eficaz, acompanhada de uma explos\u00e3o de perfume tropical. Descobre mais sobre as fragr\u00e2ncias fabulosas de Surf! Tipo de produto: Detergente P\u00f3 Notas\/Frag\u00e2ncia: TropicalBenef\u00edcios: - Frescura durado...","rel":"","context":"Similar post","img":{"alt_text":"","src":"https:\/\/i0.wp.com\/mundo.seashell.pt\/wp-content\/uploads\/2022\/02\/media__1_.jpeg?resize=350%2C200&ssl=1","width":350,"height":200},"classes":[]},{"id":6523,"url":"https:\/\/mundo.seashell.pt\/?product=surf-det-liquido-para-maquina-de-lavar-roupa-72-doses","url_meta":{"origin":6587,"position":1},"title":"Surf Det. L\u00edquido para M\u00e1quina de Lavar Roupa 72 Doses","date":"Fevereiro 23, 2022","format":false,"excerpt":"Descri\u00e7\u00e3o: Inspirado na natureza, Surf vai proporcionar \u00e0 sua roupa uma lavagem eficaz, acompanhada de uma explos\u00e3o de v\u00e1rias fregr\u00e2ncias Tipo de produto: Detergente L\u00edquidoBenef\u00edcios: - Frescura duradoura;- Explos\u00e3o de perfume;- Aroma energizante. Conselhos de utiliza\u00e7\u00e3o: O seu...","rel":"","context":"Similar post","img":{"alt_text":"","src":"https:\/\/i0.wp.com\/mundo.seashell.pt\/wp-content\/uploads\/2022\/02\/SURF_LI_QUIDO_TROPICAL_-_3_6L_-_72D_8710847988172.png?resize=350%2C200&ssl=1","width":350,"height":200},"classes":[]},{"id":6611,"url":"https:\/\/mundo.seashell.pt\/?product=lenor-unstoppable-perolas-fresh-210gr","url_meta":{"origin":6587,"position":2},"title":"Lenor Unstoppable P\u00e9rolas Fresh 210gr","date":"Fevereiro 23, 2022","format":false,"excerpt":"Dispon\u00edvel em diferentes fragr\u00e2ncias, Lenor Unstoppables d\u00e1 uma frescura \u00e0 sua roupa. Com a sua explos\u00e3o de perfume que perdura, as suas roupas v\u00e3o estar sempre prontas a ser usadas com o seu perfume favorito. Unstoppables Fresh tem um aroma de frutas c\u00edtricas e fruta fresca, envolvida em notas florais.\u2026","rel":"","context":"Similar post","img":{"alt_text":"","src":"https:\/\/i0.wp.com\/mundo.seashell.pt\/wp-content\/uploads\/2022\/02\/UNSTOPPABLES_LENOR_PE_ROLAS_FRESH_140G_8001841006680.png?resize=350%2C200&ssl=1","width":350,"height":200},"classes":[]},{"id":6609,"url":"https:\/\/mundo.seashell.pt\/?product=lenor-perolas-april-fresh-210gr","url_meta":{"origin":6587,"position":3},"title":"Lenor P\u00e9rolas April Fresh 210gr","date":"Fevereiro 23, 2022","format":false,"excerpt":"Para uma explos\u00e3o de frescura entre lavagens, Lenor infunde as suas roupas com a fragr\u00e2ncia april fresh. Envolvido na fragr\u00e2ncia das flores de primavera e toques de patchouli natural e cedro branco, pode esperar uma experi\u00eancia revitalizante e revigorante, onde vai sentir-se revigorada e totalmente renovada. Os intensificadores de fragr\u00e2ncia\u2026","rel":"","context":"Similar post","img":{"alt_text":"","src":"https:\/\/i0.wp.com\/mundo.seashell.pt\/wp-content\/uploads\/2022\/02\/LENOR_PE_ROLAS_APRIL_FRESH_140G_8001841566818.png?resize=350%2C200&ssl=1","width":350,"height":200},"classes":[]},{"id":6555,"url":"https:\/\/mundo.seashell.pt\/?product=skip-lavanda-58-doses","url_meta":{"origin":6587,"position":4},"title":"Skip Lavanda 58 doses","date":"Fevereiro 23, 2022","format":false,"excerpt":"Enriquecido com uma fragr\u00e2ncia mais natural, Skip lavanda proporciona \u00e0 sua roupa um delicado perfume e uma frescura duradoura, com efic\u00e1cia na remo\u00e7\u00e3o de n\u00f3doas. Tipo de produto: Detergente P\u00f3 Notas\/Frag\u00e2ncia: LavandaBenef\u00edcios: - Fragr\u00e2ncia mais natural a lavanda;- Frescura intensa e durad...","rel":"","context":"Similar post","img":{"alt_text":"","src":"https:\/\/i0.wp.com\/mundo.seashell.pt\/wp-content\/uploads\/2022\/02\/909100_1.jpeg?resize=350%2C200&ssl=1","width":350,"height":200},"classes":[]},{"id":6589,"url":"https:\/\/mundo.seashell.pt\/?product=surf-amaciador-de-roupa-90-doses","url_meta":{"origin":6587,"position":5},"title":"Surf Amaciador de Roupa 90 Doses","date":"Fevereiro 23, 2022","format":false,"excerpt":"Tipo de Produto: Detergente L\u00edquido Benef\u00edcios: - Explos\u00e3o de perfume duradouro;- 90 doses.","rel":"","context":"Similar post","img":{"alt_text":"","src":"https:\/\/i0.wp.com\/mundo.seashell.pt\/wp-content\/uploads\/2022\/02\/SURF_AMACIADOR_ROSA_ROSMANINHO_1.8L_-_90_DOSES_8720181135101.png?resize=350%2C200&ssl=1","width":350,"height":200},"classes":[]}],"_links":{"self":[{"href":"https:\/\/mundo.seashell.pt\/index.php?rest_route=\/wp\/v2\/product\/6587","targetHints":{"allow":["GET"]}}],"collection":[{"href":"https:\/\/mundo.seashell.pt\/index.php?rest_route=\/wp\/v2\/product"}],"about":[{"href":"https:\/\/mundo.seashell.pt\/index.php?rest_route=\/wp\/v2\/types\/product"}],"wp:featuredmedia":[{"embeddable":true,"href":"https:\/\/mundo.seashell.pt\/index.php?rest_route=\/wp\/v2\/media\/6588"}],"wp:attachment":[{"href":"https:\/\/mundo.seashell.pt\/index.php?rest_route=%2Fwp%2Fv2%2Fmedia&parent=6587"}],"wp:term":[{"taxonomy":"product_cat","embeddable":true,"href":"https:\/\/mundo.seashell.pt\/index.php?rest_route=%2Fwp%2Fv2%2Fproduct_cat&post=6587"},{"taxonomy":"product_tag","embeddable":true,"href":"https:\/\/mundo.seashell.pt\/index.php?rest_route=%2Fwp%2Fv2%2Fproduct_tag&post=6587"}],"curies":[{"name":"wp","href":"https:\/\/api.w.org\/{rel}","templated":true}]}}