{"id":6573,"date":"2022-02-23T18:47:00","date_gmt":"2022-02-23T18:47:00","guid":{"rendered":"https:\/\/mundo.seashell.pt\/?post_type=product&#038;p=6573"},"modified":"2022-02-23T18:47:04","modified_gmt":"2022-02-23T18:47:04","slug":"hansaplast-pensos-universais-sortido-20","status":"publish","type":"product","link":"https:\/\/mundo.seashell.pt\/?product=hansaplast-pensos-universais-sortido-20","title":{"rendered":"Hansaplast Pensos Universais &#8211; Sortido 20"},"content":{"rendered":"<h3>Mix pack para as m\u00e3os<\/h3>\n<p>O Hansaplast Mix pack para as m\u00e3os cont\u00e9m uma variedade de pensos com diferentes formas e materiais, para v\u00e1rios fins. <\/p>\n<p>Os pensos Hansaplast bloqueiam contra sujidade e bact\u00e9rias.<\/p>\n<p>Este formato multiusos \u00e9 ideal para a aplica\u00e7\u00e3o em diferentes zonas das m\u00e3os e dos dedos. <\/p>\n<ul>\n<li>Pensos para Dedos Elastic: pensos de material extra flex\u00edvel e extralongos que enrolam duas vezes \u00e0 volta do dedo<\/li>\n<li>Pensos Universal: repelem a \u00e1gua e a sujidade<\/li>\n<li>Pensos Elastic: material extra flex\u00edvel<\/li>\n<li>Pensos Aqua Protect: 100% \u00e0 prova de \u00e1gua<\/li>\n<li>Pensos Elastic para Articula\u00e7\u00f5es: ideais para articula\u00e7\u00f5es<\/li>\n<\/ul>\n","protected":false},"excerpt":{"rendered":"<p>Mix pack para as m\u00e3os<br \/>\nO Hansaplast Mix pack para as m\u00e3os cont\u00e9m uma variedade de pensos com diferentes formas e materiais, para v\u00e1rios fins.<br \/>\nOs pensos Hansaplast bloqueiam contra sujidade e bact\u00e9rias.<\/p>\n<p>Este formato multiusos \u00e9 ideal para a aplica\u00e7\u00e3o em diferentes zonas das m\u00e3os e dos dedos.<br \/>\nPensos para Ded&#8230;<\/p>\n","protected":false},"featured_media":6574,"template":"","meta":{"spay_email":""},"product_cat":[15],"product_tag":[],"class_list":{"0":"post-6573","1":"product","2":"type-product","3":"status-publish","4":"has-post-thumbnail","6":"product_cat-sem-categoria","8":"first","9":"instock","10":"taxable","11":"shipping-taxable","12":"purchasable","13":"product-type-simple"},"acf":[],"jetpack-related-posts":[{"id":6571,"url":"https:\/\/mundo.seashell.pt\/?product=hansaplast-banda-universal-1m-x-6cm","url_meta":{"origin":6573,"position":0},"title":"Hansaplast Banda Universal 1m x 6cm","date":"Fevereiro 23, 2022","format":false,"excerpt":"Os pensos Hansaplast Universal s\u00e3o adequados para a cobertura e prote\u00e7\u00e3o de todos os tipos de feridas mais pequenas. Os pensos Hansaplast bloqueiam contra sujidade e bact\u00e9rias. O material \u00e9 respir\u00e1vel e resistente \u00e0 \u00e1gua. A compressa n\u00e3o aderente protege e amortece a ferida. A forte adesividade garante que o\u2026","rel":"","context":"Similar post","img":{"alt_text":"","src":"https:\/\/i0.wp.com\/mundo.seashell.pt\/wp-content\/uploads\/2022\/02\/Hansaplast_Banda_Universal_10_bandas_adesivas_1m_x_6cm_4005800174902.png?resize=350%2C200&ssl=1","width":350,"height":200},"classes":[]},{"id":6575,"url":"https:\/\/mundo.seashell.pt\/?product=hansaplast-aqua-protect-20-pensos","url_meta":{"origin":6573,"position":1},"title":"Hansaplast Aqua Protect &#8211; 20 pensos","date":"Fevereiro 23, 2022","format":false,"excerpt":"Aqua protect Pensos 100% \u00e0 prova de \u00e1gua que cobrem e protegem pequenas feridas. O material \u00e9 flex\u00edvel e de material respir\u00e1vel, proporcionando um maior conforto e impedindo a \u00e1gua de entrar em contacto com a ferida. Os pensos Hansaplast bloqueiam contra sujidade e bact\u00e9rias.","rel":"","context":"Similar post","img":{"alt_text":"","src":"https:\/\/i0.wp.com\/mundo.seashell.pt\/wp-content\/uploads\/2022\/02\/Hansaplast_Pensos_Aqua_Protect_-_20_Unid.___2_tamanhos_20_pensos_-_2_tamanhos_4005800431289.png?resize=350%2C200&ssl=1","width":350,"height":200},"classes":[]},{"id":6577,"url":"https:\/\/mundo.seashell.pt\/?product=hansaplast-adesivo-classico-5m-x-125cm","url_meta":{"origin":6573,"position":2},"title":"Hansaplast Adesivo Cl\u00e1ssico 5m x 1,25cm","date":"Fevereiro 23, 2022","format":false,"excerpt":"Fita Adesiva Hansaplast Classic Esta fita adesiva \u00e9 um artigo essencial a ter em casa para primeiros socorros, uma vez que fixa pensos e compressas de forma segura e firme. \u00c9 tamb\u00e9m adequado para fixar equipamento m\u00e9dico, como tubos, cateteres, sondas e instrumentos de medi\u00e7\u00e3o. Pode ser cortada \u00e0 m\u00e3o,\u2026","rel":"","context":"Similar post","img":{"alt_text":"","src":"https:\/\/i0.wp.com\/mundo.seashell.pt\/wp-content\/uploads\/2022\/02\/Hansaplast_Adesivo_Classic_1_bobina_de_adesivo_5m_x_1_25cm_4005800140105.png?resize=350%2C200&ssl=1","width":350,"height":200},"classes":[]},{"id":6239,"url":"https:\/\/mundo.seashell.pt\/?product=lysol-multiusos-500ml","url_meta":{"origin":6573,"position":3},"title":"Lysol Multiusos 500ml","date":"Fevereiro 23, 2022","format":false,"excerpt":"Lysol Desinfetante Multiusos Frescura Elimina a sujidade e as manchas deixando as superf\u00edcies desinfetadas e com uma agrad\u00e1vel fragr\u00e2ncia a Ma\u00e7\u00e3....","rel":"","context":"Similar post","img":{"alt_text":"","src":"https:\/\/i0.wp.com\/mundo.seashell.pt\/wp-content\/uploads\/2022\/02\/Lysol_Desinfetante_Multiusos_Pistola_500ML_x12_5601217134806.jpeg?resize=350%2C200&ssl=1","width":350,"height":200},"classes":[]},{"id":6209,"url":"https:\/\/mundo.seashell.pt\/?product=pano-micronsolo-vileda-100-panos","url_meta":{"origin":6573,"position":4},"title":"Pano MicronSolo &#8211; Vileda (100 panos)","date":"Fevereiro 23, 2022","format":false,"excerpt":"MicronSolo Alta absor\u00e7\u00e3o e rendimento de limpeza O MicronSolo \u00e9 o nosso pano de microfibra descart\u00e1vel com um rendimento de limpeza superior e uma excelente capacidade de absor\u00e7\u00e3o. Comparado com os panos descart\u00e1veis comuns, a limpeza com o pano MicronSolo \u00e9 mais f\u00e1cil e evita infe\u00e7\u00f5es em zonas higienicament...","rel":"","context":"Similar post","img":{"alt_text":"","src":"https:\/\/i0.wp.com\/mundo.seashell.pt\/wp-content\/uploads\/2022\/02\/Micron-Solo-Main-ClonedDuringMediaCleanUp012-carouselImage_PhotoRoom_20210418_122813.jpg?resize=350%2C200&ssl=1","width":350,"height":200},"classes":[]},{"id":6251,"url":"https:\/\/mundo.seashell.pt\/?product=sanytol-multiusos-750ml-1","url_meta":{"origin":6573,"position":5},"title":"Sanytol Multiusos 750ml","date":"Fevereiro 23, 2022","format":false,"excerpt":"Limpador Desinfetante Multiusos \u2013 Eucalipto Mantenha a sua casa saud\u00e1vel com o Desinfetante Multiusos. Pr\u00e1tico e sem lix\u00edvia, limpa todas as superf\u00edcies da casa. Ideal para remover a sujidade do dia a dia e desinfetar tudo numa s\u00f3 passagem. CARACTER\u00cdSTICAS Elimina 99,9% de bact\u00e9rias, fungos, v\u00edru...","rel":"","context":"Similar post","img":{"alt_text":"","src":"https:\/\/i0.wp.com\/mundo.seashell.pt\/wp-content\/uploads\/2022\/02\/SANYTOL_DESINFETANTE_MULTIUSOS_750_ML_8411660670236.png?resize=350%2C200&ssl=1","width":350,"height":200},"classes":[]}],"_links":{"self":[{"href":"https:\/\/mundo.seashell.pt\/index.php?rest_route=\/wp\/v2\/product\/6573","targetHints":{"allow":["GET"]}}],"collection":[{"href":"https:\/\/mundo.seashell.pt\/index.php?rest_route=\/wp\/v2\/product"}],"about":[{"href":"https:\/\/mundo.seashell.pt\/index.php?rest_route=\/wp\/v2\/types\/product"}],"wp:featuredmedia":[{"embeddable":true,"href":"https:\/\/mundo.seashell.pt\/index.php?rest_route=\/wp\/v2\/media\/6574"}],"wp:attachment":[{"href":"https:\/\/mundo.seashell.pt\/index.php?rest_route=%2Fwp%2Fv2%2Fmedia&parent=6573"}],"wp:term":[{"taxonomy":"product_cat","embeddable":true,"href":"https:\/\/mundo.seashell.pt\/index.php?rest_route=%2Fwp%2Fv2%2Fproduct_cat&post=6573"},{"taxonomy":"product_tag","embeddable":true,"href":"https:\/\/mundo.seashell.pt\/index.php?rest_route=%2Fwp%2Fv2%2Fproduct_tag&post=6573"}],"curies":[{"name":"wp","href":"https:\/\/api.w.org\/{rel}","templated":true}]}}