{"id":6527,"date":"2022-02-23T18:45:14","date_gmt":"2022-02-23T18:45:14","guid":{"rendered":"https:\/\/mundo.seashell.pt\/?post_type=product&#038;p=6527"},"modified":"2022-02-23T18:45:17","modified_gmt":"2022-02-23T18:45:17","slug":"ratoeira-para-ratos","status":"publish","type":"product","link":"https:\/\/mundo.seashell.pt\/?product=ratoeira-para-ratos","title":{"rendered":"Ratoeira para Ratos"},"content":{"rendered":"<p>2 ratoeiras para apanhar ratos pequenos ou m\u00e9dios.<\/p>\n<p>2 unidades.<\/p>\n","protected":false},"excerpt":{"rendered":"<p>2 ratoeiras para apanhar ratos pequenos ou m\u00e9dios.<br \/>\n2 unidades.<\/p>\n","protected":false},"featured_media":6528,"template":"","meta":{"spay_email":""},"product_cat":[15],"product_tag":[],"class_list":{"0":"post-6527","1":"product","2":"type-product","3":"status-publish","4":"has-post-thumbnail","6":"product_cat-sem-categoria","8":"first","9":"instock","10":"taxable","11":"shipping-taxable","12":"purchasable","13":"product-type-simple"},"acf":[],"jetpack-related-posts":[{"id":6525,"url":"https:\/\/mundo.seashell.pt\/?product=ratoeira-para-ratazanas","url_meta":{"origin":6527,"position":0},"title":"Ratoeira para Ratazanas","date":"Fevereiro 23, 2022","format":false,"excerpt":"Ratoeira de tamanho grande para apanhar roedores grandes.\u00a0\u00a0","rel":"","context":"Similar post","img":{"alt_text":"","src":"https:\/\/i0.wp.com\/mundo.seashell.pt\/wp-content\/uploads\/2022\/02\/SBM_TRAMPA_GRANDE_MADERA_RATAS_2X1_CAJA_3664715028536_3.png?resize=350%2C200&ssl=1","width":350,"height":200},"classes":[]},{"id":7128,"url":"https:\/\/mundo.seashell.pt\/?product=dum-dum-anti-tracas-2un","url_meta":{"origin":6527,"position":1},"title":"Dum Dum Anti-tra\u00e7as 2un","date":"Fevereiro 23, 2022","format":false,"excerpt":"Com Dum Dum, n\u00e3o escapa um!Conselhos de utiliza\u00e7\u00e3o: Abra a embalagem e pressione para baixo com o dedo na extremidade do gancho de suporte. Pendure no var\u00e3o do roupeiro ou arm\u00e1rio, deixando o ar circular. Em arm\u00e1rios pequenos, use 2 unidades. Em arm\u00e1rios grandes, use 4 unidades.","rel":"","context":"Similar post","img":{"alt_text":"","src":"https:\/\/i0.wp.com\/mundo.seashell.pt\/wp-content\/uploads\/2022\/02\/4695930-frente.jpeg?resize=350%2C200&ssl=1","width":350,"height":200},"classes":[]},{"id":7134,"url":"https:\/\/mundo.seashell.pt\/?product=dum-dum-anti-tracas-dos-alimentos-2un","url_meta":{"origin":6527,"position":2},"title":"Dum Dum Anti-tra\u00e7as dos Alimentos 2un","date":"Fevereiro 23, 2022","format":false,"excerpt":"Com Dum Dum, n\u00e3o escapa um!Descri\u00e7\u00e3o: Deteta e monitoriza as tra\u00e7as que atacam os alimentos, tais como cereais, frutos secos, nozes, sementes, massas, cacau, especiarias e alimentos secos para animais, quando se encontram armazenados. Cont\u00e9m uma feromona que atrai as tra\u00e7as masculinas, as quais ficam colocadas na armadilha. De...","rel":"","context":"Similar post","img":{"alt_text":"","src":"https:\/\/i0.wp.com\/mundo.seashell.pt\/wp-content\/uploads\/2022\/02\/05228018800301____1__600x600.jpeg?resize=350%2C200&ssl=1","width":350,"height":200},"classes":[]},{"id":7132,"url":"https:\/\/mundo.seashell.pt\/?product=raid-anti-tracas-dos-alimentos-3un","url_meta":{"origin":6527,"position":3},"title":"Raid Anti-tra\u00e7as dos Alimentos 3un","date":"Fevereiro 23, 2022","format":false,"excerpt":"Proteja a sua fam\u00edlia. Aproveite cada momento.Descri\u00e7\u00e3o: Deteta e monitoriza as tra\u00e7as que atacam os alimentos, tais como cereais, frutos secos, nozes, sementes, massas, cacau, especiarias e alimentos secos para animais, quando se encontram armazenados. Cont\u00e9m uma feromona que atrai as tra\u00e7as masculinas, as quais ficam col...","rel":"","context":"Similar post","img":{"alt_text":"","src":"https:\/\/i0.wp.com\/mundo.seashell.pt\/wp-content\/uploads\/2022\/02\/5298012-frente.jpeg?resize=350%2C200&ssl=1","width":350,"height":200},"classes":[]},{"id":7248,"url":"https:\/\/mundo.seashell.pt\/?product=ballerina-pano-sintetico-7-unidades","url_meta":{"origin":6527,"position":4},"title":"Ballerina Pano Sint\u00e9tico 7 unidades","date":"Fevereiro 23, 2022","format":false,"excerpt":"Benef\u00edcios: Apanha todo o tipo de sujidade. Conselhos de utiliza\u00e7\u00e3o: Para melhores resultados, enxag\u00fae bem antes de usar pela primeira vez.","rel":"","context":"Similar post","img":{"alt_text":"","src":"https:\/\/i0.wp.com\/mundo.seashell.pt\/wp-content\/uploads\/2022\/02\/2053605-frente.jpeg?resize=350%2C200&ssl=1","width":350,"height":200},"classes":[]},{"id":6331,"url":"https:\/\/mundo.seashell.pt\/?product=ratrom-3g-25-isco-fresco-rodenticida","url_meta":{"origin":6527,"position":5},"title":"Ratrom 3G 25 Isco Fresco Rodenticida","date":"Fevereiro 23, 2022","format":false,"excerpt":"Isco pronto a utilizar contendo como ingrediente ativo o anticoagulante Brodifacume, efetivo em ratos dom\u00e9sticos (mus musculus) e ratos castanhos (rattus norvegicus) mesmo ap\u00f3s uma \u00fanica ingest\u00e3o. A formula\u00e7\u00e3o consiste num isco em pasta \u201cfresca\", particularmente atrativa ao paladar de todas as esp\u00e9cies de roedores descritas. O produto n\u00e3o cau...","rel":"","context":"Similar post","img":{"alt_text":"","src":"https:\/\/i0.wp.com\/mundo.seashell.pt\/wp-content\/uploads\/2022\/02\/SOLIS_Ratrom_3G_25_Isco_Fresco_150gr.png?resize=350%2C200&ssl=1","width":350,"height":200},"classes":[]}],"_links":{"self":[{"href":"https:\/\/mundo.seashell.pt\/index.php?rest_route=\/wp\/v2\/product\/6527","targetHints":{"allow":["GET"]}}],"collection":[{"href":"https:\/\/mundo.seashell.pt\/index.php?rest_route=\/wp\/v2\/product"}],"about":[{"href":"https:\/\/mundo.seashell.pt\/index.php?rest_route=\/wp\/v2\/types\/product"}],"wp:featuredmedia":[{"embeddable":true,"href":"https:\/\/mundo.seashell.pt\/index.php?rest_route=\/wp\/v2\/media\/6528"}],"wp:attachment":[{"href":"https:\/\/mundo.seashell.pt\/index.php?rest_route=%2Fwp%2Fv2%2Fmedia&parent=6527"}],"wp:term":[{"taxonomy":"product_cat","embeddable":true,"href":"https:\/\/mundo.seashell.pt\/index.php?rest_route=%2Fwp%2Fv2%2Fproduct_cat&post=6527"},{"taxonomy":"product_tag","embeddable":true,"href":"https:\/\/mundo.seashell.pt\/index.php?rest_route=%2Fwp%2Fv2%2Fproduct_tag&post=6527"}],"curies":[{"name":"wp","href":"https:\/\/api.w.org\/{rel}","templated":true}]}}