{"id":6513,"date":"2022-02-23T18:44:40","date_gmt":"2022-02-23T18:44:40","guid":{"rendered":"https:\/\/mundo.seashell.pt\/?post_type=product&#038;p=6513"},"modified":"2022-02-23T18:44:42","modified_gmt":"2022-02-23T18:44:42","slug":"super-pop-mll","status":"publish","type":"product","link":"https:\/\/mundo.seashell.pt\/?product=super-pop-mll","title":{"rendered":"Super Pop MLL"},"content":{"rendered":"<p>Super Pop \u00e9 uma marca nacional e est\u00e1 no mercado portugu\u00eas desde 1972! As novas pastilhas para m\u00e1quina de loi\u00e7a Super Pop OxyPlus Tudo em 1 s\u00e3o fortes contra a sujidade da loi\u00e7a e cuidam da m\u00e1quina. Al\u00e9m de removerem eficazmente a gordura mais incrustada e os restos de comida ressequidos de toda a loi\u00e7a, incluindo talheres e inox, tamb\u00e9m protegem a m\u00e1quina, deixando-a limpa e cuidada.<\/p>\n<h3>Tipo de produto:<\/h3>\n<p>Detergente Pastilhas<\/p>\n<h3>Benef\u00edcios:<\/h3>\n<p>&#8211; Forte contra a sujidade, devido \u00e0 fun\u00e7\u00e3o desengordurante;<br \/>&#8211; Cuida da m\u00e1quina;<br \/>&#8211; Eficaz mesmo em ciclos curtos.<\/p>\n<h3>Conselhos de utiliza\u00e7\u00e3o:<\/h3>\n<p>Use s\u00f3 uma c\u00e1psula por lavagem. As c\u00e1psulas est\u00e3o prontas a usar e sem necessidade de tirar o inv\u00f3lucro, pois a pel\u00edcula \u00e9 sol\u00favel. Coloque uma c\u00e1psula na gaveta dispensadora e feche de seguida. Manuseie com as m\u00e3os secas. N\u00e3o abra a embalagem nem perfure a c\u00e1psula. Feche novamente o saco ap\u00f3s cada utiliza\u00e7\u00e3o.<\/p>\n","protected":false},"excerpt":{"rendered":"<p>Super Pop \u00e9 uma marca nacional e est\u00e1 no mercado portugu\u00eas desde 1972! As novas pastilhas para m\u00e1quina de loi\u00e7a Super Pop OxyPlus Tudo em 1 s\u00e3o fortes contra a sujidade da loi\u00e7a e cuidam da m\u00e1quina. Al\u00e9m de removerem eficazmente a gordura mais incrustada e os restos de comida ressequidos de toda a loi\u00e7a, incluindo talheres e inox, tamb\u00e9m prot&#8230;<\/p>\n","protected":false},"featured_media":6514,"template":"","meta":{"spay_email":""},"product_cat":[15],"product_tag":[],"class_list":{"0":"post-6513","1":"product","2":"type-product","3":"status-publish","4":"has-post-thumbnail","6":"product_cat-sem-categoria","8":"first","9":"instock","10":"taxable","11":"shipping-taxable","12":"purchasable","13":"product-type-simple"},"acf":[],"jetpack-related-posts":[{"id":6501,"url":"https:\/\/mundo.seashell.pt\/?product=fairy-fresh-laranja-25-pastilhas","url_meta":{"origin":6513,"position":0},"title":"Fairy Fresh Laranja 25 Pastilhas","date":"Fevereiro 23, 2022","format":false,"excerpt":"As c\u00e1psulas para m\u00e1quina da loi\u00e7a Fairy t\u00eam uma a\u00e7\u00e3o de limpeza \u00e0 primeira e a sua f\u00f3rmula remove mesmo a gordura incrustada. Fairy combina l\u00edquido e p\u00f3 numa s\u00f3 c\u00e1psula poderosa. O seu inv\u00f3lucro ultrassol\u00favel dissolve-se muito mais rapidamente do que as c\u00e1psulas prensadas, por isso come\u00e7am a funcionar\u2026","rel":"","context":"Similar post","img":{"alt_text":"","src":"https:\/\/i0.wp.com\/mundo.seashell.pt\/wp-content\/uploads\/2022\/02\/002299866.jpeg?resize=350%2C200&ssl=1","width":350,"height":200},"classes":[]},{"id":6495,"url":"https:\/\/mundo.seashell.pt\/?product=fairy-aditibvo-limpa-maquinas-2-un","url_meta":{"origin":6513,"position":1},"title":"Fairy Aditibvo Limpa M\u00e1quinas 2 Un","date":"Fevereiro 23, 2022","format":false,"excerpt":"C\u00e1psulas hidrossol\u00faveis prontas a usar para a limpeza da m\u00e1quina de lavar-loi\u00e7a.","rel":"","context":"Similar post","img":{"alt_text":"","src":"https:\/\/i0.wp.com\/mundo.seashell.pt\/wp-content\/uploads\/2022\/02\/000775826.jpeg?resize=350%2C200&ssl=1","width":350,"height":200},"classes":[]},{"id":6477,"url":"https:\/\/mundo.seashell.pt\/?product=super-pop-loica-manual","url_meta":{"origin":6513,"position":2},"title":"Super POP Loi\u00e7a Manual 1L","date":"Fevereiro 23, 2022","format":false,"excerpt":"Super Pop \u00e9 uma marca nacional e est\u00e1 no mercado portugu\u00eas desde 1972! A formula\u00e7\u00e3o de Super Pop Plus+ foi especialmente desenvolvida com poderosos agentes anti-gordura para lavar eficazmente toda a loi\u00e7a, incluindo tachos, panelas e tabuleiros com gordura muito incrustada. Super Pop Plus+ rende mais, pois lava at\u00e9 mais\u2026","rel":"","context":"Similar post","img":{"alt_text":"","src":"https:\/\/i0.wp.com\/mundo.seashell.pt\/wp-content\/uploads\/2022\/02\/SUPER_POP_PLUS___Frutos_Silvestres_1000ml__5600258596802.png?resize=350%2C200&ssl=1","width":350,"height":200},"classes":[]},{"id":6497,"url":"https:\/\/mundo.seashell.pt\/?product=finish-maquina-loica-025l","url_meta":{"origin":6513,"position":3},"title":"Finish M\u00e1quina Loi\u00e7a 250ml","date":"Fevereiro 23, 2022","format":false,"excerpt":"Finish limpa m\u00e1quinas funciona de uma forma segura e eficaz de forma a remover a sujidade e calc\u00e1rio que est\u00e3o dentro da sua m\u00e1quina de loi\u00e7a, incluindo as partes de dif\u00edcil alcance como os filtros, aspersores e canos. Tipo de produto: Aditivo Benef\u00edcios: - Limpeza profunda da sua m\u00e1quina de\u2026","rel":"","context":"Similar post","img":{"alt_text":"","src":"https:\/\/i0.wp.com\/mundo.seashell.pt\/wp-content\/uploads\/2022\/02\/Finish_Limpa_Maq_Limao_x12_8410104702663.png?resize=350%2C200&ssl=1","width":350,"height":200},"classes":[]},{"id":7166,"url":"https:\/\/mundo.seashell.pt\/?product=super-por-loica-manual-700ml","url_meta":{"origin":6513,"position":4},"title":"Super Por Loi\u00e7a Manual 700ml","date":"Fevereiro 23, 2022","format":false,"excerpt":"Super Pop \u00e9 uma marca nacional e est\u00e1 no mercado portugu\u00eas desde 1972! A formula\u00e7\u00e3o de Super Pop Plus+ foi especialmente desenvolvida com poderosos agentes anti-gordura para lavar eficazmente toda a loi\u00e7a, incluindo tachos, panelas e tabuleiros com gordura muito incrustada. Super Pop Plus+ rende mais, pois lava at\u00e9 mais\u2026","rel":"","context":"Similar post","img":{"alt_text":"","src":"https:\/\/i0.wp.com\/mundo.seashell.pt\/wp-content\/uploads\/2022\/02\/5524246-frente.jpeg?resize=350%2C200&ssl=1","width":350,"height":200},"classes":[]},{"id":5880,"url":"https:\/\/mundo.seashell.pt\/?product=super-plus-6kg-loica-automatica","url_meta":{"origin":6513,"position":5},"title":"Detergente Super Plus &#8211; Loi\u00e7a Autom\u00e1tica","date":"Fevereiro 23, 2022","format":false,"excerpt":"Detergente alcalino de elevada concentra\u00e7\u00e3o e poder sequestrante com MGDA para um melhor desempenho e menor impacto ambiental. Concebido para a lavagem autom\u00e1tica da loi\u00e7a.","rel":"","context":"Similar post","img":{"alt_text":"","src":"https:\/\/i0.wp.com\/mundo.seashell.pt\/wp-content\/uploads\/2022\/02\/super_plus.jpg?resize=350%2C200&ssl=1","width":350,"height":200},"classes":[]}],"_links":{"self":[{"href":"https:\/\/mundo.seashell.pt\/index.php?rest_route=\/wp\/v2\/product\/6513","targetHints":{"allow":["GET"]}}],"collection":[{"href":"https:\/\/mundo.seashell.pt\/index.php?rest_route=\/wp\/v2\/product"}],"about":[{"href":"https:\/\/mundo.seashell.pt\/index.php?rest_route=\/wp\/v2\/types\/product"}],"wp:featuredmedia":[{"embeddable":true,"href":"https:\/\/mundo.seashell.pt\/index.php?rest_route=\/wp\/v2\/media\/6514"}],"wp:attachment":[{"href":"https:\/\/mundo.seashell.pt\/index.php?rest_route=%2Fwp%2Fv2%2Fmedia&parent=6513"}],"wp:term":[{"taxonomy":"product_cat","embeddable":true,"href":"https:\/\/mundo.seashell.pt\/index.php?rest_route=%2Fwp%2Fv2%2Fproduct_cat&post=6513"},{"taxonomy":"product_tag","embeddable":true,"href":"https:\/\/mundo.seashell.pt\/index.php?rest_route=%2Fwp%2Fv2%2Fproduct_tag&post=6513"}],"curies":[{"name":"wp","href":"https:\/\/api.w.org\/{rel}","templated":true}]}}