{"id":6495,"date":"2022-02-23T18:43:57","date_gmt":"2022-02-23T18:43:57","guid":{"rendered":"https:\/\/mundo.seashell.pt\/?post_type=product&#038;p=6495"},"modified":"2022-02-23T18:43:57","modified_gmt":"2022-02-23T18:43:57","slug":"fairy-aditibvo-limpa-maquinas-2-un","status":"publish","type":"product","link":"https:\/\/mundo.seashell.pt\/?product=fairy-aditibvo-limpa-maquinas-2-un","title":{"rendered":"Fairy Aditibvo Limpa M\u00e1quinas 2 Un"},"content":{"rendered":"<\/p>\n<ul>\n<li>C\u00e1psulas hidrossol\u00faveis prontas a usar para a limpeza da m\u00e1quina de lavar-loi\u00e7a.<\/li>\n<\/ul>\n","protected":false},"excerpt":{"rendered":"<\/p>\n<ul>\n<li>C\u00e1psulas hidrossol\u00faveis prontas a usar para a limpeza da m\u00e1quina de lavar-loi\u00e7a.<\/li>\n<\/ul>\n","protected":false},"featured_media":6496,"template":"","meta":{"spay_email":""},"product_cat":[15],"product_tag":[],"class_list":{"0":"post-6495","1":"product","2":"type-product","3":"status-publish","4":"has-post-thumbnail","6":"product_cat-sem-categoria","8":"first","9":"instock","10":"taxable","11":"shipping-taxable","12":"purchasable","13":"product-type-simple"},"acf":[],"jetpack-related-posts":[{"id":6501,"url":"https:\/\/mundo.seashell.pt\/?product=fairy-fresh-laranja-25-pastilhas","url_meta":{"origin":6495,"position":0},"title":"Fairy Fresh Laranja 25 Pastilhas","date":"Fevereiro 23, 2022","format":false,"excerpt":"As c\u00e1psulas para m\u00e1quina da loi\u00e7a Fairy t\u00eam uma a\u00e7\u00e3o de limpeza \u00e0 primeira e a sua f\u00f3rmula remove mesmo a gordura incrustada. Fairy combina l\u00edquido e p\u00f3 numa s\u00f3 c\u00e1psula poderosa. O seu inv\u00f3lucro ultrassol\u00favel dissolve-se muito mais rapidamente do que as c\u00e1psulas prensadas, por isso come\u00e7am a funcionar\u2026","rel":"","context":"Similar post","img":{"alt_text":"","src":"https:\/\/i0.wp.com\/mundo.seashell.pt\/wp-content\/uploads\/2022\/02\/002299866.jpeg?resize=350%2C200&ssl=1","width":350,"height":200},"classes":[]},{"id":6513,"url":"https:\/\/mundo.seashell.pt\/?product=super-pop-mll","url_meta":{"origin":6495,"position":1},"title":"Super Pop MLL","date":"Fevereiro 23, 2022","format":false,"excerpt":"Super Pop \u00e9 uma marca nacional e est\u00e1 no mercado portugu\u00eas desde 1972! As novas pastilhas para m\u00e1quina de loi\u00e7a Super Pop OxyPlus Tudo em 1 s\u00e3o fortes contra a sujidade da loi\u00e7a e cuidam da m\u00e1quina. Al\u00e9m de removerem eficazmente a gordura mais incrustada e os restos de comida\u2026","rel":"","context":"Similar post","img":{"alt_text":"","src":"https:\/\/i0.wp.com\/mundo.seashell.pt\/wp-content\/uploads\/2022\/02\/6371924-frente.jpeg?resize=350%2C200&ssl=1","width":350,"height":200},"classes":[]},{"id":5904,"url":"https:\/\/mundo.seashell.pt\/?product=solim-acido-5kg-loica-automatica","url_meta":{"origin":6495,"position":2},"title":"Solim \u00c1cido 5Kg &#8211; Loi\u00e7a Autom\u00e1tica","date":"Fevereiro 23, 2022","format":false,"excerpt":"Detergente \u00e1cido para limpeza de m\u00e1quinas de lavar loi\u00e7a","rel":"","context":"Similar post","img":{"alt_text":"","src":"https:\/\/i0.wp.com\/mundo.seashell.pt\/wp-content\/uploads\/2022\/02\/Solim_A_cido_PhotoRoom_20210402_103416.jpg?resize=350%2C200&ssl=1","width":350,"height":200},"classes":[]},{"id":5842,"url":"https:\/\/mundo.seashell.pt\/?product=neutral-rinse-hp-20kg-loica-automatica","url_meta":{"origin":6495,"position":3},"title":"Abrilhantador Neutral Rinse HP 20Kg &#8211; Loi\u00e7a Autom\u00e1tica","date":"Fevereiro 23, 2022","format":false,"excerpt":"Abrilhantador neutro para facilitar o enxaguamento nas m\u00e1quinas de lavar loi\u00e7a, para \u00e1guas brandas ou de dureza m\u00e9dia.","rel":"","context":"Similar post","img":{"alt_text":"","src":"https:\/\/i0.wp.com\/mundo.seashell.pt\/wp-content\/uploads\/2022\/02\/neutral_rinse_hp.jpg?resize=350%2C200&ssl=1","width":350,"height":200},"classes":[]},{"id":7156,"url":"https:\/\/mundo.seashell.pt\/?product=fairy-lava-loica-manual-jasmim-e-rosa-340ml","url_meta":{"origin":6495,"position":4},"title":"Fairy Lava Loi\u00e7a Manual Jasmim e Rosa 340ml","date":"Fevereiro 23, 2022","format":false,"excerpt":"Eficaz contra a gordura e delicado com as m\u00e3os!Descri\u00e7\u00e3o: O detergente l\u00edquido Fairy limpeza e cuidado oferece-lhe o poder de limpeza que espera do Fairy para eliminar a gordura mais dif\u00edcil, sendo simultaneamente suave e delicado com as suas m\u00e3os. Experimente tamb\u00e9m o detergente para a m\u00e1quina da loi\u00e7a Fairy\u2026","rel":"","context":"Similar post","img":{"alt_text":"","src":"https:\/\/i0.wp.com\/mundo.seashell.pt\/wp-content\/uploads\/2022\/02\/7389281-frente.jpeg?resize=350%2C200&ssl=1","width":350,"height":200},"classes":[]},{"id":5886,"url":"https:\/\/mundo.seashell.pt\/?product=cristal-bar-750ml-loica-automatica","url_meta":{"origin":6495,"position":5},"title":"Detergente Cristal Bar &#8211; Loi\u00e7a Autom\u00e1tica","date":"Fevereiro 23, 2022","format":false,"excerpt":"Detergente alcalino de elevada concentra\u00e7\u00e3o para pequenas m\u00e1quinas de lavar loi\u00e7a, com MGDA para um melhor desempenho e menor impacto ambiental. Concebido para a lavagem autom\u00e1tica da loi\u00e7a.","rel":"","context":"Similar post","img":{"alt_text":"","src":"https:\/\/i0.wp.com\/mundo.seashell.pt\/wp-content\/uploads\/2022\/02\/cristal_bar.jpg?resize=350%2C200&ssl=1","width":350,"height":200},"classes":[]}],"_links":{"self":[{"href":"https:\/\/mundo.seashell.pt\/index.php?rest_route=\/wp\/v2\/product\/6495","targetHints":{"allow":["GET"]}}],"collection":[{"href":"https:\/\/mundo.seashell.pt\/index.php?rest_route=\/wp\/v2\/product"}],"about":[{"href":"https:\/\/mundo.seashell.pt\/index.php?rest_route=\/wp\/v2\/types\/product"}],"wp:featuredmedia":[{"embeddable":true,"href":"https:\/\/mundo.seashell.pt\/index.php?rest_route=\/wp\/v2\/media\/6496"}],"wp:attachment":[{"href":"https:\/\/mundo.seashell.pt\/index.php?rest_route=%2Fwp%2Fv2%2Fmedia&parent=6495"}],"wp:term":[{"taxonomy":"product_cat","embeddable":true,"href":"https:\/\/mundo.seashell.pt\/index.php?rest_route=%2Fwp%2Fv2%2Fproduct_cat&post=6495"},{"taxonomy":"product_tag","embeddable":true,"href":"https:\/\/mundo.seashell.pt\/index.php?rest_route=%2Fwp%2Fv2%2Fproduct_tag&post=6495"}],"curies":[{"name":"wp","href":"https:\/\/api.w.org\/{rel}","templated":true}]}}