{"id":6483,"date":"2022-02-23T18:43:42","date_gmt":"2022-02-23T18:43:42","guid":{"rendered":"https:\/\/mundo.seashell.pt\/?post_type=product&#038;p=6483"},"modified":"2022-02-23T18:43:44","modified_gmt":"2022-02-23T18:43:44","slug":"sun-abrilhantador-045l","status":"publish","type":"product","link":"https:\/\/mundo.seashell.pt\/?product=sun-abrilhantador-045l","title":{"rendered":"Sun Abrilhantador 450ml"},"content":{"rendered":"<p>Sun abrilhantador foi desenvolvido, com a sua f\u00f3rmula boost, para deixar a loi\u00e7a brilhante e sem manchas. Gra\u00e7as \u00e0 secagem r\u00e1pida da loi\u00e7a que potencia, os pratos podem ser armazenados ou reutilizados logo ap\u00f3s a lavagem terminar.<\/p>\n<h3>Tipo de produto:<\/h3>\n<p>Abrilhantador<\/p>\n","protected":false},"excerpt":{"rendered":"<p>Sun abrilhantador foi desenvolvido, com a sua f\u00f3rmula boost, para deixar a loi\u00e7a brilhante e sem manchas. Gra\u00e7as \u00e0 secagem r\u00e1pida da loi\u00e7a que potencia, os pratos podem ser armazenados ou reutilizados logo ap\u00f3s a lavagem terminar.<br \/>\nTipo de produto:<br \/>\nAbrilhantador<\/p>\n","protected":false},"featured_media":6484,"template":"","meta":{"spay_email":""},"product_cat":[15],"product_tag":[],"class_list":{"0":"post-6483","1":"product","2":"type-product","3":"status-publish","4":"has-post-thumbnail","6":"product_cat-sem-categoria","8":"first","9":"instock","10":"taxable","11":"shipping-taxable","12":"purchasable","13":"product-type-simple"},"acf":[],"jetpack-related-posts":[{"id":6505,"url":"https:\/\/mundo.seashell.pt\/?product=sun-pastilhas-maquina-loica","url_meta":{"origin":6483,"position":0},"title":"Sun All in One 30 Pastilhas","date":"Fevereiro 23, 2022","format":false,"excerpt":"As pastilhas Sun All In 1 regular, com a sua f\u00f3rmula All in One, garantem uma limpeza perfeita numa s\u00f3 lavagem. Cont\u00eam abrilhantador e removem as manchas mais dif\u00edceis, mesmo sem pr\u00e9-lavagem. Tipo de produto: Detergente PastilhasBenef\u00edcios: - Anti-gordura e anti-manchas;- Limpeza perfeita;- N\u00e3o necessit...","rel":"","context":"Similar post","img":{"alt_text":"","src":"https:\/\/i0.wp.com\/mundo.seashell.pt\/wp-content\/uploads\/2022\/02\/7128672-frente.jpeg?resize=350%2C200&ssl=1","width":350,"height":200},"classes":[]},{"id":5840,"url":"https:\/\/mundo.seashell.pt\/?product=eco-rinse-5kg-loica-automatica","url_meta":{"origin":6483,"position":1},"title":"Abrilhantador Eco Rinse &#8211; Loi\u00e7a Autom\u00e1tica","date":"Fevereiro 23, 2022","format":false,"excerpt":"Abrilhantador neutro para lavagem mec\u00e2nica de lou\u00e7a para todos os tipos de \u00e1gua.","rel":"","context":"Similar post","img":{"alt_text":"","src":"https:\/\/i0.wp.com\/mundo.seashell.pt\/wp-content\/uploads\/2022\/02\/eco_rinse.jpg?resize=350%2C200&ssl=1","width":350,"height":200},"classes":[]},{"id":5844,"url":"https:\/\/mundo.seashell.pt\/?product=acid-rinse-5kg-loica-automatica","url_meta":{"origin":6483,"position":2},"title":"Abrilhantador Acid Rinse &#8211; Loi\u00e7a Autom\u00e1tica","date":"Fevereiro 23, 2022","format":false,"excerpt":"Abrilhantador \u00e1cido para a lavagem mec\u00e2nica da lou\u00e7a, mesmo na presen\u00e7a de \u00e1guas duras.","rel":"","context":"Similar post","img":{"alt_text":"","src":"https:\/\/i0.wp.com\/mundo.seashell.pt\/wp-content\/uploads\/2022\/02\/acid_rinse.jpg?resize=350%2C200&ssl=1","width":350,"height":200},"classes":[]},{"id":6507,"url":"https:\/\/mundo.seashell.pt\/?product=sun-classic-32-pastilhas","url_meta":{"origin":6483,"position":3},"title":"Sun Classic 32 Pastilhas","date":"Fevereiro 23, 2022","format":false,"excerpt":"As pastilhas Sun Classic, com a sua f\u00f3rmula All in One, garantem uma limpeza perfeita numa s\u00f3 lavagem. Cont\u00eam abrilhantador e removem as manchas mais dif\u00edceis, mesmo sem pr\u00e9-lavagem. Tipo de produto: Detergente Pastilhas Benef\u00edcios: - Anti-gordura e anti-manchas;- Limpeza perfeita;- N\u00e3o necessita de pr\u00e9...","rel":"","context":"Similar post","img":{"alt_text":"","src":"https:\/\/i0.wp.com\/mundo.seashell.pt\/wp-content\/uploads\/2022\/02\/8915914784798.jpeg?resize=350%2C200&ssl=1","width":350,"height":200},"classes":[]},{"id":6479,"url":"https:\/\/mundo.seashell.pt\/?product=fairy-aditivo-abrilhantador-0475l","url_meta":{"origin":6483,"position":4},"title":"Fairy Aditivo Abrilhantador 475ml","date":"Fevereiro 23, 2022","format":false,"excerpt":"Benef\u00edcios: - Acelera a secagem da loi\u00e7a;- Elimina vest\u00edgios e dep\u00f3sitos brancos;- Evita que os pratos fiquem manchados. Conselhos de utiliza\u00e7\u00e3o: Coloque o\u00a0Fairy abrilhantador no respetivo compartimento da m\u00e1quina at\u00e9 o mesmo encher.","rel":"","context":"Similar post","img":{"alt_text":"","src":"https:\/\/i0.wp.com\/mundo.seashell.pt\/wp-content\/uploads\/2022\/02\/2f37ebf-fairy-loica.png?resize=350%2C200&ssl=1","width":350,"height":200},"classes":[]},{"id":5838,"url":"https:\/\/mundo.seashell.pt\/?product=rinse-3-10lt-loica-automatica","url_meta":{"origin":6483,"position":5},"title":"Abrilhantador Rinse 3 10Lt &#8211; Loi\u00e7a Autom\u00e1tica","date":"Fevereiro 23, 2022","format":false,"excerpt":"Abrilhantador \u00e1cido, \u00e0 base de \u00e1cido l\u00e1tico, em concentra\u00e7\u00e3o elevada para a lavagem mec\u00e2nica da lou\u00e7a.","rel":"","context":"Similar post","img":{"alt_text":"","src":"https:\/\/i0.wp.com\/mundo.seashell.pt\/wp-content\/uploads\/2022\/02\/rinse_3.jpg?resize=350%2C200&ssl=1","width":350,"height":200},"classes":[]}],"_links":{"self":[{"href":"https:\/\/mundo.seashell.pt\/index.php?rest_route=\/wp\/v2\/product\/6483","targetHints":{"allow":["GET"]}}],"collection":[{"href":"https:\/\/mundo.seashell.pt\/index.php?rest_route=\/wp\/v2\/product"}],"about":[{"href":"https:\/\/mundo.seashell.pt\/index.php?rest_route=\/wp\/v2\/types\/product"}],"wp:featuredmedia":[{"embeddable":true,"href":"https:\/\/mundo.seashell.pt\/index.php?rest_route=\/wp\/v2\/media\/6484"}],"wp:attachment":[{"href":"https:\/\/mundo.seashell.pt\/index.php?rest_route=%2Fwp%2Fv2%2Fmedia&parent=6483"}],"wp:term":[{"taxonomy":"product_cat","embeddable":true,"href":"https:\/\/mundo.seashell.pt\/index.php?rest_route=%2Fwp%2Fv2%2Fproduct_cat&post=6483"},{"taxonomy":"product_tag","embeddable":true,"href":"https:\/\/mundo.seashell.pt\/index.php?rest_route=%2Fwp%2Fv2%2Fproduct_tag&post=6483"}],"curies":[{"name":"wp","href":"https:\/\/api.w.org\/{rel}","templated":true}]}}