{"id":6459,"date":"2022-02-23T18:42:53","date_gmt":"2022-02-23T18:42:53","guid":{"rendered":"https:\/\/mundo.seashell.pt\/?post_type=product&#038;p=6459"},"modified":"2022-02-23T18:42:57","modified_gmt":"2022-02-23T18:42:57","slug":"novycera-ceramica-flores-05l","status":"publish","type":"product","link":"https:\/\/mundo.seashell.pt\/?product=novycera-ceramica-flores-05l","title":{"rendered":"Novycera Cer\u00e2mica Flores 500ml"},"content":{"rendered":"<p>Lava e Encera Frescura de Flores Novycera 500ml<\/p>\n","protected":false},"excerpt":{"rendered":"<p>Lava e Encera Frescura de Flores Novycera 500ml<\/p>\n","protected":false},"featured_media":6460,"template":"","meta":{"spay_email":""},"product_cat":[15],"product_tag":[],"class_list":{"0":"post-6459","1":"product","2":"type-product","3":"status-publish","4":"has-post-thumbnail","6":"product_cat-sem-categoria","8":"first","9":"instock","10":"taxable","11":"shipping-taxable","12":"purchasable","13":"product-type-simple"},"acf":[],"jetpack-related-posts":[{"id":6461,"url":"https:\/\/mundo.seashell.pt\/?product=novycera-ceramica-alfazema-05l","url_meta":{"origin":6459,"position":0},"title":"Novycera Cer\u00e2mica Alfazema 500ml","date":"Fevereiro 23, 2022","format":false,"excerpt":"Novycera Cer\u00e2mica Alfazema","rel":"","context":"Similar post","img":{"alt_text":"","src":"https:\/\/i0.wp.com\/mundo.seashell.pt\/wp-content\/uploads\/2022\/02\/NOVYCERA_LAVA_ENCERA_CERA_MICAS_ALFAZEMA_500ml.png?resize=350%2C200&ssl=1","width":350,"height":200},"classes":[]},{"id":6463,"url":"https:\/\/mundo.seashell.pt\/?product=novycera-decapante-05l","url_meta":{"origin":6459,"position":1},"title":"Novycera Decapante 500ml","date":"Fevereiro 23, 2022","format":false,"excerpt":"Novycera Decapante 0,5L","rel":"","context":"Similar post","img":{"alt_text":"","src":"https:\/\/i0.wp.com\/mundo.seashell.pt\/wp-content\/uploads\/2022\/02\/NOVYCERA_DECAPANTE_500ml_Ret6.png?resize=350%2C200&ssl=1","width":350,"height":200},"classes":[]},{"id":7046,"url":"https:\/\/mundo.seashell.pt\/?product=novycera-restauradores-de-moveis-500ml","url_meta":{"origin":6459,"position":2},"title":"Novycera Restauradores de Ch\u00e3o 500ml","date":"Fevereiro 23, 2022","format":false,"excerpt":"O Restaurador de Ch\u00e3o de Madeira Envernizado Novycera Madeira \u00e9 muito eficaz a reduzir manchas riscos descolora\u00e7\u00f5es e imperfei\u00e7\u00f5es da madeira envernizada. Usado regularmente restitui a cor \u00e0 madeira e recupera o brilho original do verniz...Benef\u00edcios:- Limpa, cuida e protege a madeira.","rel":"","context":"Similar post","img":{"alt_text":"","src":"https:\/\/i0.wp.com\/mundo.seashell.pt\/wp-content\/uploads\/2022\/02\/chaoenvernaizado_medio.jpeg?resize=350%2C200&ssl=1","width":350,"height":200},"classes":[]},{"id":6337,"url":"https:\/\/mundo.seashell.pt\/?product=novycera-madeiras-05l","url_meta":{"origin":6459,"position":3},"title":"Novycera Madeiras 500ml","date":"Fevereiro 23, 2022","format":false,"excerpt":"Novycera Madeiras 0,5L","rel":"","context":"Similar post","img":{"alt_text":"","src":"https:\/\/i0.wp.com\/mundo.seashell.pt\/wp-content\/uploads\/2022\/02\/NOVYCERA_LIMPADOR_CHAO_MADEIRA_500ml.png?resize=350%2C200&ssl=1","width":350,"height":200},"classes":[]},{"id":6453,"url":"https:\/\/mundo.seashell.pt\/?product=novycera-tijoleira-05l","url_meta":{"origin":6459,"position":4},"title":"Novycera Tijoleiras 500ml","date":"Fevereiro 23, 2022","format":false,"excerpt":"Cera l\u00edquida acr\u00edlica novycera encarnada 500 ml","rel":"","context":"Similar post","img":{"alt_text":"","src":"https:\/\/i0.wp.com\/mundo.seashell.pt\/wp-content\/uploads\/2022\/02\/NOVYCERA_CERA_ACRILICA_TIJOLEIRAS_500ml.png?resize=350%2C200&ssl=1","width":350,"height":200},"classes":[]},{"id":6299,"url":"https:\/\/mundo.seashell.pt\/?product=ajax-lava-tudo-festa-das-flores-1l","url_meta":{"origin":6459,"position":5},"title":"Ajax Lava-Tudo Festa das Flores 1l","date":"Fevereiro 23, 2022","format":false,"excerpt":"Ajax ajuda na limpeza da casa. Deixa as suas superf\u00edcies limpas e brilhantes facilmente! Ajax lava tudo multisuperf\u00edcies para uso dom\u00e9stico, com uma nova f\u00f3rmula mais eficaz e a pensar no nosso planeta. Adicione agrad\u00e1veis aromas florais a todas as superf\u00edcies brilhantes com o lava tudo multisuperf\u00edcies Ajax festa de\u2026","rel":"","context":"Similar post","img":{"alt_text":"","src":"https:\/\/i0.wp.com\/mundo.seashell.pt\/wp-content\/uploads\/2022\/02\/Ajax_Festa_Flores_Floral_1_litro_8718951337688.png?resize=350%2C200&ssl=1","width":350,"height":200},"classes":[]}],"_links":{"self":[{"href":"https:\/\/mundo.seashell.pt\/index.php?rest_route=\/wp\/v2\/product\/6459","targetHints":{"allow":["GET"]}}],"collection":[{"href":"https:\/\/mundo.seashell.pt\/index.php?rest_route=\/wp\/v2\/product"}],"about":[{"href":"https:\/\/mundo.seashell.pt\/index.php?rest_route=\/wp\/v2\/types\/product"}],"wp:featuredmedia":[{"embeddable":true,"href":"https:\/\/mundo.seashell.pt\/index.php?rest_route=\/wp\/v2\/media\/6460"}],"wp:attachment":[{"href":"https:\/\/mundo.seashell.pt\/index.php?rest_route=%2Fwp%2Fv2%2Fmedia&parent=6459"}],"wp:term":[{"taxonomy":"product_cat","embeddable":true,"href":"https:\/\/mundo.seashell.pt\/index.php?rest_route=%2Fwp%2Fv2%2Fproduct_cat&post=6459"},{"taxonomy":"product_tag","embeddable":true,"href":"https:\/\/mundo.seashell.pt\/index.php?rest_route=%2Fwp%2Fv2%2Fproduct_tag&post=6459"}],"curies":[{"name":"wp","href":"https:\/\/api.w.org\/{rel}","templated":true}]}}