{"id":6413,"date":"2022-02-23T18:41:30","date_gmt":"2022-02-23T18:41:30","guid":{"rendered":"https:\/\/mundo.seashell.pt\/?post_type=product&#038;p=6413"},"modified":"2022-02-23T18:41:32","modified_gmt":"2022-02-23T18:41:32","slug":"cif-spray-inox-043l","status":"publish","type":"product","link":"https:\/\/mundo.seashell.pt\/?product=cif-spray-inox-043l","title":{"rendered":"CIF Spray Inox 430ml"},"content":{"rendered":"<p>Cif Perfect Finish inox foi desenvolvido cientificamente para remover manchas dif\u00edceis como dedadas, marcas de \u00e1gua e gordura. Garante 100% brilho sem manchas em superf\u00edcies de inox.<\/p>\n<h3>Benef\u00edcios:<\/h3>\n<p>&#8211; 100% de brilho sem manchas.<\/p>\n<h3>Conselhos de utiliza\u00e7\u00e3o:<\/h3>\n<p>Pressione o fecho de seguran\u00e7a enquanto gira o bocal do spray para a posi\u00e7\u00e3o de utiliza\u00e7\u00e3o. Aplique diretamente em superf\u00edcies frias. Garanta que o produto est\u00e1 bem distribu\u00eddo com um pano h\u00famido. Limpe com um pano h\u00famido e lavado e de seguida, enxague bem. Para melhores resultados, seque as superf\u00edcies depois de enxaguar. Ap\u00f3s utiliza\u00e7\u00e3o, volte a colocar na posi\u00e7\u00e3o de seguran\u00e7a stop.<\/p>\n<p><\/p>\n<p><\/p>\n","protected":false},"excerpt":{"rendered":"<p>Cif Perfect Finish inox foi desenvolvido cientificamente para remover manchas dif\u00edceis como dedadas, marcas de \u00e1gua e gordura. Garante 100% brilho sem manchas em superf\u00edcies de inox.<br \/>\nBenef\u00edcios:<br \/>\n&#8211; 100% de brilho sem manchas.<br \/>\nConselhos de utiliza\u00e7\u00e3o:<br \/>\nPressione o fecho de seguran\u00e7a enquanto gira o bocal do spray &#8230;<\/p>\n","protected":false},"featured_media":6414,"template":"","meta":{"spay_email":""},"product_cat":[15],"product_tag":[],"class_list":{"0":"post-6413","1":"product","2":"type-product","3":"status-publish","4":"has-post-thumbnail","6":"product_cat-sem-categoria","8":"first","9":"instock","10":"taxable","11":"shipping-taxable","12":"purchasable","13":"product-type-simple"},"acf":[],"jetpack-related-posts":[{"id":6405,"url":"https:\/\/mundo.seashell.pt\/?product=cif-spray-cozinhas-075l","url_meta":{"origin":6413,"position":0},"title":"CIF Spray Cozinhas 750ml","date":"Fevereiro 23, 2022","format":false,"excerpt":"Desde sempre que a preocupa\u00e7\u00e3o com o resultado final, tem sido a constante da marca Cif. Com conhecimento profundo da sujidade e das superf\u00edcies, desenvolve os melhores produtos de limpeza, para os consumidores mais exigentes. Dentro do universo dos detergentes, Cif apresenta uma gama bastante alargada e diversificada, capaz de\u2026","rel":"","context":"Similar post","img":{"alt_text":"","src":"https:\/\/i0.wp.com\/mundo.seashell.pt\/wp-content\/uploads\/2022\/02\/CIF_SPRAY_COZINHA_-_750ml_8712561142342.png?resize=350%2C200&ssl=1","width":350,"height":200},"classes":[]},{"id":6379,"url":"https:\/\/mundo.seashell.pt\/?product=cif-anticalcario-spray-043l","url_meta":{"origin":6413,"position":1},"title":"Cif Anticalc\u00e1rio Spray 430ml","date":"Fevereiro 23, 2022","format":false,"excerpt":"Cif Perfect Finish remove bolores foi desenvolvido cientificamente para remover manchas de bolor, podendo ser utilizado em diferentes superf\u00edcies tais como banheiras, sanitas, azuleijos e argamassa, deixando as superf\u00edcies no seu melhor.Benef\u00edcios: - 100% remo\u00e7\u00e3o de manchas de bolor. Conselhos de utiliza\u00e7\u00e3o: P...","rel":"","context":"Similar post","img":{"alt_text":"","src":"https:\/\/i0.wp.com\/mundo.seashell.pt\/wp-content\/uploads\/2022\/02\/CIF_SPRAY_ANTI_BOLORES_-_435ml_8710447376201.png?resize=350%2C200&ssl=1","width":350,"height":200},"classes":[]},{"id":6441,"url":"https:\/\/mundo.seashell.pt\/?product=cif-spray-anti-bolores-0435l","url_meta":{"origin":6413,"position":2},"title":"CIF Spray Anti-Bolores 435ml","date":"Fevereiro 23, 2022","format":false,"excerpt":"Cif Perfect Finish remove bolores foi desenvolvido cientificamente para remover manchas de bolor, podendo ser utilizado em diferentes superf\u00edcies tais como banheiras, sanitas, azuleijos e argamassa, deixando as superf\u00edcies no seu melhor. Benef\u00edcios: - 100% remo\u00e7\u00e3o de manchas de bolor. Conselhos de utiliza\u00e7\u00e3o: P...","rel":"","context":"Similar post","img":{"alt_text":"","src":"https:\/\/i0.wp.com\/mundo.seashell.pt\/wp-content\/uploads\/2022\/02\/CIF_SPRAY_ANTI_BOLORES_-_435ml_8710447376201-1.png?resize=350%2C200&ssl=1","width":350,"height":200},"classes":[]},{"id":6343,"url":"https:\/\/mundo.seashell.pt\/?product=cif-limpa-vidros-power-shine-075l","url_meta":{"origin":6413,"position":3},"title":"Cif Limpa Vidros Power &#038; Shine  750ml","date":"Fevereiro 23, 2022","format":false,"excerpt":"Cif Power & Shine vidros remove facilmente marcas de \u00e1gua e manchas das janelas e superf\u00edcies vidradas, assim como as torna repelentes \u00e0 \u00e1gua. Isto previne que as gotas de \u00e1gua adiram \u00e0s superf\u00edcies, para poder desfrutar as suas superf\u00edcies brilhantes por mais tempo.Benef\u00edcios: - Brilho sem manchas;- Remove dedadas\u2026","rel":"","context":"Similar post","img":{"alt_text":"","src":"https:\/\/i0.wp.com\/mundo.seashell.pt\/wp-content\/uploads\/2022\/02\/CIF_SPRAY_LIMPA_VIDROS_-_750ml_8714100508022.png?resize=350%2C200&ssl=1","width":350,"height":200},"classes":[]},{"id":6377,"url":"https:\/\/mundo.seashell.pt\/?product=cif-multiusos-com-lixivia-075l","url_meta":{"origin":6413,"position":4},"title":"Cif Multiusos com L\u00edx\u00edvia 750ml","date":"Fevereiro 23, 2022","format":false,"excerpt":"As poderosas mol\u00e9culas do Cif spray Power & Shine multiusos com lix\u00edvia limpam instant\u00e2nea e profundamente, eliminando os diferentes tipos de sujidade da casa. Deixa a sua casa brilhante e higienicamente limpa, sem manchas nem marcas de \u00e1gua. Remove at\u00e9 100% das manchas de bolor e gordura.Benef\u00edcios: - 100% remo\u00e7\u00e3o\u2026","rel":"","context":"Similar post","img":{"alt_text":"","src":"https:\/\/i0.wp.com\/mundo.seashell.pt\/wp-content\/uploads\/2022\/02\/CIF_SPRAY_MULTI_C__LIXI_VIA_-_750ml_8710908859502.png?resize=350%2C200&ssl=1","width":350,"height":200},"classes":[]},{"id":6411,"url":"https:\/\/mundo.seashell.pt\/?product=cif-fornos-e-grelhas-043l","url_meta":{"origin":6413,"position":5},"title":"CIF Fornos e Grelhas 430ml","date":"Fevereiro 23, 2022","format":false,"excerpt":"Cif Perfect Finish fornos e grelhadores foi desenvolvido cientificamente para remover 100% de gordura incrustada. A sua f\u00f3rmula poderosa com agentes desengordurantes elimina at\u00e9 a gordura mais dif\u00edcil do forno, fog\u00e3o e grelhador. Benef\u00edcios: - 100% remo\u00e7\u00e3o de gordura dif\u00edcil. Conselhos de utiliza\u00e7\u00e3o: Pressione ...","rel":"","context":"Similar post","img":{"alt_text":"","src":"https:\/\/i0.wp.com\/mundo.seashell.pt\/wp-content\/uploads\/2022\/02\/CIF_SPRAY_FORNOS_E_GRELHADORES-_435ml_8710447376133.png?resize=350%2C200&ssl=1","width":350,"height":200},"classes":[]}],"_links":{"self":[{"href":"https:\/\/mundo.seashell.pt\/index.php?rest_route=\/wp\/v2\/product\/6413","targetHints":{"allow":["GET"]}}],"collection":[{"href":"https:\/\/mundo.seashell.pt\/index.php?rest_route=\/wp\/v2\/product"}],"about":[{"href":"https:\/\/mundo.seashell.pt\/index.php?rest_route=\/wp\/v2\/types\/product"}],"wp:featuredmedia":[{"embeddable":true,"href":"https:\/\/mundo.seashell.pt\/index.php?rest_route=\/wp\/v2\/media\/6414"}],"wp:attachment":[{"href":"https:\/\/mundo.seashell.pt\/index.php?rest_route=%2Fwp%2Fv2%2Fmedia&parent=6413"}],"wp:term":[{"taxonomy":"product_cat","embeddable":true,"href":"https:\/\/mundo.seashell.pt\/index.php?rest_route=%2Fwp%2Fv2%2Fproduct_cat&post=6413"},{"taxonomy":"product_tag","embeddable":true,"href":"https:\/\/mundo.seashell.pt\/index.php?rest_route=%2Fwp%2Fv2%2Fproduct_tag&post=6413"}],"curies":[{"name":"wp","href":"https:\/\/api.w.org\/{rel}","templated":true}]}}