{"id":6411,"date":"2022-02-23T18:41:28","date_gmt":"2022-02-23T18:41:28","guid":{"rendered":"https:\/\/mundo.seashell.pt\/?post_type=product&#038;p=6411"},"modified":"2022-02-23T18:41:30","modified_gmt":"2022-02-23T18:41:30","slug":"cif-fornos-e-grelhas-043l","status":"publish","type":"product","link":"https:\/\/mundo.seashell.pt\/?product=cif-fornos-e-grelhas-043l","title":{"rendered":"CIF Fornos e Grelhas 430ml"},"content":{"rendered":"<p>Cif Perfect Finish fornos e grelhadores foi desenvolvido cientificamente para remover 100% de gordura incrustada. A sua f\u00f3rmula poderosa com agentes desengordurantes elimina at\u00e9 a gordura mais dif\u00edcil do forno, fog\u00e3o e grelhador.<\/p>\n<h3>Benef\u00edcios:<\/h3>\n<p>&#8211; 100% remo\u00e7\u00e3o de gordura dif\u00edcil.<\/p>\n<h3>Conselhos de utiliza\u00e7\u00e3o:<\/h3>\n<p>Pressione o fecho de seguran\u00e7a enquanto gira o bocal do spray para a posi\u00e7\u00e3o de utiliza\u00e7\u00e3o. Aplique diretamente em superf\u00edcies frias at\u00e9 cobrir a totalidade. Deixe atuar at\u00e9 30 minutos dependendo da sujidade. Enxague de seguida. Ap\u00f3s utiliza\u00e7\u00e3o, volte a colocar na posi\u00e7\u00e3o de seguran\u00e7a stop. Manter num local fresco e na posi\u00e7\u00e3o vertical. Tamb\u00e9m adequado para churrasqueiras.<\/p>\n<p><\/p>\n<p><\/p>\n","protected":false},"excerpt":{"rendered":"<p>Cif Perfect Finish fornos e grelhadores foi desenvolvido cientificamente para remover 100% de gordura incrustada. A sua f\u00f3rmula poderosa com agentes desengordurantes elimina at\u00e9 a gordura mais dif\u00edcil do forno, fog\u00e3o e grelhador.<br \/>\nBenef\u00edcios:<br \/>\n&#8211; 100% remo\u00e7\u00e3o de gordura dif\u00edcil.<br \/>\nConselhos de utiliza\u00e7\u00e3o:<br \/>\nPressione &#8230;<\/p>\n","protected":false},"featured_media":6412,"template":"","meta":{"spay_email":""},"product_cat":[15],"product_tag":[],"class_list":{"0":"post-6411","1":"product","2":"type-product","3":"status-publish","4":"has-post-thumbnail","6":"product_cat-sem-categoria","8":"first","9":"instock","10":"taxable","11":"shipping-taxable","12":"purchasable","13":"product-type-simple"},"acf":[],"jetpack-related-posts":[{"id":6399,"url":"https:\/\/mundo.seashell.pt\/?product=kh-7-tira-gorduras-075l","url_meta":{"origin":6411,"position":0},"title":"KH-7 Tira Gorduras 750ml","date":"Fevereiro 23, 2022","format":false,"excerpt":"Se procura a m\u00e1xima efici\u00eancia, fa\u00e7a do KH-7 a estrela dos seus produtos de limpeza! Gra\u00e7as ao seu c\u00f3modo pulverizador, poder\u00e1 aplicar o produto facilmente em qualquer lugar, utilizando apenas a dose que necessita. Spray KH-7 tira gorduras concentrado, produto profissional. Produto de limpeza universal para cozinha, grelhador, forno, r...","rel":"","context":"Similar post","img":{"alt_text":"","src":"https:\/\/i0.wp.com\/mundo.seashell.pt\/wp-content\/uploads\/2022\/02\/KH7_TIRA_GORDURAS_PULV._750ml.png?resize=350%2C200&ssl=1","width":350,"height":200},"classes":[]},{"id":6401,"url":"https:\/\/mundo.seashell.pt\/?product=kh-7-tira-gorduras-recarda-075l","url_meta":{"origin":6411,"position":1},"title":"KH-7 Tira Gorduras Recarda 750ml","date":"Fevereiro 23, 2022","format":false,"excerpt":"Se procura a m\u00e1xima efici\u00eancia, fa\u00e7a do KH-7 a estrela dos seus produtos de limpeza! Gra\u00e7as ao seu c\u00f3modo pulverizador, poder\u00e1 aplicar o produto facilmente em qualquer lugar, utilizando apenas a dose que necessita. Spray KH-7 tira gorduras concentrado, produto profissional. Produto de limpeza universal para cozinha, grelhador, forno, r...","rel":"","context":"Similar post","img":{"alt_text":"","src":"https:\/\/i0.wp.com\/mundo.seashell.pt\/wp-content\/uploads\/2022\/02\/KH7_TIRA_GORDURAS_REC._750ml.png?resize=350%2C200&ssl=1","width":350,"height":200},"classes":[]},{"id":6413,"url":"https:\/\/mundo.seashell.pt\/?product=cif-spray-inox-043l","url_meta":{"origin":6411,"position":2},"title":"CIF Spray Inox 430ml","date":"Fevereiro 23, 2022","format":false,"excerpt":"Cif Perfect Finish inox foi desenvolvido cientificamente para remover manchas dif\u00edceis como dedadas, marcas de \u00e1gua e gordura. Garante 100% brilho sem manchas em superf\u00edcies de inox. Benef\u00edcios: - 100% de brilho sem manchas. Conselhos de utiliza\u00e7\u00e3o: Pressione o fecho de seguran\u00e7a enquanto gira o bocal do spray ...","rel":"","context":"Similar post","img":{"alt_text":"","src":"https:\/\/i0.wp.com\/mundo.seashell.pt\/wp-content\/uploads\/2022\/02\/CIF_SPRAY_INOX_-_435ml_8710447376324.png?resize=350%2C200&ssl=1","width":350,"height":200},"classes":[]},{"id":5688,"url":"https:\/\/mundo.seashell.pt\/?product=grill-cleaner-plus-500ml","url_meta":{"origin":6411,"position":3},"title":"Desengordurante Natural Grill Cleaner Plus 500Ml","date":"Fevereiro 23, 2022","format":false,"excerpt":"Desengordurante altamente eficaz para remover gordura queimada.","rel":"","context":"Similar post","img":{"alt_text":"","src":"https:\/\/i0.wp.com\/mundo.seashell.pt\/wp-content\/uploads\/2022\/02\/grill_cleaner.jpg?resize=350%2C200&ssl=1","width":350,"height":200},"classes":[]},{"id":6405,"url":"https:\/\/mundo.seashell.pt\/?product=cif-spray-cozinhas-075l","url_meta":{"origin":6411,"position":4},"title":"CIF Spray Cozinhas 750ml","date":"Fevereiro 23, 2022","format":false,"excerpt":"Desde sempre que a preocupa\u00e7\u00e3o com o resultado final, tem sido a constante da marca Cif. Com conhecimento profundo da sujidade e das superf\u00edcies, desenvolve os melhores produtos de limpeza, para os consumidores mais exigentes. Dentro do universo dos detergentes, Cif apresenta uma gama bastante alargada e diversificada, capaz de\u2026","rel":"","context":"Similar post","img":{"alt_text":"","src":"https:\/\/i0.wp.com\/mundo.seashell.pt\/wp-content\/uploads\/2022\/02\/CIF_SPRAY_COZINHA_-_750ml_8712561142342.png?resize=350%2C200&ssl=1","width":350,"height":200},"classes":[]},{"id":6409,"url":"https:\/\/mundo.seashell.pt\/?product=cif-ultra-desengordurante-05l","url_meta":{"origin":6411,"position":5},"title":"CIF Ultra Desengordurante 500ml","date":"Fevereiro 23, 2022","format":false,"excerpt":"ra\u00e7as \u00e0 sua f\u00f3rmula exclusiva multi active system, Cif ultra desengordurante, com agentes de limpeza, garante uma a\u00e7\u00e3o poderosa a desengordurar mesmo sobre as gorduras mais dif\u00edceis. Conta ainda com uma agrad\u00e1vel frag\u00e2ncia de sab\u00e3o de Marselha.Benef\u00edcios: - Ultra poderoso a remover a gordura;- Indicado para uso dentro e fo...","rel":"","context":"Similar post","img":{"alt_text":"","src":"https:\/\/i0.wp.com\/mundo.seashell.pt\/wp-content\/uploads\/2022\/02\/CIF_SPRAY_ULTRA_DESENGORDURANTE_-_500ml_8710908796128.png?resize=350%2C200&ssl=1","width":350,"height":200},"classes":[]}],"_links":{"self":[{"href":"https:\/\/mundo.seashell.pt\/index.php?rest_route=\/wp\/v2\/product\/6411","targetHints":{"allow":["GET"]}}],"collection":[{"href":"https:\/\/mundo.seashell.pt\/index.php?rest_route=\/wp\/v2\/product"}],"about":[{"href":"https:\/\/mundo.seashell.pt\/index.php?rest_route=\/wp\/v2\/types\/product"}],"wp:featuredmedia":[{"embeddable":true,"href":"https:\/\/mundo.seashell.pt\/index.php?rest_route=\/wp\/v2\/media\/6412"}],"wp:attachment":[{"href":"https:\/\/mundo.seashell.pt\/index.php?rest_route=%2Fwp%2Fv2%2Fmedia&parent=6411"}],"wp:term":[{"taxonomy":"product_cat","embeddable":true,"href":"https:\/\/mundo.seashell.pt\/index.php?rest_route=%2Fwp%2Fv2%2Fproduct_cat&post=6411"},{"taxonomy":"product_tag","embeddable":true,"href":"https:\/\/mundo.seashell.pt\/index.php?rest_route=%2Fwp%2Fv2%2Fproduct_tag&post=6411"}],"curies":[{"name":"wp","href":"https:\/\/api.w.org\/{rel}","templated":true}]}}