{"id":6375,"date":"2022-02-23T11:59:10","date_gmt":"2022-02-23T11:59:10","guid":{"rendered":"https:\/\/mundo.seashell.pt\/?post_type=product&#038;p=6375"},"modified":"2022-02-23T11:59:12","modified_gmt":"2022-02-23T11:59:12","slug":"cif-creme-branco-05l","status":"publish","type":"product","link":"https:\/\/mundo.seashell.pt\/?product=cif-creme-branco-05l","title":{"rendered":"Cif Creme Branco 500ml"},"content":{"rendered":"<p>Deixa as superf\u00edcies brilhantes, removendo a sujidade incrustada.<\/p>\n<p>Cif creme original com microcristais remove a sujidade a 100% e garante uma limpeza brilhante e um inconfund\u00edvel aroma a lim\u00e3o. Os milh\u00f5es de micropart\u00edculas contidas em cada gota limpam cozinhas, casas de banho e muito mais.<\/p>\n<h3>Benef\u00edcios:<\/h3>\n<p>&#8211; Remove restos de comida queimada;<br \/>&#8211; Remove sujidade incrustada e gordura dif\u00edcil.<\/p>\n<h3>Conselhos de utiliza\u00e7\u00e3o:<\/h3>\n<p>Aplique na superf\u00edcie, utilizando um pano h\u00famido. Em seguida, enxag\u00fae o excesso e limpe suavemente.<\/p>\n<h3>Dicas:<\/h3>\n<p>Experimente tamb\u00e9m os restantes produtos da gama Cif cremes: lim\u00e3o, pink flowers, ativo com lix\u00edvia e original.<\/p>\n<p><\/p>\n","protected":false},"excerpt":{"rendered":"<p>Deixa as superf\u00edcies brilhantes, removendo a sujidade incrustada.<br \/>\nCif creme original com microcristais remove a sujidade a 100% e garante uma limpeza brilhante e um inconfund\u00edvel aroma a lim\u00e3o. Os milh\u00f5es de micropart\u00edculas contidas em cada gota limpam cozinhas, casas de banho e muito mais.Benef\u00edcios:<br \/>\n&#8211; Remove restos de&#8230;<\/p>\n","protected":false},"featured_media":6376,"template":"","meta":{"spay_email":""},"product_cat":[15],"product_tag":[],"class_list":{"0":"post-6375","1":"product","2":"type-product","3":"status-publish","4":"has-post-thumbnail","6":"product_cat-sem-categoria","8":"first","9":"instock","10":"taxable","11":"shipping-taxable","12":"purchasable","13":"product-type-simple"},"acf":[],"jetpack-related-posts":[{"id":6373,"url":"https:\/\/mundo.seashell.pt\/?product=cif-creme-limao-05l","url_meta":{"origin":6375,"position":0},"title":"Cif Creme Lim\u00e3o 500ml","date":"Fevereiro 23, 2022","format":false,"excerpt":"Deixa as superf\u00edcies brilhantes, removendo a sujidade incrustada. Cif creme de lim\u00e3o com microcristais remove a sujidade a 100% e garante uma limpeza brilhante e um inconfund\u00edvel aroma a lim\u00e3o. Os milh\u00f5es de micropart\u00edculas contidas em cada gota limpam cozinhas, casas de banho e muito mais. Notas\/Frag\u00e2ncia: Lim\u00e3o","rel":"","context":"Similar post","img":{"alt_text":"","src":"https:\/\/i0.wp.com\/mundo.seashell.pt\/wp-content\/uploads\/2022\/02\/CIF_CREME_LIMA_O_-_500ml_8717163617618.png?resize=350%2C200&ssl=1","width":350,"height":200},"classes":[]},{"id":6371,"url":"https:\/\/mundo.seashell.pt\/?product=cif-creme-ativo-com-lixivia-05l","url_meta":{"origin":6375,"position":1},"title":"Cif Creme Ativo com Lix\u00edvia 500ml","date":"Fevereiro 23, 2022","format":false,"excerpt":"Cif creme com l\u00edxivia desengordura, elimina sem esfor\u00e7o a sujidade dif\u00edcil e limpa em profundidade, fazendo brilhar todas as superf\u00edcies. Gra\u00e7as \u00e0 sua formula com microcristais, remove a sujidade a 100%.Benef\u00edcios: - Remove restos de comida queimada;- Remove sujidade incrustada e gordura dif\u00edcil. Conselhos de utili...","rel":"","context":"Similar post","img":{"alt_text":"","src":"https:\/\/i0.wp.com\/mundo.seashell.pt\/wp-content\/uploads\/2022\/02\/CIF_CREME_ATIVO_C__LIXI_VIA_-_500ml_8717163617656.png?resize=350%2C200&ssl=1","width":350,"height":200},"classes":[]},{"id":6473,"url":"https:\/\/mundo.seashell.pt\/?product=cif-active-gel-06l","url_meta":{"origin":6375,"position":2},"title":"CIF Active Gel 600ml","date":"Fevereiro 23, 2022","format":false,"excerpt":"Descri\u00e7\u00e3o: O detergente de loi\u00e7a manual concentrado Cif remove as gorduras e sujidade mais dif\u00edceis, de forma f\u00e1cil e eficaz. Com extratos de lim\u00e3o e a sua f\u00f3rmula concentrada, deixa a sua loi\u00e7a limpa e brilhante. Tipo de produto: Detergente ManualBenef\u00edcios: '- F\u00f3rmula concentrada;- Excelente at\u00e9 ...","rel":"","context":"Similar post","img":{"alt_text":"","src":"https:\/\/i0.wp.com\/mundo.seashell.pt\/wp-content\/uploads\/2022\/02\/CIF_ACTIVE_GEL_LIMA_O_-_600ML_8720181142284.png?resize=350%2C200&ssl=1","width":350,"height":200},"classes":[]},{"id":6343,"url":"https:\/\/mundo.seashell.pt\/?product=cif-limpa-vidros-power-shine-075l","url_meta":{"origin":6375,"position":3},"title":"Cif Limpa Vidros Power &#038; Shine  750ml","date":"Fevereiro 23, 2022","format":false,"excerpt":"Cif Power & Shine vidros remove facilmente marcas de \u00e1gua e manchas das janelas e superf\u00edcies vidradas, assim como as torna repelentes \u00e0 \u00e1gua. Isto previne que as gotas de \u00e1gua adiram \u00e0s superf\u00edcies, para poder desfrutar as suas superf\u00edcies brilhantes por mais tempo.Benef\u00edcios: - Brilho sem manchas;- Remove dedadas\u2026","rel":"","context":"Similar post","img":{"alt_text":"","src":"https:\/\/i0.wp.com\/mundo.seashell.pt\/wp-content\/uploads\/2022\/02\/CIF_SPRAY_LIMPA_VIDROS_-_750ml_8714100508022.png?resize=350%2C200&ssl=1","width":350,"height":200},"classes":[]},{"id":6405,"url":"https:\/\/mundo.seashell.pt\/?product=cif-spray-cozinhas-075l","url_meta":{"origin":6375,"position":4},"title":"CIF Spray Cozinhas 750ml","date":"Fevereiro 23, 2022","format":false,"excerpt":"Desde sempre que a preocupa\u00e7\u00e3o com o resultado final, tem sido a constante da marca Cif. Com conhecimento profundo da sujidade e das superf\u00edcies, desenvolve os melhores produtos de limpeza, para os consumidores mais exigentes. Dentro do universo dos detergentes, Cif apresenta uma gama bastante alargada e diversificada, capaz de\u2026","rel":"","context":"Similar post","img":{"alt_text":"","src":"https:\/\/i0.wp.com\/mundo.seashell.pt\/wp-content\/uploads\/2022\/02\/CIF_SPRAY_COZINHA_-_750ml_8712561142342.png?resize=350%2C200&ssl=1","width":350,"height":200},"classes":[]},{"id":6377,"url":"https:\/\/mundo.seashell.pt\/?product=cif-multiusos-com-lixivia-075l","url_meta":{"origin":6375,"position":5},"title":"Cif Multiusos com L\u00edx\u00edvia 750ml","date":"Fevereiro 23, 2022","format":false,"excerpt":"As poderosas mol\u00e9culas do Cif spray Power & Shine multiusos com lix\u00edvia limpam instant\u00e2nea e profundamente, eliminando os diferentes tipos de sujidade da casa. Deixa a sua casa brilhante e higienicamente limpa, sem manchas nem marcas de \u00e1gua. Remove at\u00e9 100% das manchas de bolor e gordura.Benef\u00edcios: - 100% remo\u00e7\u00e3o\u2026","rel":"","context":"Similar post","img":{"alt_text":"","src":"https:\/\/i0.wp.com\/mundo.seashell.pt\/wp-content\/uploads\/2022\/02\/CIF_SPRAY_MULTI_C__LIXI_VIA_-_750ml_8710908859502.png?resize=350%2C200&ssl=1","width":350,"height":200},"classes":[]}],"_links":{"self":[{"href":"https:\/\/mundo.seashell.pt\/index.php?rest_route=\/wp\/v2\/product\/6375","targetHints":{"allow":["GET"]}}],"collection":[{"href":"https:\/\/mundo.seashell.pt\/index.php?rest_route=\/wp\/v2\/product"}],"about":[{"href":"https:\/\/mundo.seashell.pt\/index.php?rest_route=\/wp\/v2\/types\/product"}],"wp:featuredmedia":[{"embeddable":true,"href":"https:\/\/mundo.seashell.pt\/index.php?rest_route=\/wp\/v2\/media\/6376"}],"wp:attachment":[{"href":"https:\/\/mundo.seashell.pt\/index.php?rest_route=%2Fwp%2Fv2%2Fmedia&parent=6375"}],"wp:term":[{"taxonomy":"product_cat","embeddable":true,"href":"https:\/\/mundo.seashell.pt\/index.php?rest_route=%2Fwp%2Fv2%2Fproduct_cat&post=6375"},{"taxonomy":"product_tag","embeddable":true,"href":"https:\/\/mundo.seashell.pt\/index.php?rest_route=%2Fwp%2Fv2%2Fproduct_tag&post=6375"}],"curies":[{"name":"wp","href":"https:\/\/api.w.org\/{rel}","templated":true}]}}