{"id":6349,"date":"2022-02-23T11:58:10","date_gmt":"2022-02-23T11:58:10","guid":{"rendered":"https:\/\/mundo.seashell.pt\/?post_type=product&#038;p=6349"},"modified":"2022-02-23T11:58:12","modified_gmt":"2022-02-23T11:58:12","slug":"ajax-limpa-vidros-cristal-pistola-05l","status":"publish","type":"product","link":"https:\/\/mundo.seashell.pt\/?product=ajax-limpa-vidros-cristal-pistola-05l","title":{"rendered":"Ajax Limpa Vidros Cristal (Pistola) 500ml"},"content":{"rendered":"<p>Descubra a efic\u00e1cia de Ajax limpa vidros! Para janelas 100% transparentes e sem riscos, Ajax Cristal limpa r\u00e1pida e facilmente toda a sujidade.<\/p>\n<h3>Benef\u00edcios:<\/h3>\n<p>&#8211; Janelas 100% transparentes;<br \/>&#8211; Reduz o efeito de embaciamento;<br \/>&#8211; Anti riscos.<\/p>\n<h3>Conselhos de utiliza\u00e7\u00e3o:<\/h3>\n<p>Pulverize a superf\u00edcie a limpar e passe com um pano limpo e seco.<\/p>\n<p><\/p>\n","protected":false},"excerpt":{"rendered":"<p>Descubra a efic\u00e1cia de Ajax limpa vidros! Para janelas 100% transparentes e sem riscos, Ajax Cristal limpa r\u00e1pida e facilmente toda a sujidade.<br \/>\nBenef\u00edcios:<br \/>\n&#8211; Janelas 100% transparentes;- Reduz o efeito de embaciamento;- Anti riscos.<br \/>\nConselhos de utiliza\u00e7\u00e3o:<br \/>\nPulverize a superf\u00edcie a limpar e passe com um&#8230;<\/p>\n","protected":false},"featured_media":6350,"template":"","meta":{"spay_email":""},"product_cat":[15],"product_tag":[],"class_list":{"0":"post-6349","1":"product","2":"type-product","3":"status-publish","4":"has-post-thumbnail","6":"product_cat-sem-categoria","8":"first","9":"instock","10":"taxable","11":"shipping-taxable","12":"purchasable","13":"product-type-simple"},"acf":[],"jetpack-related-posts":[{"id":6351,"url":"https:\/\/mundo.seashell.pt\/?product=ajax-limpa-vidros-crstal-05l","url_meta":{"origin":6349,"position":0},"title":"Ajax Limpa Vidros Crstal 500ml","date":"Fevereiro 23, 2022","format":false,"excerpt":"Descubra a efic\u00e1cia de Ajax limpa vidros! Para janelas 100% transparentes e sem riscos, Ajax Cristal limpa r\u00e1pida e facilmente toda a sujidade. Benef\u00edcios: - Janelas 100% transparentes;- Reduz o efeito de embaciamento;- Anti riscos. Conselhos de utiliza\u00e7\u00e3o: Pulverize a superf\u00edcie a limpar e passe com um...","rel":"","context":"Similar post","img":{"alt_text":"","src":"https:\/\/i0.wp.com\/mundo.seashell.pt\/wp-content\/uploads\/2022\/02\/Ajax_L.Vidros_Cristal_Rec._500_ml_8718951037878.png?resize=350%2C200&ssl=1","width":350,"height":200},"classes":[]},{"id":6347,"url":"https:\/\/mundo.seashell.pt\/?product=ajax-limpa-vidros-squeeze-05l","url_meta":{"origin":6349,"position":1},"title":"Ajax Limpa Vidros Squeeze 500ml","date":"Fevereiro 23, 2022","format":false,"excerpt":"Gra\u00e7as ao poder utra-efic\u00e1z da am\u00f3nia, a nova f\u00f3rmula de Ajax Vidros dissolve r\u00e1pida e facilmente toda a sujidade, n\u00e3o deixando res\u00edduos, para janelas e superf\u00edcies lav\u00e1veis totalmente trasnparentes e 100% sem riscos.","rel":"","context":"Similar post","img":{"alt_text":"","src":"https:\/\/i0.wp.com\/mundo.seashell.pt\/wp-content\/uploads\/2022\/02\/Ajax_L.Vidros_500_ml__Squeeze__5601123903015.png?resize=350%2C200&ssl=1","width":350,"height":200},"classes":[]},{"id":6381,"url":"https:\/\/mundo.seashell.pt\/?product=ajax-multiusos-spray-boost-vinagre-e-maca-05l","url_meta":{"origin":6349,"position":2},"title":"Ajax Multiusos Spray Boost Vinagre e Ma\u00e7\u00e3 500ml","date":"Fevereiro 23, 2022","format":false,"excerpt":"Ajax ajuda na limpeza da casa. Deixa as suas superf\u00edcies limpas e brilhantes facilmente! Com ingredientes naturais, Ajax Boost multiusos proporciona uma limpeza profunda deixando as superf\u00edcies brilhantes e com a agrad\u00e1vel fragr\u00e2ncia a ma\u00e7\u00e3 verde. Notas\/Frag\u00e2ncia: Vinagre e Ma\u00e7\u00e3Benef\u00edcios: - Elimina manc...","rel":"","context":"Similar post","img":{"alt_text":"","src":"https:\/\/i0.wp.com\/mundo.seashell.pt\/wp-content\/uploads\/2022\/02\/Ajax_BOOST_Spray_Multiusos_500ml_8718951189881.png?resize=350%2C200&ssl=1","width":350,"height":200},"classes":[]},{"id":6415,"url":"https:\/\/mundo.seashell.pt\/?product=ajax-boost-cozinha-05l","url_meta":{"origin":6349,"position":3},"title":"Ajax Boost Cozinha 500ml","date":"Fevereiro 23, 2022","format":false,"excerpt":"Benef\u00edcios: - Desengordura em profundidade. Conselhos de utiliza\u00e7\u00e3o: Rode o pulverizador para a posi\u00e7\u00e3o \u00abon\u00bb. Pulverize diretamente as superf\u00edcies a limpar. Deixe o produto atuar alguns segundos, enxaguando de seguida com \u00e1gua limpa. No caso de gordura persistente, pulverize cuidadosamente, deixe atuar durante cinco m...","rel":"","context":"Similar post","img":{"alt_text":"","src":"https:\/\/i0.wp.com\/mundo.seashell.pt\/wp-content\/uploads\/2022\/02\/Ajax_BOOST_Spray_Cozinha_500ml_8718951189850.png?resize=350%2C200&ssl=1","width":350,"height":200},"classes":[]},{"id":6385,"url":"https:\/\/mundo.seashell.pt\/?product=ajax-casa-de-banho-anticalcario-05l","url_meta":{"origin":6349,"position":4},"title":"Ajax Casa de Banho Anticalc\u00e1rio 500ml","date":"Fevereiro 23, 2022","format":false,"excerpt":"Garante uma limpeza poderosa que remove a 100% o calc\u00e1rio incrustrado nas torneiras, duche, lavat\u00f3rios, azulejos e outras \u00e1reas.Benef\u00edcios:","rel":"","context":"Similar post","img":{"alt_text":"","src":"https:\/\/i0.wp.com\/mundo.seashell.pt\/wp-content\/uploads\/2022\/02\/Ajax_WC_Anti_Calca_rio_SPRAY_500ml_8718951282728.png?resize=350%2C200&ssl=1","width":350,"height":200},"classes":[]},{"id":6345,"url":"https:\/\/mundo.seashell.pt\/?product=sonasol-vidros-05l","url_meta":{"origin":6349,"position":5},"title":"Sonasol Vidros 500ml","date":"Fevereiro 23, 2022","format":false,"excerpt":"Sonasol brilhante vidros elimina eficazmente a sujidades e deixa os seus vidros limpos e 100% brilhantes. Benef\u00edcios: - 100% mais brilho e prote\u00e7\u00e3o. Conselhos de utiliza\u00e7\u00e3o: Pulverize sobre a superf\u00edcie que pretende limpar e passe um pano enxuto.","rel":"","context":"Similar post","img":{"alt_text":"","src":"https:\/\/i0.wp.com\/mundo.seashell.pt\/wp-content\/uploads\/2022\/02\/SONASOL_BRILHANTE_VIDROS_SPRAY_0L500_8410436343497.png?resize=350%2C200&ssl=1","width":350,"height":200},"classes":[]}],"_links":{"self":[{"href":"https:\/\/mundo.seashell.pt\/index.php?rest_route=\/wp\/v2\/product\/6349","targetHints":{"allow":["GET"]}}],"collection":[{"href":"https:\/\/mundo.seashell.pt\/index.php?rest_route=\/wp\/v2\/product"}],"about":[{"href":"https:\/\/mundo.seashell.pt\/index.php?rest_route=\/wp\/v2\/types\/product"}],"wp:featuredmedia":[{"embeddable":true,"href":"https:\/\/mundo.seashell.pt\/index.php?rest_route=\/wp\/v2\/media\/6350"}],"wp:attachment":[{"href":"https:\/\/mundo.seashell.pt\/index.php?rest_route=%2Fwp%2Fv2%2Fmedia&parent=6349"}],"wp:term":[{"taxonomy":"product_cat","embeddable":true,"href":"https:\/\/mundo.seashell.pt\/index.php?rest_route=%2Fwp%2Fv2%2Fproduct_cat&post=6349"},{"taxonomy":"product_tag","embeddable":true,"href":"https:\/\/mundo.seashell.pt\/index.php?rest_route=%2Fwp%2Fv2%2Fproduct_tag&post=6349"}],"curies":[{"name":"wp","href":"https:\/\/api.w.org\/{rel}","templated":true}]}}