{"id":6215,"date":"2022-02-23T11:54:01","date_gmt":"2022-02-23T11:54:01","guid":{"rendered":"https:\/\/mundo.seashell.pt\/?post_type=product&#038;p=6215"},"modified":"2022-02-23T11:54:08","modified_gmt":"2022-02-23T11:54:08","slug":"salva-unhas-verde-vileda-caixa-de-10","status":"publish","type":"product","link":"https:\/\/mundo.seashell.pt\/?product=salva-unhas-verde-vileda-caixa-de-10","title":{"rendered":"Salva Unhas Verde &#8211; Vileda (caixa de 10)"},"content":{"rendered":"<h2>Salva-unhas M\u00e9dio<\/h2>\n<h2>Limpar com abras\u00e3o moderada<\/h2>\n<p>Sua al\u00e7a de espuma \u00e9 macia para as m\u00e3os, proporciona uma boa ader\u00eancia e melhora a ergonomia. \u00c9 o aliado perfeito para o seu esfreg\u00e3o verde para uma limpeza moderada.<\/p>\n<h3><\/h3>\n<h3>Benef\u00edcios do produto<\/h3>\n<ul>\n<li>Esfreg\u00e3o abrasivo de alta qualidade e alto desempenho com al\u00e7a de espuma de f\u00e1cil ader\u00eancia<\/li>\n<li>Ideal para lavagem geral e elimina\u00e7\u00e3o de res\u00edduos encrostados.<\/li>\n<li>A al\u00e7a de espuma protege os dedos e mant\u00e9m o esfreg\u00e3o plano para contato m\u00e1ximo com a superf\u00edcie de limpeza<\/li>\n<\/ul>\n","protected":false},"excerpt":{"rendered":"<p>Sua al\u00e7a de espuma \u00e9 macia para as m\u00e3os, proporciona uma boa ader\u00eancia e melhora a ergonomia. \u00c9 o aliado perfeito para o seu esfreg\u00e3o verde para uma limpeza moderada.<\/p>\n","protected":false},"featured_media":6216,"template":"","meta":{"spay_email":""},"product_cat":[15],"product_tag":[],"class_list":{"0":"post-6215","1":"product","2":"type-product","3":"status-publish","4":"has-post-thumbnail","6":"product_cat-sem-categoria","8":"first","9":"instock","10":"taxable","11":"shipping-taxable","12":"purchasable","13":"product-type-simple"},"acf":[],"jetpack-related-posts":[{"id":6213,"url":"https:\/\/mundo.seashell.pt\/?product=salva-unhas-preto-vileda-caixa-de-10","url_meta":{"origin":6215,"position":0},"title":"Salva Unhas Preto &#8211; Vileda (caixa de 10)","date":"Fevereiro 23, 2022","format":false,"excerpt":"Salva-unhas Preto Limpeza com alta abras\u00e3o A espuma \u00e9 macia para as m\u00e3os, proporciona uma boa ader\u00eancia e melhora a ergonomia. \u00c9 o aliado perfeito para o seu esfreg\u00e3o preto para uma limpeza mais agressiva.Benef\u00edcios do produto Esfreg\u00e3o abrasivo preto de alto desempenho com al\u00e7a de espuma de f\u00e1cil ader\u00eanc...","rel":"","context":"Similar post","img":{"alt_text":"","src":"https:\/\/i0.wp.com\/mundo.seashell.pt\/wp-content\/uploads\/2022\/02\/02-scouring-03-high-foam-backed-scourers-03-high-foam-backed-scourer-heavy-duty-heavy-duty-detail-02-580x550_PhotoRoom_20210418_123155.jpg?resize=350%2C200&ssl=1","width":350,"height":200},"classes":[]},{"id":6217,"url":"https:\/\/mundo.seashell.pt\/?product=salva-unhas-azul-vileda-caixa-de-10","url_meta":{"origin":6215,"position":1},"title":"Salva Unhas Azul &#8211; Vileda (caixa de 10)","date":"Fevereiro 23, 2022","format":false,"excerpt":"Estrutura macia e azul, mais eficaz na remo\u00e7\u00e3o de marcas do que esponjas brancas, mas ainda lisa para superf\u00edcies","rel":"","context":"Similar post","img":{"alt_text":"","src":"https:\/\/i0.wp.com\/mundo.seashell.pt\/wp-content\/uploads\/2022\/02\/02-scouring-03-high-foam-backed-scourers-02-high-foam-backed-scourer-soft-portrait_PhotoRoom_20210418_123400.jpg?resize=350%2C200&ssl=1","width":350,"height":200},"classes":[]},{"id":6219,"url":"https:\/\/mundo.seashell.pt\/?product=salva-unhas-puractive-vileda-10-unidades","url_meta":{"origin":6215,"position":2},"title":"Salva Unhas PurActive &#8211; Vileda (10 unidades)","date":"Fevereiro 23, 2022","format":false,"excerpt":"PurActive Toque suave, trabalho duro em v\u00e1rias superf\u00edcies A espuma \u00e9 macia para as m\u00e3os, proporciona uma boa ader\u00eancia e melhora a ergonomia, pode ser usada para limpar v\u00e1rios tipos de superf\u00edcies para um resultado brilhante. O revestimento especial PurActives levanta facilmente a sujidade persistente enquanto cuida das sup...","rel":"","context":"Similar post","img":{"alt_text":"","src":"https:\/\/i0.wp.com\/mundo.seashell.pt\/wp-content\/uploads\/2022\/02\/02-scouring-04-pur-active-01-pur-active-portrait_PhotoRoom_20210418_123224.jpg?resize=350%2C200&ssl=1","width":350,"height":200},"classes":[]},{"id":6221,"url":"https:\/\/mundo.seashell.pt\/?product=esfregao-verde-vileda-10-unidades","url_meta":{"origin":6215,"position":3},"title":"Esfreg\u00e3o Verde &#8211; Vileda (10 unidades)","date":"Fevereiro 23, 2022","format":false,"excerpt":"Esfreg\u00e3o Verde com esponja. Esfreg\u00f5es de alta qualidade, para todos os tipos de limpeza. Muitos esfreg\u00f5es s\u00e3o parecidos por fora, mas se voc\u00ea escolher Vileda, perceber\u00e1 rapidamente a diferen\u00e7a, tanto em termos de qualidade quanto de resultado final.","rel":"","context":"Similar post","img":{"alt_text":"","src":"https:\/\/i0.wp.com\/mundo.seashell.pt\/wp-content\/uploads\/2022\/02\/Esfregao_vileda.jpg?resize=350%2C200&ssl=1","width":350,"height":200},"classes":[]},{"id":6223,"url":"https:\/\/mundo.seashell.pt\/?product=esfregao-verde-cortado-vileda-10-unidades","url_meta":{"origin":6215,"position":4},"title":"Esfreg\u00e3o Verde Cortado &#8211; Vileda (10 unidades)","date":"Fevereiro 23, 2022","format":false,"excerpt":"Esfreg\u00e3o Verde Muitos esfreg\u00f5es parecem iguais no exterior, mas se escolher a Vileda, perceber\u00e1 rapidamente a diferen\u00e7a, tanto em termos de qualidade como de resultado final. Os esfreg\u00f5es de baixa qualidade desgastam-se rapidamente quando a camada superior de fibras abrasivas se desgasta, deixando um esfreg\u00e3o que requer mais tempo e\u2026","rel":"","context":"Similar post","img":{"alt_text":"","src":"https:\/\/i0.wp.com\/mundo.seashell.pt\/wp-content\/uploads\/2022\/02\/02-scouring-02-handpads-04-handpad-super-scourers-scene_PhotoRoom_20210418_123417.jpg?resize=350%2C200&ssl=1","width":350,"height":200},"classes":[]},{"id":6225,"url":"https:\/\/mundo.seashell.pt\/?product=esfregao-verde-em-rolo-vileda-6-metros","url_meta":{"origin":6215,"position":5},"title":"Esfreg\u00e3o Verde em Rolo &#8211; Vileda (6 metros)","date":"Fevereiro 23, 2022","format":false,"excerpt":"Esfreg\u00e3o Verde. Muitos esfreg\u00f5es parecem iguais no exterior, mas se escolher a Vileda, perceber\u00e1 rapidamente a diferen\u00e7a, tanto em termos de qualidade como de resultado final. Os esfreg\u00f5es de baixa qualidade desgastam-se rapidamente quando a camada superior de fibras abrasivas se desgasta, deixando um esfreg\u00e3o que requer mais tempo e\u2026","rel":"","context":"Similar post","img":{"alt_text":"","src":"https:\/\/i0.wp.com\/mundo.seashell.pt\/wp-content\/uploads\/2022\/02\/02-scouring-02-handpads-04-handpad-super-scourers-scene_PhotoRoom_20210418_123417-1.jpg?resize=350%2C200&ssl=1","width":350,"height":200},"classes":[]}],"_links":{"self":[{"href":"https:\/\/mundo.seashell.pt\/index.php?rest_route=\/wp\/v2\/product\/6215","targetHints":{"allow":["GET"]}}],"collection":[{"href":"https:\/\/mundo.seashell.pt\/index.php?rest_route=\/wp\/v2\/product"}],"about":[{"href":"https:\/\/mundo.seashell.pt\/index.php?rest_route=\/wp\/v2\/types\/product"}],"wp:featuredmedia":[{"embeddable":true,"href":"https:\/\/mundo.seashell.pt\/index.php?rest_route=\/wp\/v2\/media\/6216"}],"wp:attachment":[{"href":"https:\/\/mundo.seashell.pt\/index.php?rest_route=%2Fwp%2Fv2%2Fmedia&parent=6215"}],"wp:term":[{"taxonomy":"product_cat","embeddable":true,"href":"https:\/\/mundo.seashell.pt\/index.php?rest_route=%2Fwp%2Fv2%2Fproduct_cat&post=6215"},{"taxonomy":"product_tag","embeddable":true,"href":"https:\/\/mundo.seashell.pt\/index.php?rest_route=%2Fwp%2Fv2%2Fproduct_tag&post=6215"}],"curies":[{"name":"wp","href":"https:\/\/api.w.org\/{rel}","templated":true}]}}