{"id":6209,"date":"2022-02-23T11:53:52","date_gmt":"2022-02-23T11:53:52","guid":{"rendered":"https:\/\/mundo.seashell.pt\/?post_type=product&#038;p=6209"},"modified":"2022-02-23T11:53:56","modified_gmt":"2022-02-23T11:53:56","slug":"pano-micronsolo-vileda-100-panos","status":"publish","type":"product","link":"https:\/\/mundo.seashell.pt\/?product=pano-micronsolo-vileda-100-panos","title":{"rendered":"Pano MicronSolo &#8211; Vileda (100 panos)"},"content":{"rendered":"<h2>MicronSolo<\/h2>\n<h3>Alta absor\u00e7\u00e3o e rendimento de limpeza<\/h3>\n<p>O MicronSolo \u00e9 o nosso<strong> pano de microfibra descart\u00e1vel <\/strong>com um rendimento de limpeza superior e uma excelente capacidade de absor\u00e7\u00e3o. Comparado com os panos descart\u00e1veis comuns, a limpeza com o pano MicronSolo \u00e9 mais f\u00e1cil e evita infe\u00e7\u00f5es em zonas higienicamente sens\u00edveis<\/p>\n<h3>Os benef\u00edcios com o pano MicronSolo<\/h3>\n<ul>\n<li>Feito das microfibras mis finas para um rendimento de limpeza superior. <\/li>\n<li>Elimina\u00e7\u00e3o eficiente mesmo da sujidade mais gordurosa. <\/li>\n<li>Alto rendimento na elimina\u00e7\u00e3o de part\u00edculas para obter resultados r\u00e1pidos<\/li>\n<li>99,98% de elimina\u00e7\u00e3o de bact\u00e9rias e germes certificada por um instituto independente<\/li>\n<li>99,51% de elimina\u00e7\u00e3o do v\u00edrus BCoV certificado por um instituto de provas independente<\/li>\n<li>Elevada absor\u00e7\u00e3o para uma boa recolha de res\u00edduos numa s\u00f3 passagem.<\/li>\n<\/ul>\n<p>Utiliza o pano MicronSolo com <strong>\u00e1gua ou um produto de limpeza<\/strong>, dependendo da sujidade que desejes remover. Encomenda os teus panos de limpeza MicronSolo agora!<\/p>\n<p>A fun\u00e7\u00e3o de absor\u00e7\u00e3o t\u00e3o alta do MicronSolo permite limpar <strong>grandes quantidades numa \u00fanica passagem<\/strong> e al\u00e9m disso remove at\u00e9 mesmo a sujidade gordurosa de muitos tipos de superf\u00edcies, como pl\u00e1stico, a\u00e7o inoxid\u00e1vel, cer\u00e2mica ou cristal.<\/p>\n<p>O pano absorvente descart\u00e1vel \u00e9 especialmente adequado para tarefas de limpeza exigentes em<strong> zonas higienicamente sens\u00edveis,<\/strong> gra\u00e7as \u00e0 sua reconhecida capacidade de elimina\u00e7\u00e3o de <strong>bact\u00e9rias e germes de 99,98%<\/strong> e \u00e0 elimina\u00e7\u00e3o do pano ap\u00f3s o seu uso, evitando assim os riscos de contamina\u00e7\u00e3o cruzada. Quando se trata de \u00e1reas higienicamente sens\u00edveis, como quartos de pacientes, WC e salas de cirurgia ou \u00e1reas que entram em contato com alimentos, MicronSolo \u00e9 o pano de limpeza de confian\u00e7a.<\/p>\n<p>Limpa cada \u00e1rea com MicronSolo!<\/p>\n<h3>Uma cor diferente para cada <\/h3>\n<p>O pano da Vileda MicronSolo est\u00e1 dispon\u00edvel em diferentes cores. Separa as \u00e1reas de limpeza com os panos de limpeza de diferentes cores. Se procuras panos de limpeza multiuso, d\u00e1 uma vista de olhos ao pano MicronQuick, tamb\u00e9m tem um excelente rendimento de limpeza.<\/p>\n","protected":false},"excerpt":{"rendered":"<p>MicronSolo<br \/>\nAlta absor\u00e7\u00e3o e rendimento de limpeza<br \/>\nO MicronSolo \u00e9 o nosso pano de microfibra descart\u00e1vel com um rendimento de limpeza superior e uma excelente capacidade de absor\u00e7\u00e3o. Comparado com os panos descart\u00e1veis comuns, a limpeza com o pano MicronSolo \u00e9 mais f\u00e1cil e evita infe\u00e7\u00f5es em zonas higienicament&#8230;<\/p>\n","protected":false},"featured_media":6210,"template":"","meta":{"spay_email":""},"product_cat":[15],"product_tag":[],"class_list":{"0":"post-6209","1":"product","2":"type-product","3":"status-publish","4":"has-post-thumbnail","6":"product_cat-sem-categoria","8":"first","9":"instock","10":"taxable","11":"shipping-taxable","12":"purchasable","13":"product-type-simple"},"acf":[],"jetpack-related-posts":[{"id":6175,"url":"https:\/\/mundo.seashell.pt\/?product=pano-micronquick-5-panos","url_meta":{"origin":6209,"position":0},"title":"Pano MicronQuick (5 panos)","date":"Fevereiro 23, 2022","format":false,"excerpt":"MicronQuick Um rendimento de limpeza superior todos os dias Com o pano MicronQuick, que pode ser lavado na m\u00e1quina, pode economizar tempo na limpeza di\u00e1ria. O nosso pano MicronQuick est\u00e1 feito de microfibras patenteadas, alcan\u00e7ando um desempenho de limpeza superior mesmo em estruturas microsc\u00f3picas. ...","rel":"","context":"Similar post","img":{"alt_text":"","src":"https:\/\/i0.wp.com\/mundo.seashell.pt\/wp-content\/uploads\/2022\/02\/01-wiping-01-microfibre-cloths-12-micron-quick-micronquick-portrait-580x550_PhotoRoom_20210418_123240.jpg?resize=350%2C200&ssl=1","width":350,"height":200},"classes":[]},{"id":6193,"url":"https:\/\/mundo.seashell.pt\/?product=pano-pvamicro-vileda-5-panos","url_meta":{"origin":6209,"position":1},"title":"Pano PVAmicro &#8211; Vileda (5 panos)","date":"Fevereiro 23, 2022","format":false,"excerpt":"PVAmicro Os melhores resultados com o nosso pano de microfibra de maior sucesso A Vileda Professional utiliza as mais recentes tecnologias para inventar e produzir solu\u00e7\u00f5es de limpeza mais eficientes para reduzir o teu trabalho. O nosso pano de microfibra de maior sucesso, PVAmicro, consegue resultad...","rel":"","context":"Similar post","img":{"alt_text":"","src":"https:\/\/i0.wp.com\/mundo.seashell.pt\/wp-content\/uploads\/2022\/02\/01-wiping-01-microfibre-cloths-10-pvamicro-portrait_PhotoRoom_20210418_123444.jpg?resize=350%2C200&ssl=1","width":350,"height":200},"classes":[]},{"id":6207,"url":"https:\/\/mundo.seashell.pt\/?product=pano-micronsolo-vileda-em-rolo","url_meta":{"origin":6209,"position":2},"title":"Pano MicronSolo &#8211; Vileda (em rolo)","date":"Fevereiro 23, 2022","format":false,"excerpt":"MicronSolo Rolo Pano de microfibra descart\u00e1vel pr\u00e1tico onde a higiene \u00e9 cr\u00edtica Pano de microfibra descart\u00e1vel com desempenho de limpeza superior combinado com fibras de viscose para excelente absor\u00e7\u00e3o. MicronSolo \u00e9 a solu\u00e7\u00e3o ideal quando se precisa de um pano descart\u00e1vel ,necess\u00e1rio em ambientes com alto n\u00edvel de hi...","rel":"","context":"Similar post","img":{"alt_text":"","src":"https:\/\/i0.wp.com\/mundo.seashell.pt\/wp-content\/uploads\/2022\/02\/MicronSolo-Roll-Main-ClonedDuringMediaCleanUp012-carouselImage_PhotoRoom_20210418_123421.jpg?resize=350%2C200&ssl=1","width":350,"height":200},"classes":[]},{"id":6179,"url":"https:\/\/mundo.seashell.pt\/?product=pano-microroll","url_meta":{"origin":6209,"position":3},"title":"Pano MicroRoll","date":"Fevereiro 23, 2022","format":false,"excerpt":"MicroRoll O poder 100% da microfibra Nada limpa t\u00e3o profundo quanto microfibras. Elimina graxa e impress\u00f5es digitais sem esfregar. Como? As microfibras ultrafinas literalmente retiram a sujeira da superf\u00edcie.Voc\u00ea economiza tempo e dinheiro, especialmente porque voc\u00ea pode fazer o trabalho com um m\u00ednimo de produtos qu\u00edmico...","rel":"","context":"Similar post","img":{"alt_text":"","src":"https:\/\/i0.wp.com\/mundo.seashell.pt\/wp-content\/uploads\/2022\/02\/01-wiping-01-microfibre-cloths-08-microroll-microroll-detail-580x435_PhotoRoom_20210418_123129.jpg?resize=350%2C200&ssl=1","width":350,"height":200},"classes":[]},{"id":6187,"url":"https:\/\/mundo.seashell.pt\/?product=pano-microtuff-easy-50-panos","url_meta":{"origin":6209,"position":4},"title":"Pano MicroTuff Easy (50 panos)","date":"Fevereiro 23, 2022","format":false,"excerpt":"MicroTuff Easy MicroTuff Easy \u00e9 o nosso pano de microfibra semi-descart\u00e1vel que vem em uma pr\u00e1tica caixa dispensadora e se encaixa perfeitamente para todos os fins de limpeza. O pano tem um desempenho de limpeza muito elevado e uma boa fun\u00e7\u00e3o de absor\u00e7\u00e3o para uso di\u00e1rio. Ele tamb\u00e9m enfatiza o\u2026","rel":"","context":"Similar post","img":{"alt_text":"","src":"https:\/\/i0.wp.com\/mundo.seashell.pt\/wp-content\/uploads\/2022\/02\/MicroTuff-Easy-closeupfinal_PhotoRoom_20210418_123325.jpg?resize=350%2C200&ssl=1","width":350,"height":200},"classes":[]},{"id":6195,"url":"https:\/\/mundo.seashell.pt\/?product=pano-universal-ag-vileda","url_meta":{"origin":6209,"position":5},"title":"Pano Universal Ag &#8211; Vileda (Rolo de 8 metros)","date":"Fevereiro 23, 2022","format":false,"excerpt":"Multiusos Ag Resist\u00eancia e alto rendimento para a limpeza profissional intensiva Pano em tela n\u00e3o tecida com tecnologia Neutrex, produzido com componentes tradicionais de alta durabilidade e impregnado com cloreto de prata, oferece grande resist\u00eancia qu\u00edmica e forte atividade antibacteriana ao eliminar bact\u00e9rias por contacto...","rel":"","context":"Similar post","img":{"alt_text":"","src":"https:\/\/i0.wp.com\/mundo.seashell.pt\/wp-content\/uploads\/2022\/02\/Bayeta-Universal-Ag_PhotoRoom_20210418_123740.jpg?resize=350%2C200&ssl=1","width":350,"height":200},"classes":[]}],"_links":{"self":[{"href":"https:\/\/mundo.seashell.pt\/index.php?rest_route=\/wp\/v2\/product\/6209","targetHints":{"allow":["GET"]}}],"collection":[{"href":"https:\/\/mundo.seashell.pt\/index.php?rest_route=\/wp\/v2\/product"}],"about":[{"href":"https:\/\/mundo.seashell.pt\/index.php?rest_route=\/wp\/v2\/types\/product"}],"wp:featuredmedia":[{"embeddable":true,"href":"https:\/\/mundo.seashell.pt\/index.php?rest_route=\/wp\/v2\/media\/6210"}],"wp:attachment":[{"href":"https:\/\/mundo.seashell.pt\/index.php?rest_route=%2Fwp%2Fv2%2Fmedia&parent=6209"}],"wp:term":[{"taxonomy":"product_cat","embeddable":true,"href":"https:\/\/mundo.seashell.pt\/index.php?rest_route=%2Fwp%2Fv2%2Fproduct_cat&post=6209"},{"taxonomy":"product_tag","embeddable":true,"href":"https:\/\/mundo.seashell.pt\/index.php?rest_route=%2Fwp%2Fv2%2Fproduct_tag&post=6209"}],"curies":[{"name":"wp","href":"https:\/\/api.w.org\/{rel}","templated":true}]}}