{"id":6203,"date":"2022-02-23T11:53:34","date_gmt":"2022-02-23T11:53:34","guid":{"rendered":"https:\/\/mundo.seashell.pt\/?post_type=product&#038;p=6203"},"modified":"2022-02-23T11:53:36","modified_gmt":"2022-02-23T11:53:36","slug":"pano-wettex-vileda-10-panos","status":"publish","type":"product","link":"https:\/\/mundo.seashell.pt\/?product=pano-wettex-vileda-10-panos","title":{"rendered":"Pano Wettex &#8211; Vileda (10 panos)"},"content":{"rendered":"<h2>Wettex<\/h2>\n<h2>Absorve at\u00e9 15 vezes o seu peso<\/h2>\n<p>Wettex promove uma limpeza r\u00e1pida, higi\u00eanica e f\u00e1cil, que absorve at\u00e9 15 vezes o seu pr\u00f3prio peso. Poupa tempo devido \u00e0 sua r\u00e1pida absor\u00e7\u00e3o, f\u00e1cil enxaguamento e drenagem.<\/p>\n<p><strong>Ergonomia<\/strong><br \/>Baixo atrito, alta absor\u00e7\u00e3o, maciez e volume tornam o Wettex f\u00e1cil de manusear com as m\u00e3os.<\/p>\n<p><strong>Meio ambiente e higiene<\/strong><br \/>Cores \u00e0 base de \u00e1gua compost\u00e1veis e totalmente biodegrad\u00e1veis e processo de produ\u00e7\u00e3o sem cloro. C\u00f3digo de cores para evitar contamina\u00e7\u00e3o cruzada. Lav\u00e1vel at\u00e9 95 \u00b0 C<\/p>\n<p><strong>Higiene e seguran\u00e7a<\/strong><br \/>Com o sistema de codifica\u00e7\u00e3o de cores, um protocolo de limpeza pode ser aplicado de acordo com os padr\u00f5es de higiene e princ\u00edpios HACCP<\/p>\n<p><strong>Material<\/strong><br \/>O pano esponja Wettex \u00e9 feito de materiais naturais, 1\/3 de algod\u00e3o e 2\/3 de celulose. As fibras de algod\u00e3o extralongas tornam o Wettex dur\u00e1vel, mas flex\u00edvel e macio. A densidade ideal da fibra e o tamanho dos poros proporcionam uma excelente absor\u00e7\u00e3o, at\u00e9 15 vezes o seu pr\u00f3prio peso.<\/p>\n<p><strong>Uso<\/strong><br \/>Wettex\u00ae \u00e9 o pano de esponja original, concebido para a recolha eficiente de derrames e a r\u00e1pida limpeza de superf\u00edcies molhadas em cozinhas, bares e restaurantes<\/p>\n<h3>Benef\u00edcios do produto <\/h3>\n<ul>\n<li>Pano de esponja mane\u00e1vel <\/li>\n<li> Produto natural puro fabricado a partir de algod\u00e3o e celulose.   <\/li>\n<li>biodegrad\u00e1vel  <\/li>\n<li>Absorve at\u00e9 15 vezes o seu pr\u00f3prio peso.<\/li>\n<\/ul>\n","protected":false},"excerpt":{"rendered":"<p>Wettex<br \/>\nAbsorve at\u00e9 15 vezes o seu peso<br \/>\nWettex promove uma limpeza r\u00e1pida, higi\u00eanica e f\u00e1cil, que absorve at\u00e9 15 vezes o seu pr\u00f3prio peso. Poupa tempo devido \u00e0 sua r\u00e1pida absor\u00e7\u00e3o, f\u00e1cil enxaguamento e drenagem.<br \/>\nErgonomiaBaixo atrito, alta absor\u00e7\u00e3o, maciez e volume tornam o Wettex f\u00e1cil de manusear&#8230;<\/p>\n","protected":false},"featured_media":6204,"template":"","meta":{"spay_email":""},"product_cat":[15],"product_tag":[],"class_list":{"0":"post-6203","1":"product","2":"type-product","3":"status-publish","4":"has-post-thumbnail","6":"product_cat-sem-categoria","8":"first","9":"instock","10":"taxable","11":"shipping-taxable","12":"purchasable","13":"product-type-simple"},"acf":[],"jetpack-related-posts":[{"id":6201,"url":"https:\/\/mundo.seashell.pt\/?product=pano-seca-mais-vileda-em-rolo","url_meta":{"origin":6203,"position":0},"title":"Pano Seca Mais &#8211; Vileda (em rolo)","date":"Fevereiro 23, 2022","format":false,"excerpt":"SecaPlus Pano sempre pronto. Quick'n Dry economiza tempo devido ao seu r\u00e1pido prepara\u00e7\u00e3o, f\u00e1cil enxaguar e drenar, e pela capacidade de absor\u00e7\u00e3o extra. Escolha Quik'n Dry para um limpeza molhada r\u00e1pida, sem esfor\u00e7o e sem fibras. Sempre pronto para usar. Use o pano uma vez e descarte-o, ou lave-o novamente\u2026","rel":"","context":"Similar post","img":{"alt_text":"","src":"https:\/\/i0.wp.com\/mundo.seashell.pt\/wp-content\/uploads\/2022\/02\/01-wiping-02-sponge-cloths-02-quick-n-dry-quick-n-dry-roll-detail-580x435_PhotoRoom_20210418_123342.jpg?resize=350%2C200&ssl=1","width":350,"height":200},"classes":[]},{"id":6207,"url":"https:\/\/mundo.seashell.pt\/?product=pano-micronsolo-vileda-em-rolo","url_meta":{"origin":6203,"position":1},"title":"Pano MicronSolo &#8211; Vileda (em rolo)","date":"Fevereiro 23, 2022","format":false,"excerpt":"MicronSolo Rolo Pano de microfibra descart\u00e1vel pr\u00e1tico onde a higiene \u00e9 cr\u00edtica Pano de microfibra descart\u00e1vel com desempenho de limpeza superior combinado com fibras de viscose para excelente absor\u00e7\u00e3o. MicronSolo \u00e9 a solu\u00e7\u00e3o ideal quando se precisa de um pano descart\u00e1vel ,necess\u00e1rio em ambientes com alto n\u00edvel de hi...","rel":"","context":"Similar post","img":{"alt_text":"","src":"https:\/\/i0.wp.com\/mundo.seashell.pt\/wp-content\/uploads\/2022\/02\/MicronSolo-Roll-Main-ClonedDuringMediaCleanUp012-carouselImage_PhotoRoom_20210418_123421.jpg?resize=350%2C200&ssl=1","width":350,"height":200},"classes":[]},{"id":6197,"url":"https:\/\/mundo.seashell.pt\/?product=pano-absorvente-ag-vileda-em-rolo","url_meta":{"origin":6203,"position":2},"title":"Pano Absorvente Ag &#8211; Vileda (em rolo)","date":"Fevereiro 23, 2022","format":false,"excerpt":"Absorvente Ag M\u00e1xima absor\u00e7\u00e3o e durabilidade Produzido em tela n\u00e3o tecida. Composto por diferentes materiais, fibras de Algod\u00e3o, Viscose e Poli\u00e9ster. O seu desenho confere-lhe uma imagem atractiva e profissional.Apresentado em formato de rolo de 4 metros para uso profissional. \u00c1rea de aplica\u00e7\u00e3o: E...","rel":"","context":"Similar post","img":{"alt_text":"","src":"https:\/\/i0.wp.com\/mundo.seashell.pt\/wp-content\/uploads\/2022\/02\/Iberica-Absorbente-Ag-carouselImage_PhotoRoom_20210418_123501.jpg?resize=350%2C200&ssl=1","width":350,"height":200},"classes":[]},{"id":6185,"url":"https:\/\/mundo.seashell.pt\/?product=pano-microtuff-base-5-panos","url_meta":{"origin":6203,"position":3},"title":"Pano MicroTuff Base (5 panos)","date":"Fevereiro 23, 2022","format":false,"excerpt":"MicroTuff Base Pano tecido de microfibras multiuso Pano de microfibra tecida volumosa e com alta capacidade de coleta de sujidade. O MicroTuff Base fornece o excelente rendimento de limpeza das microfibras, o que torna a limpeza um trabalho r\u00e1pido e f\u00e1cil. Higiene e Seguran\u00e7aCom o sistema de codif...","rel":"","context":"Similar post","img":{"alt_text":"","src":"https:\/\/i0.wp.com\/mundo.seashell.pt\/wp-content\/uploads\/2022\/02\/01-wiping-01-microfibre-cloths-06-microtuff-plus-portrait_PhotoRoom_20210418_122910-1.jpg?resize=350%2C200&ssl=1","width":350,"height":200},"classes":[]},{"id":6175,"url":"https:\/\/mundo.seashell.pt\/?product=pano-micronquick-5-panos","url_meta":{"origin":6203,"position":4},"title":"Pano MicronQuick (5 panos)","date":"Fevereiro 23, 2022","format":false,"excerpt":"MicronQuick Um rendimento de limpeza superior todos os dias Com o pano MicronQuick, que pode ser lavado na m\u00e1quina, pode economizar tempo na limpeza di\u00e1ria. O nosso pano MicronQuick est\u00e1 feito de microfibras patenteadas, alcan\u00e7ando um desempenho de limpeza superior mesmo em estruturas microsc\u00f3picas. ...","rel":"","context":"Similar post","img":{"alt_text":"","src":"https:\/\/i0.wp.com\/mundo.seashell.pt\/wp-content\/uploads\/2022\/02\/01-wiping-01-microfibre-cloths-12-micron-quick-micronquick-portrait-580x550_PhotoRoom_20210418_123240.jpg?resize=350%2C200&ssl=1","width":350,"height":200},"classes":[]},{"id":6181,"url":"https:\/\/mundo.seashell.pt\/?product=pano-microtuff-plus-5-panos","url_meta":{"origin":6203,"position":5},"title":"Pano MicroTuff Plus (5 panos)","date":"Fevereiro 23, 2022","format":false,"excerpt":"MicroTuff Plus M\u00e1xima qualidade em um pano de microfibra multiuso Pano de microfibra tecido com alto volume e capacidade de coleta de sujeira. O MicroTuff Plus oferece o excelente desempenho de limpeza de microfibras, o que torna a limpeza um trabalho r\u00e1pido e f\u00e1cil. Higiene e Seguran\u00e7aCom o siste...","rel":"","context":"Similar post","img":{"alt_text":"","src":"https:\/\/i0.wp.com\/mundo.seashell.pt\/wp-content\/uploads\/2022\/02\/01-wiping-01-microfibre-cloths-06-microtuff-plus-portrait_PhotoRoom_20210418_122910.jpg?resize=350%2C200&ssl=1","width":350,"height":200},"classes":[]}],"_links":{"self":[{"href":"https:\/\/mundo.seashell.pt\/index.php?rest_route=\/wp\/v2\/product\/6203","targetHints":{"allow":["GET"]}}],"collection":[{"href":"https:\/\/mundo.seashell.pt\/index.php?rest_route=\/wp\/v2\/product"}],"about":[{"href":"https:\/\/mundo.seashell.pt\/index.php?rest_route=\/wp\/v2\/types\/product"}],"wp:featuredmedia":[{"embeddable":true,"href":"https:\/\/mundo.seashell.pt\/index.php?rest_route=\/wp\/v2\/media\/6204"}],"wp:attachment":[{"href":"https:\/\/mundo.seashell.pt\/index.php?rest_route=%2Fwp%2Fv2%2Fmedia&parent=6203"}],"wp:term":[{"taxonomy":"product_cat","embeddable":true,"href":"https:\/\/mundo.seashell.pt\/index.php?rest_route=%2Fwp%2Fv2%2Fproduct_cat&post=6203"},{"taxonomy":"product_tag","embeddable":true,"href":"https:\/\/mundo.seashell.pt\/index.php?rest_route=%2Fwp%2Fv2%2Fproduct_tag&post=6203"}],"curies":[{"name":"wp","href":"https:\/\/api.w.org\/{rel}","templated":true}]}}