{"id":6195,"date":"2022-02-23T11:53:25","date_gmt":"2022-02-23T11:53:25","guid":{"rendered":"https:\/\/mundo.seashell.pt\/?post_type=product&#038;p=6195"},"modified":"2022-02-23T11:53:27","modified_gmt":"2022-02-23T11:53:27","slug":"pano-universal-ag-vileda","status":"publish","type":"product","link":"https:\/\/mundo.seashell.pt\/?product=pano-universal-ag-vileda","title":{"rendered":"Pano Universal Ag &#8211; Vileda (Rolo de 8 metros)"},"content":{"rendered":"<h2>Multiusos Ag<\/h2>\n<h2>Resist\u00eancia e alto rendimento para a limpeza profissional intensiva<\/h2>\n<p>Pano em tela n\u00e3o tecida com tecnologia Neutrex, produzido com componentes tradicionais de alta durabilidade e impregnado com cloreto de prata, oferece grande resist\u00eancia qu\u00edmica e forte atividade antibacteriana ao eliminar bact\u00e9rias por contacto direto com os i\u00f5es de prata.<\/p>\n<p>O Pano Universal Anti-bact\u00e9rias foi desenhado para usar com o m\u00e9todo a molhado de balde ou spray na limpeza intensiva de superf\u00edcies em \u00e1reas que requeiram muita humidade e absor\u00e7\u00e3o, bem como resist\u00eancia pelo uso de detergentes agressivos. Ideal para limpezas a fundo, limpezas de final de obra e, agora com propriedades antibacterianas oferece toda a seguran\u00e7a em \u00e1reas mais cr\u00edticas como cozinhas e outras \u00e1reas alimentares.<\/p>\n<h3><\/h3>\n<h3>Benef\u00edcios do produto<\/h3>\n<ul>\n<li><strong>Efectividade:<\/strong> O Pano Universal \u00e9 um dos utens\u00edlios mais efectivos que se podem usar na limpeza com sistemas tradicionais, pela sua resist\u00eancia, capacidade de recolha de part\u00edculas e de absor\u00e7\u00e3o.<\/li>\n<li><strong>Durabilidade<\/strong><strong>:<\/strong> Composi\u00e7\u00e3o e processo de fabrico proporcionam elevada resist\u00eancia a detergentes alcalinos ou com compostos de cloro, mesmo usado diariamente.<\/li>\n<li><strong>Seguran\u00e7a <\/strong><strong>e higiene:<\/strong> O efeito antibacteriano mant\u00e9m o pano limpo e fresco (sem odores) ao inibir o crescimento de microrganismos que, por sua vez, n\u00e3o passam para as superf\u00edcies. Estudo independente comprova a completa inibi\u00e7\u00e3o de crescimento de bact\u00e9rias e elimina\u00e7\u00e3o da carga bacteriana inicial.<\/li>\n<\/ul>\n<p>Os panos s\u00e3o pr\u00e9-cortados em rolo de 42cm por 8 metros.<\/p>\n","protected":false},"excerpt":{"rendered":"<p>Multiusos Ag<br \/>\nResist\u00eancia e alto rendimento para a limpeza profissional intensiva<br \/>\nPano em tela n\u00e3o tecida com tecnologia Neutrex, produzido com componentes tradicionais de alta durabilidade e impregnado com cloreto de prata, oferece grande resist\u00eancia qu\u00edmica e forte atividade antibacteriana ao eliminar bact\u00e9rias por contacto&#8230;<\/p>\n","protected":false},"featured_media":6196,"template":"","meta":{"spay_email":""},"product_cat":[15],"product_tag":[],"class_list":{"0":"post-6195","1":"product","2":"type-product","3":"status-publish","4":"has-post-thumbnail","6":"product_cat-sem-categoria","8":"first","9":"instock","10":"taxable","11":"shipping-taxable","12":"purchasable","13":"product-type-simple"},"acf":[],"jetpack-related-posts":[{"id":6191,"url":"https:\/\/mundo.seashell.pt\/?product=pano-wipro-ag-vileda-20-panos","url_meta":{"origin":6195,"position":0},"title":"Pano WiPro Ag &#8211; Vileda (20 panos)","date":"Fevereiro 23, 2022","format":false,"excerpt":"WiPro Ag Pano de tecido n\u00e3o tecido multiusos com efeito antibacteriano O Wipro produzido em tela n\u00e3o tecida, muito absorvente, com uma elevada efic\u00e1cia de limpeza, removendo mesmo sujidade ressequida. \u00c9 um pano de grande durabilidade e de f\u00e1cil lavagem preparado para as exig\u00eancias da limpeza profissional moderna. O pano\u2026","rel":"","context":"Similar post","img":{"alt_text":"","src":"https:\/\/i0.wp.com\/mundo.seashell.pt\/wp-content\/uploads\/2022\/02\/01-wiping-04-latex-coated-cloths-06-wipro-antibac-portrait_PhotoRoom_20210418_123521.jpg?resize=350%2C200&ssl=1","width":350,"height":200},"classes":[]},{"id":6199,"url":"https:\/\/mundo.seashell.pt\/?product=pano-multiusos-ag-vileda-rolo-pre-cortado","url_meta":{"origin":6195,"position":1},"title":"Pano Multiusos Ag &#8211; Vileda (rolo pr\u00e9-cortado)","date":"Fevereiro 23, 2022","format":false,"excerpt":"Multiusos Ag Arrasto m\u00e1ximo com grande suavidade Limpeza a seco, h\u00famida ou molhada, de todo tipo de superf\u00edcies, especialmente aquelas com muita sujidade solta,e em geral, em todos os lugares onde \u00e9 necess\u00e1ria alta capacidade de absor\u00e7\u00e3o (8,4 vezes o seu peso), facilidade de escorrer e velocidade .Rolo de 4\u2026","rel":"","context":"Similar post","img":{"alt_text":"","src":"https:\/\/i0.wp.com\/mundo.seashell.pt\/wp-content\/uploads\/2022\/02\/Iberica-Multiusos-Ag-carouselImage_PhotoRoom_20210418_122930.jpg?resize=350%2C200&ssl=1","width":350,"height":200},"classes":[]},{"id":6197,"url":"https:\/\/mundo.seashell.pt\/?product=pano-absorvente-ag-vileda-em-rolo","url_meta":{"origin":6195,"position":2},"title":"Pano Absorvente Ag &#8211; Vileda (em rolo)","date":"Fevereiro 23, 2022","format":false,"excerpt":"Absorvente Ag M\u00e1xima absor\u00e7\u00e3o e durabilidade Produzido em tela n\u00e3o tecida. Composto por diferentes materiais, fibras de Algod\u00e3o, Viscose e Poli\u00e9ster. O seu desenho confere-lhe uma imagem atractiva e profissional.Apresentado em formato de rolo de 4 metros para uso profissional. \u00c1rea de aplica\u00e7\u00e3o: E...","rel":"","context":"Similar post","img":{"alt_text":"","src":"https:\/\/i0.wp.com\/mundo.seashell.pt\/wp-content\/uploads\/2022\/02\/Iberica-Absorbente-Ag-carouselImage_PhotoRoom_20210418_123501.jpg?resize=350%2C200&ssl=1","width":350,"height":200},"classes":[]},{"id":6173,"url":"https:\/\/mundo.seashell.pt\/?product=pano-nanotech-micro-5-panos","url_meta":{"origin":6195,"position":3},"title":"Pano NanoTech Micro (5 panos)","date":"Fevereiro 23, 2022","format":false,"excerpt":"NanoTech micro Ganha a batalha contra as bact\u00e9rias Como resultado de um intenso processo de pesquisa e desenvolvimento, a NanoTech fornece o objetivo de manter seu ambiente o mais higi\u00eanico e saud\u00e1vel poss\u00edvel. O NanoTech micro n\u00e3o apenas elimina as bact\u00e9rias, mas as mata em contato direto, e incorpora nanopart\u00edculas\u2026","rel":"","context":"Similar post","img":{"alt_text":"","src":"https:\/\/i0.wp.com\/mundo.seashell.pt\/wp-content\/uploads\/2022\/02\/01-wiping-01-microfibre-cloths-02-nanotech-micro-portrait_PhotoRoom_20210418_123703.jpg?resize=350%2C200&ssl=1","width":350,"height":200},"classes":[]},{"id":6175,"url":"https:\/\/mundo.seashell.pt\/?product=pano-micronquick-5-panos","url_meta":{"origin":6195,"position":4},"title":"Pano MicronQuick (5 panos)","date":"Fevereiro 23, 2022","format":false,"excerpt":"MicronQuick Um rendimento de limpeza superior todos os dias Com o pano MicronQuick, que pode ser lavado na m\u00e1quina, pode economizar tempo na limpeza di\u00e1ria. O nosso pano MicronQuick est\u00e1 feito de microfibras patenteadas, alcan\u00e7ando um desempenho de limpeza superior mesmo em estruturas microsc\u00f3picas. ...","rel":"","context":"Similar post","img":{"alt_text":"","src":"https:\/\/i0.wp.com\/mundo.seashell.pt\/wp-content\/uploads\/2022\/02\/01-wiping-01-microfibre-cloths-12-micron-quick-micronquick-portrait-580x550_PhotoRoom_20210418_123240.jpg?resize=350%2C200&ssl=1","width":350,"height":200},"classes":[]},{"id":6207,"url":"https:\/\/mundo.seashell.pt\/?product=pano-micronsolo-vileda-em-rolo","url_meta":{"origin":6195,"position":5},"title":"Pano MicronSolo &#8211; Vileda (em rolo)","date":"Fevereiro 23, 2022","format":false,"excerpt":"MicronSolo Rolo Pano de microfibra descart\u00e1vel pr\u00e1tico onde a higiene \u00e9 cr\u00edtica Pano de microfibra descart\u00e1vel com desempenho de limpeza superior combinado com fibras de viscose para excelente absor\u00e7\u00e3o. MicronSolo \u00e9 a solu\u00e7\u00e3o ideal quando se precisa de um pano descart\u00e1vel ,necess\u00e1rio em ambientes com alto n\u00edvel de hi...","rel":"","context":"Similar post","img":{"alt_text":"","src":"https:\/\/i0.wp.com\/mundo.seashell.pt\/wp-content\/uploads\/2022\/02\/MicronSolo-Roll-Main-ClonedDuringMediaCleanUp012-carouselImage_PhotoRoom_20210418_123421.jpg?resize=350%2C200&ssl=1","width":350,"height":200},"classes":[]}],"_links":{"self":[{"href":"https:\/\/mundo.seashell.pt\/index.php?rest_route=\/wp\/v2\/product\/6195","targetHints":{"allow":["GET"]}}],"collection":[{"href":"https:\/\/mundo.seashell.pt\/index.php?rest_route=\/wp\/v2\/product"}],"about":[{"href":"https:\/\/mundo.seashell.pt\/index.php?rest_route=\/wp\/v2\/types\/product"}],"wp:featuredmedia":[{"embeddable":true,"href":"https:\/\/mundo.seashell.pt\/index.php?rest_route=\/wp\/v2\/media\/6196"}],"wp:attachment":[{"href":"https:\/\/mundo.seashell.pt\/index.php?rest_route=%2Fwp%2Fv2%2Fmedia&parent=6195"}],"wp:term":[{"taxonomy":"product_cat","embeddable":true,"href":"https:\/\/mundo.seashell.pt\/index.php?rest_route=%2Fwp%2Fv2%2Fproduct_cat&post=6195"},{"taxonomy":"product_tag","embeddable":true,"href":"https:\/\/mundo.seashell.pt\/index.php?rest_route=%2Fwp%2Fv2%2Fproduct_tag&post=6195"}],"curies":[{"name":"wp","href":"https:\/\/api.w.org\/{rel}","templated":true}]}}