{"id":6189,"date":"2022-02-23T11:53:06","date_gmt":"2022-02-23T11:53:06","guid":{"rendered":"https:\/\/mundo.seashell.pt\/?post_type=product&#038;p=6189"},"modified":"2022-02-23T11:53:08","modified_gmt":"2022-02-23T11:53:08","slug":"pano-de-vidros-vileda-10-panos","status":"publish","type":"product","link":"https:\/\/mundo.seashell.pt\/?product=pano-de-vidros-vileda-10-panos","title":{"rendered":"Pano de Vidros &#8211; Vileda (10 panos)"},"content":{"rendered":"<h2>Pano Vidros<\/h2>\n<h2>Limpeza e secagem perfeitas de vidros<\/h2>\n<p>Panos desenhados para tarefas de limpezas profissionais para todo tipo de vidro, espelhos, mostradores, metais etc. Em geral, pode ser utilizado para qualquer superf\u00edcie que exija acabado perfeito.<\/p>\n<h3><\/h3>\n<h3>Benef\u00edcios do produto<\/h3>\n<ul>\n<li><strong>Limpeza perfeita:<\/strong> oferece a ader\u00eancia necess\u00e1ria para limpar sem deixar rastos. Suas fibras interior d\u00e3o uma grande capacidade de absor\u00e7\u00e3o que proporciona uma secagem perfeita de vidros.<\/li>\n<li><strong>Rentabilidade:<\/strong> N\u00e3o desfia ou deixa fiapos, com desgaste uniforme em todo o material. Alem disso, uma vez sujo pode limpar-se aclarando-o com agua ou lavando-o a 40\u00baC para um novo uso.<\/li>\n<li><strong>F\u00e1cil de usar:<\/strong> Sua textura e de boa flexibilidade e f\u00e1cil manuseamento devido \u00e0 enorme elasticidade.<\/li>\n<\/ul>\n","protected":false},"excerpt":{"rendered":"<p>Pano Vidros<br \/>\nLimpeza e secagem perfeitas de vidros<br \/>\nPanos desenhados para tarefas de limpezas profissionais para todo tipo de vidro, espelhos, mostradores, metais etc. Em geral, pode ser utilizado para qualquer superf\u00edcie que exija acabado perfeito.<br \/>\nBenef\u00edcios do produto<br \/>\nLimpeza perfeita: &#8230;<\/p>\n","protected":false},"featured_media":6190,"template":"","meta":{"spay_email":""},"product_cat":[15],"product_tag":[],"class_list":{"0":"post-6189","1":"product","2":"type-product","3":"status-publish","4":"has-post-thumbnail","6":"product_cat-sem-categoria","8":"first","9":"instock","10":"taxable","11":"shipping-taxable","12":"purchasable","13":"product-type-simple"},"acf":[],"jetpack-related-posts":[{"id":6177,"url":"https:\/\/mundo.seashell.pt\/?product=pano-microclean-plus-5-panos","url_meta":{"origin":6189,"position":0},"title":"Pano MicroClean Plus (5 panos)","date":"Fevereiro 23, 2022","format":false,"excerpt":"MicroClean Plus Pano de microfibras para limpar de uma s\u00f3 passagem O MicroClean Plus \u00e9 o pano perfeito para tarefas exigentes de limpeza. ProdutividadeO excelente desempenho de limpeza e o resultado sem rasto numa \u00fanica etapa de limpeza economizam tempo e dinheiro. A durabilidade do MicroClean Pl...","rel":"","context":"Similar post","img":{"alt_text":"","src":"https:\/\/i0.wp.com\/mundo.seashell.pt\/wp-content\/uploads\/2022\/02\/Additional-wiping-MicroCleanPlus-portrait_PhotoRoom_20210418_123038.jpg?resize=350%2C200&ssl=1","width":350,"height":200},"classes":[]},{"id":6064,"url":"https:\/\/mundo.seashell.pt\/?product=fun-limpa-vidros-750ml","url_meta":{"origin":6189,"position":1},"title":"Fun Limpa Vidros 750ML","date":"Fevereiro 23, 2022","format":false,"excerpt":"Limpa Vidros. \u00c9 um produto combinado \u00e0 base de \u00e1lcool e tensioativos anfot\u00e9ricos. Tem um tempo de secagem muito curto. N\u00e3o deixa manchas por embaciamento.","rel":"","context":"Similar post","img":{"alt_text":"","src":"https:\/\/i0.wp.com\/mundo.seashell.pt\/wp-content\/uploads\/2022\/02\/Fun_Vidros_PhotoRoom_20210402_103357.jpg?resize=350%2C200&ssl=1","width":350,"height":200},"classes":[]},{"id":6062,"url":"https:\/\/mundo.seashell.pt\/?product=solim-vidros-5l","url_meta":{"origin":6189,"position":2},"title":"Solim Vidros 5L","date":"Fevereiro 23, 2022","format":false,"excerpt":"Detergente l\u00edquido pronto a usar, para limpeza de vidros e outras superf\u00edcies duras resistentes \u00e1guas.","rel":"","context":"Similar post","img":{"alt_text":"","src":"https:\/\/i0.wp.com\/mundo.seashell.pt\/wp-content\/uploads\/2022\/02\/Solim_Vidros_PhotoRoom_20210402_103238.jpg?resize=350%2C200&ssl=1","width":350,"height":200},"classes":[]},{"id":6335,"url":"https:\/\/mundo.seashell.pt\/?product=sonasol-madeiras-11l","url_meta":{"origin":6189,"position":3},"title":"Sonasol Madeiras 1,1L","date":"Fevereiro 23, 2022","format":false,"excerpt":"Sonasol brilhante madeiras \u00e9 o lava tudo ideal para a limpeza de todas as superf\u00edcies de madeira ou paquet. Garante uma secagem ultra r\u00e1pida para uma limpeza brilhante numa s\u00f3 passagem. Gra\u00e7as \u00e0 sua f\u00f3rmula inovadora, proporciona uma limpeza perfeita e repara gradualmente as fissuras e o desgaste, que s\u00e3o\u2026","rel":"","context":"Similar post","img":{"alt_text":"","src":"https:\/\/i0.wp.com\/mundo.seashell.pt\/wp-content\/uploads\/2022\/02\/SONASOL_BRILHANTE_MADEIRA_1L10_8410436242264.png?resize=350%2C200&ssl=1","width":350,"height":200},"classes":[]},{"id":6066,"url":"https:\/\/mundo.seashell.pt\/?product=stark-vm-2l","url_meta":{"origin":6189,"position":4},"title":"Multiusos Stark VM 2L","date":"Fevereiro 23, 2022","format":false,"excerpt":"Detergente neutro ultraconcentrado indicado para a limpeza r\u00e1pida, por spray, de todo o tipo de superf\u00edcies lav\u00e1veis.","rel":"","context":"Similar post","img":{"alt_text":"","src":"","width":0,"height":0},"classes":[]},{"id":6684,"url":"https:\/\/mundo.seashell.pt\/?product=sanytol-limpa-e-desinfeta-025l","url_meta":{"origin":6189,"position":5},"title":"Sanytol Limpa e Desinfeta 250ml","date":"Fevereiro 23, 2022","format":false,"excerpt":"Todos os ciclos de lavagem deixam res\u00edduos, sujidade e calc\u00e1rio que podem danificar a m\u00e1quina de lavar. Sanytol Limpa M\u00e1quinas \u00e9 um limpador desinfetante para a m\u00e1quina de lavar roupa que elimina 99.9% das bact\u00e9rias. Tipo de produto: Limpeza e Tratamento da M\u00e1quinaBenef\u00edcios: - Lava, desinfeta e previne todos o...","rel":"","context":"Similar post","img":{"alt_text":"","src":"https:\/\/i0.wp.com\/mundo.seashell.pt\/wp-content\/uploads\/2022\/02\/SANYTOL_LIMPA_MA_QUINAS_DESINFETANTE_250_ML_8411135665019.png?resize=350%2C200&ssl=1","width":350,"height":200},"classes":[]}],"_links":{"self":[{"href":"https:\/\/mundo.seashell.pt\/index.php?rest_route=\/wp\/v2\/product\/6189","targetHints":{"allow":["GET"]}}],"collection":[{"href":"https:\/\/mundo.seashell.pt\/index.php?rest_route=\/wp\/v2\/product"}],"about":[{"href":"https:\/\/mundo.seashell.pt\/index.php?rest_route=\/wp\/v2\/types\/product"}],"wp:featuredmedia":[{"embeddable":true,"href":"https:\/\/mundo.seashell.pt\/index.php?rest_route=\/wp\/v2\/media\/6190"}],"wp:attachment":[{"href":"https:\/\/mundo.seashell.pt\/index.php?rest_route=%2Fwp%2Fv2%2Fmedia&parent=6189"}],"wp:term":[{"taxonomy":"product_cat","embeddable":true,"href":"https:\/\/mundo.seashell.pt\/index.php?rest_route=%2Fwp%2Fv2%2Fproduct_cat&post=6189"},{"taxonomy":"product_tag","embeddable":true,"href":"https:\/\/mundo.seashell.pt\/index.php?rest_route=%2Fwp%2Fv2%2Fproduct_tag&post=6189"}],"curies":[{"name":"wp","href":"https:\/\/api.w.org\/{rel}","templated":true}]}}