{"id":6187,"date":"2022-02-23T11:53:00","date_gmt":"2022-02-23T11:53:00","guid":{"rendered":"https:\/\/mundo.seashell.pt\/?post_type=product&#038;p=6187"},"modified":"2022-02-23T11:53:04","modified_gmt":"2022-02-23T11:53:04","slug":"pano-microtuff-easy-50-panos","status":"publish","type":"product","link":"https:\/\/mundo.seashell.pt\/?product=pano-microtuff-easy-50-panos","title":{"rendered":"Pano MicroTuff Easy (50 panos)"},"content":{"rendered":"<h2>MicroTuff Easy<\/h2>\n<p>MicroTuff Easy \u00e9 o nosso pano de microfibra semi-descart\u00e1vel que vem em uma pr\u00e1tica caixa dispensadora e se encaixa perfeitamente para todos os fins de limpeza.<\/p>\n<p>O pano tem um desempenho de limpeza muito elevado e uma boa fun\u00e7\u00e3o de absor\u00e7\u00e3o para uso di\u00e1rio. Ele tamb\u00e9m enfatiza o conforto e a facilidade de manuseio, gra\u00e7as ao aumento da espessura do material para uma boa sensa\u00e7\u00e3o de volume e uma sensa\u00e7\u00e3o agrad\u00e1vel, bem como a remo\u00e7\u00e3o eficaz mesmo de sujeira oleosa. O MicroTuff Easy oferece boa durabilidade no uso e, em combina\u00e7\u00e3o com a pr\u00e1tica caixa dispensadora, tamb\u00e9m permite uma remo\u00e7\u00e3o r\u00e1pida para opera\u00e7\u00f5es de limpeza que economizam tempo.<\/p>\n<h2><\/h2>\n<h2>Benef\u00edcios do produto:<\/h2>\n<ul>\n<li>Feito de microfibras extrafinas, o MicroTuff Easy proporciona um desempenho de limpeza superior e uma elimina\u00e7\u00e3o eficaz at\u00e9 mesmo de acumula\u00e7\u00f5es de graxa.<\/li>\n<li>A alta absor\u00e7\u00e3o combinada com uma sensa\u00e7\u00e3o de volume melhorada torna este pano adequado para uso di\u00e1rio e \u00e9 o nosso pano multifun\u00e7\u00f5es quando se trata de limpeza.<\/li>\n<li>A caixa pr\u00e1tica dispensadora permite visualizar o n\u00edvel de enchimento e ajuda a manter os panos bem organizados.<\/li>\n<\/ul>\n","protected":false},"excerpt":{"rendered":"<p>MicroTuff Easy<br \/>\nMicroTuff Easy \u00e9 o nosso pano de microfibra semi-descart\u00e1vel que vem em uma pr\u00e1tica caixa dispensadora e se encaixa perfeitamente para todos os fins de limpeza.<br \/>\nO pano tem um desempenho de limpeza muito elevado e uma boa fun\u00e7\u00e3o de absor\u00e7\u00e3o para uso di\u00e1rio. Ele tamb\u00e9m enfatiza o conforto e a facilidade de manusei&#8230;<\/p>\n","protected":false},"featured_media":6188,"template":"","meta":{"spay_email":""},"product_cat":[15],"product_tag":[],"class_list":{"0":"post-6187","1":"product","2":"type-product","3":"status-publish","4":"has-post-thumbnail","6":"product_cat-sem-categoria","8":"first","9":"instock","10":"taxable","11":"shipping-taxable","12":"purchasable","13":"product-type-simple"},"acf":[],"jetpack-related-posts":[{"id":6207,"url":"https:\/\/mundo.seashell.pt\/?product=pano-micronsolo-vileda-em-rolo","url_meta":{"origin":6187,"position":0},"title":"Pano MicronSolo &#8211; Vileda (em rolo)","date":"Fevereiro 23, 2022","format":false,"excerpt":"MicronSolo Rolo Pano de microfibra descart\u00e1vel pr\u00e1tico onde a higiene \u00e9 cr\u00edtica Pano de microfibra descart\u00e1vel com desempenho de limpeza superior combinado com fibras de viscose para excelente absor\u00e7\u00e3o. MicronSolo \u00e9 a solu\u00e7\u00e3o ideal quando se precisa de um pano descart\u00e1vel ,necess\u00e1rio em ambientes com alto n\u00edvel de hi...","rel":"","context":"Similar post","img":{"alt_text":"","src":"https:\/\/i0.wp.com\/mundo.seashell.pt\/wp-content\/uploads\/2022\/02\/MicronSolo-Roll-Main-ClonedDuringMediaCleanUp012-carouselImage_PhotoRoom_20210418_123421.jpg?resize=350%2C200&ssl=1","width":350,"height":200},"classes":[]},{"id":6175,"url":"https:\/\/mundo.seashell.pt\/?product=pano-micronquick-5-panos","url_meta":{"origin":6187,"position":1},"title":"Pano MicronQuick (5 panos)","date":"Fevereiro 23, 2022","format":false,"excerpt":"MicronQuick Um rendimento de limpeza superior todos os dias Com o pano MicronQuick, que pode ser lavado na m\u00e1quina, pode economizar tempo na limpeza di\u00e1ria. O nosso pano MicronQuick est\u00e1 feito de microfibras patenteadas, alcan\u00e7ando um desempenho de limpeza superior mesmo em estruturas microsc\u00f3picas. ...","rel":"","context":"Similar post","img":{"alt_text":"","src":"https:\/\/i0.wp.com\/mundo.seashell.pt\/wp-content\/uploads\/2022\/02\/01-wiping-01-microfibre-cloths-12-micron-quick-micronquick-portrait-580x550_PhotoRoom_20210418_123240.jpg?resize=350%2C200&ssl=1","width":350,"height":200},"classes":[]},{"id":6209,"url":"https:\/\/mundo.seashell.pt\/?product=pano-micronsolo-vileda-100-panos","url_meta":{"origin":6187,"position":2},"title":"Pano MicronSolo &#8211; Vileda (100 panos)","date":"Fevereiro 23, 2022","format":false,"excerpt":"MicronSolo Alta absor\u00e7\u00e3o e rendimento de limpeza O MicronSolo \u00e9 o nosso pano de microfibra descart\u00e1vel com um rendimento de limpeza superior e uma excelente capacidade de absor\u00e7\u00e3o. Comparado com os panos descart\u00e1veis comuns, a limpeza com o pano MicronSolo \u00e9 mais f\u00e1cil e evita infe\u00e7\u00f5es em zonas higienicament...","rel":"","context":"Similar post","img":{"alt_text":"","src":"https:\/\/i0.wp.com\/mundo.seashell.pt\/wp-content\/uploads\/2022\/02\/Micron-Solo-Main-ClonedDuringMediaCleanUp012-carouselImage_PhotoRoom_20210418_122813.jpg?resize=350%2C200&ssl=1","width":350,"height":200},"classes":[]},{"id":6193,"url":"https:\/\/mundo.seashell.pt\/?product=pano-pvamicro-vileda-5-panos","url_meta":{"origin":6187,"position":3},"title":"Pano PVAmicro &#8211; Vileda (5 panos)","date":"Fevereiro 23, 2022","format":false,"excerpt":"PVAmicro Os melhores resultados com o nosso pano de microfibra de maior sucesso A Vileda Professional utiliza as mais recentes tecnologias para inventar e produzir solu\u00e7\u00f5es de limpeza mais eficientes para reduzir o teu trabalho. O nosso pano de microfibra de maior sucesso, PVAmicro, consegue resultad...","rel":"","context":"Similar post","img":{"alt_text":"","src":"https:\/\/i0.wp.com\/mundo.seashell.pt\/wp-content\/uploads\/2022\/02\/01-wiping-01-microfibre-cloths-10-pvamicro-portrait_PhotoRoom_20210418_123444.jpg?resize=350%2C200&ssl=1","width":350,"height":200},"classes":[]},{"id":6183,"url":"https:\/\/mundo.seashell.pt\/?product=pano-microtuff-swift-5-panos","url_meta":{"origin":6187,"position":4},"title":"Pano MicroTuff Swift (5 panos)","date":"Fevereiro 23, 2022","format":false,"excerpt":"MicroTuff Swift Bons resultados de limpeza com excelente rela\u00e7\u00e3o pre\u00e7o-desempenho. O MicroTuff Swift \u00e9 um pano de microfibra tecida .Remove gordura das impress\u00f5es digitais e sujidade persistente sem o uso de produtos qu\u00edmicos. Pode ser usado em todas as \u00e1reas onde \u00e9 necess\u00e1ria uma limpeza r\u00e1pida e eficaz. Higi...","rel":"","context":"Similar post","img":{"alt_text":"","src":"https:\/\/i0.wp.com\/mundo.seashell.pt\/wp-content\/uploads\/2022\/02\/01-wiping-01-microfibre-cloths-07-microtuff-swift-portrait_PhotoRoom_20210418_123302.jpg?resize=350%2C200&ssl=1","width":350,"height":200},"classes":[]},{"id":6185,"url":"https:\/\/mundo.seashell.pt\/?product=pano-microtuff-base-5-panos","url_meta":{"origin":6187,"position":5},"title":"Pano MicroTuff Base (5 panos)","date":"Fevereiro 23, 2022","format":false,"excerpt":"MicroTuff Base Pano tecido de microfibras multiuso Pano de microfibra tecida volumosa e com alta capacidade de coleta de sujidade. O MicroTuff Base fornece o excelente rendimento de limpeza das microfibras, o que torna a limpeza um trabalho r\u00e1pido e f\u00e1cil. Higiene e Seguran\u00e7aCom o sistema de codif...","rel":"","context":"Similar post","img":{"alt_text":"","src":"https:\/\/i0.wp.com\/mundo.seashell.pt\/wp-content\/uploads\/2022\/02\/01-wiping-01-microfibre-cloths-06-microtuff-plus-portrait_PhotoRoom_20210418_122910-1.jpg?resize=350%2C200&ssl=1","width":350,"height":200},"classes":[]}],"_links":{"self":[{"href":"https:\/\/mundo.seashell.pt\/index.php?rest_route=\/wp\/v2\/product\/6187","targetHints":{"allow":["GET"]}}],"collection":[{"href":"https:\/\/mundo.seashell.pt\/index.php?rest_route=\/wp\/v2\/product"}],"about":[{"href":"https:\/\/mundo.seashell.pt\/index.php?rest_route=\/wp\/v2\/types\/product"}],"wp:featuredmedia":[{"embeddable":true,"href":"https:\/\/mundo.seashell.pt\/index.php?rest_route=\/wp\/v2\/media\/6188"}],"wp:attachment":[{"href":"https:\/\/mundo.seashell.pt\/index.php?rest_route=%2Fwp%2Fv2%2Fmedia&parent=6187"}],"wp:term":[{"taxonomy":"product_cat","embeddable":true,"href":"https:\/\/mundo.seashell.pt\/index.php?rest_route=%2Fwp%2Fv2%2Fproduct_cat&post=6187"},{"taxonomy":"product_tag","embeddable":true,"href":"https:\/\/mundo.seashell.pt\/index.php?rest_route=%2Fwp%2Fv2%2Fproduct_tag&post=6187"}],"curies":[{"name":"wp","href":"https:\/\/api.w.org\/{rel}","templated":true}]}}