{"id":6171,"date":"2022-02-23T11:52:29","date_gmt":"2022-02-23T11:52:29","guid":{"rendered":"https:\/\/mundo.seashell.pt\/?post_type=product&#038;p=6171"},"modified":"2022-02-23T11:52:30","modified_gmt":"2022-02-23T11:52:30","slug":"tapete-transec-vileda","status":"publish","type":"product","link":"https:\/\/mundo.seashell.pt\/?product=tapete-transec-vileda","title":{"rendered":"Tapete Transec &#8211; Vileda"},"content":{"rendered":"<p>Transec \u00e9 um tapete vers\u00e1til concebido para reter com&nbsp;grande efic\u00e1cia sujidade l\u00edquida. Ideal para colocar nos acessos a zonas muito h\u00famidas, de edif\u00edcios em geral,&nbsp;linhas de produ\u00e7\u00e3o ou laborat\u00f3rios. \u00c9 usado tamb\u00e9m&nbsp;como complemento de secagem num sistema que inclua&nbsp;um tapete V-Mat ou Transit.<\/p>\n<\/p>\n<h4>Descri\u00e7\u00e3o de produto<\/h4>\n<p>Composi\u00e7\u00e3o: 100% polipropileno e com base em PVC&nbsp;anti derrapante. Apresenta-se em cor cinza&nbsp;e v\u00e1rios&nbsp;tamanhos para melhor adapta\u00e7\u00e3o \u00e0 decora\u00e7\u00e3o do local&nbsp;\u00e0s necessidades de reten\u00e7\u00e3o de sujidade.<\/p>\n<\/p>\n<h4>Como utilizar<\/h4>\n<p>\u2022 Utilizar o tamanho de tapete adequado a cada espa\u00e7o&nbsp;especifico -quanto maior for a superf\u00edcie coberta maior<br \/>\u00e9 o numero de passos dados em cima do tapete,&nbsp;aumentando assim a sua efic\u00e1cia.<br \/>\u2022 Para a manuten\u00e7\u00e3o aplicar os utens\u00edlios tradicionais de&nbsp;limpeza de carpetes tanto manuais como mecanizados:<br \/>aspiradores, m\u00e1quinas rotativas, de injec\u00e7\u00e3o e&nbsp;extrac\u00e7\u00e3o, etc.<\/p>\n<h4>Benef\u00edcios para o utilizador<\/h4>\n<p><strong><br \/><\/strong><strong>Excelente capacidade de limpeza:<\/strong> a ac\u00e7\u00e3o mec\u00e2nica dos&nbsp;filamentos proporcionam uma escovagem das solas,<br \/>chegando a reter cerca de 90% da sujidade.<strong><br \/><\/strong><\/p>\n<p><strong>Secagem perfeita:<\/strong> absorve os l\u00edquidos por capilaridade&nbsp;a partir da base do tapete.<strong><br \/><\/strong><\/p>\n<p><strong>Higi\u00e9nico:<\/strong> n\u00e3o empapa, elimina os problemas de&nbsp;humidades e maus cheiros. F\u00e1cil de limpar.<\/p>\n<p><strong>Rent\u00e1vel:<\/strong> longa dura\u00e7\u00e3o com garantia de um processo&nbsp;de fabrico \u00e0 base de fibras sint\u00e9ticas.<\/p>\n<p><strong>Seguran\u00e7a:<\/strong> possui a altura ideal &#8211; 9 mm e \u00e9 vendido com&nbsp;um remate fino que permite a abertura f\u00e1cil de portas e<br \/>a passagem de rodas sem qualquer dificuldade. N\u00e3o&nbsp;escorrega pois a sua base em PVC anti-derrapante e<br \/>evita o deslizamento do tapete.<\/p>\n","protected":false},"excerpt":{"rendered":"<p>Transec \u00e9 um tapete vers\u00e1til concebido para reter com&nbsp;grande efic\u00e1cia sujidade l\u00edquida. Ideal para colocar nos acessos a zonas muito h\u00famidas, de edif\u00edcios em geral,&nbsp;linhas de produ\u00e7\u00e3o ou laborat\u00f3rios. \u00c9 usado tamb\u00e9m&nbsp;como complemento de secagem num sistema que inclua&nbsp;um tapete V-Mat ou Transit.<\/p>\n<\/p>\n<h4>Descri\u00e7&#8230;<\/p>\n","protected":false},"featured_media":6172,"template":"","meta":{"spay_email":""},"product_cat":[15],"product_tag":[],"class_list":{"0":"post-6171","1":"product","2":"type-product","3":"status-publish","4":"has-post-thumbnail","6":"product_cat-sem-categoria","8":"first","9":"instock","10":"taxable","11":"shipping-taxable","12":"purchasable","13":"product-type-simple"},"acf":[],"jetpack-related-posts":[{"id":6469,"url":"https:\/\/mundo.seashell.pt\/?product=vanish-animais-de-estimacao-06l","url_meta":{"origin":6171,"position":0},"title":"Vanish Animais de Estima\u00e7\u00e3o 600ml","date":"Fevereiro 23, 2022","format":false,"excerpt":"Vanish Pet Expert espuma de limpeza foi desenvolvido para remover sujidade e pelos de tapetes, carpetes e estofos. Al\u00e9m disso, tem um efeito refrescante e amaciador.Benef\u00edcios: - Elimina a sujidade provocada pelos animais de estima\u00e7\u00e3o \u00e0 1\u00aa utiliza\u00e7\u00e3o;- Remove 3x mais pelos e 5x mais lama e sujidade do que\u2026","rel":"","context":"Similar post","img":{"alt_text":"","src":"https:\/\/i0.wp.com\/mundo.seashell.pt\/wp-content\/uploads\/2022\/02\/Vanish_Pet_Expert_Espuma_x6_5410036301258.png?resize=350%2C200&ssl=1","width":350,"height":200},"classes":[]},{"id":6026,"url":"https:\/\/mundo.seashell.pt\/?product=dry-mok-5kg","url_meta":{"origin":6171,"position":1},"title":"Shampoo Neutro Dry Mok 5Kg","date":"Fevereiro 23, 2022","format":false,"excerpt":"Detergente neutro espec\u00edfico para a limpeza a seco de alcatifas e tapetes.","rel":"","context":"Similar post","img":{"alt_text":"","src":"https:\/\/i0.wp.com\/mundo.seashell.pt\/wp-content\/uploads\/2022\/02\/dry_mok.jpg?resize=350%2C200&ssl=1","width":350,"height":200},"classes":[]},{"id":5752,"url":"https:\/\/mundo.seashell.pt\/?product=solim-oxiclean-10kg","url_meta":{"origin":6171,"position":2},"title":"Solim Oxiclean 10Kg","date":"Fevereiro 23, 2022","format":false,"excerpt":"N\u00f3doas dif\u00edceis: Fazer uma solu\u00e7\u00e3o com: 1 litro de \u00e1gua e 15g de SOLIM OXICLEAN.","rel":"","context":"Similar post","img":{"alt_text":"","src":"https:\/\/i0.wp.com\/mundo.seashell.pt\/wp-content\/uploads\/2022\/02\/Oxiclean.jpg?resize=350%2C200&ssl=1","width":350,"height":200},"classes":[]},{"id":5454,"url":"https:\/\/mundo.seashell.pt\/?product=escova-lavadeira-em-s","url_meta":{"origin":6171,"position":3},"title":"Escova Lavadeira em S","date":"Fevereiro 23, 2022","format":false,"excerpt":"Escova para lavandaria, para escovar tapetes ou outros materiais e tecidos.","rel":"","context":"Similar post","img":{"alt_text":"","src":"https:\/\/i0.wp.com\/mundo.seashell.pt\/wp-content\/uploads\/2022\/02\/Captura_de_ecra__2021-03-06__a_s_11.10.26_PhotoRoom_20210408_113538.jpg?resize=350%2C200&ssl=1","width":350,"height":200},"classes":[]},{"id":7022,"url":"https:\/\/mundo.seashell.pt\/?product=ambipur-absorve-odores-45-dias","url_meta":{"origin":6171,"position":4},"title":"Ambipur Absorve Odores 45 dias","date":"Fevereiro 23, 2022","format":false,"excerpt":"O primeiro ambientador n\u00e3o el\u00e9trico cont\u00ednuo, para a casa de banho, n\u00e3o s\u00f3 elimina os odores do ar como tamb\u00e9m evita que permane\u00e7am em superf\u00edcies macias, como toalhas, tapetes e cortinas de duche. Febreze Para Casa de Banho utiliza a sua tecnologia exclusiva Odour ClearTM, proporcionando uma frescura cont\u00ednua at\u00e9\u2026","rel":"","context":"Similar post","img":{"alt_text":"","src":"https:\/\/i0.wp.com\/mundo.seashell.pt\/wp-content\/uploads\/2022\/02\/AMBIPUR_CASA_BANHO_ALGODA_O_FRESCO_1UN_8006540194140.jpeg?resize=350%2C200&ssl=1","width":350,"height":200},"classes":[]},{"id":5750,"url":"https:\/\/mundo.seashell.pt\/?product=stark-oxiblanc-10kg-lavandaria-manual","url_meta":{"origin":6171,"position":5},"title":"Branqueador Stark Oxiblanc 10Kg &#8211; Lavandaria Manual","date":"Fevereiro 23, 2022","format":false,"excerpt":"Branqueador em p\u00f3 para lavagem de roupa.","rel":"","context":"Similar post","img":{"alt_text":"","src":"https:\/\/i0.wp.com\/mundo.seashell.pt\/wp-content\/uploads\/2022\/02\/STARK_OXIBLANC_PhotoRoom_20210402_103319.jpg?resize=350%2C200&ssl=1","width":350,"height":200},"classes":[]}],"_links":{"self":[{"href":"https:\/\/mundo.seashell.pt\/index.php?rest_route=\/wp\/v2\/product\/6171","targetHints":{"allow":["GET"]}}],"collection":[{"href":"https:\/\/mundo.seashell.pt\/index.php?rest_route=\/wp\/v2\/product"}],"about":[{"href":"https:\/\/mundo.seashell.pt\/index.php?rest_route=\/wp\/v2\/types\/product"}],"wp:featuredmedia":[{"embeddable":true,"href":"https:\/\/mundo.seashell.pt\/index.php?rest_route=\/wp\/v2\/media\/6172"}],"wp:attachment":[{"href":"https:\/\/mundo.seashell.pt\/index.php?rest_route=%2Fwp%2Fv2%2Fmedia&parent=6171"}],"wp:term":[{"taxonomy":"product_cat","embeddable":true,"href":"https:\/\/mundo.seashell.pt\/index.php?rest_route=%2Fwp%2Fv2%2Fproduct_cat&post=6171"},{"taxonomy":"product_tag","embeddable":true,"href":"https:\/\/mundo.seashell.pt\/index.php?rest_route=%2Fwp%2Fv2%2Fproduct_tag&post=6171"}],"curies":[{"name":"wp","href":"https:\/\/api.w.org\/{rel}","templated":true}]}}