{"id":6163,"date":"2022-02-23T11:52:16","date_gmt":"2022-02-23T11:52:16","guid":{"rendered":"https:\/\/mundo.seashell.pt\/?post_type=product&#038;p=6163"},"modified":"2022-02-23T11:52:18","modified_gmt":"2022-02-23T11:52:18","slug":"dispensador-wrapmaster-vileda","status":"publish","type":"product","link":"https:\/\/mundo.seashell.pt\/?product=dispensador-wrapmaster-vileda","title":{"rendered":"Dispensador Wrapmaster Vileda"},"content":{"rendered":"<h2>Dispensador WrapMaster<\/h2>\n<p>O Wrapmaster \u00e9 um sistema dispensador profissional de folha de alum\u00ednio e pel\u00edcula de filme&nbsp;ideal para a prote\u00e7\u00e3o e conserva\u00e7\u00e3o de alimentos perec\u00edveis. \u00c9 f\u00e1cil e r\u00e1pido de usar em qualquer parte: cantinas, cozinhas, catering. O Wrapmaster oferece benef\u00edcios at\u00e9 35% atrav\u00e9s da redu\u00e7\u00e3o de desperd\u00edcios e um maior rendimento. O sistema \u00e9 muito higi\u00e9nico, pois suas pe\u00e7as de reposi\u00e7\u00e3o internas s\u00e3o protegidas contra riscos de contamina\u00e7\u00e3o cruzada por sua carca\u00e7a robusta e f\u00e1cil de limpar do ABS.<\/p>\n<h3>Benef\u00edcios do Produto<\/h3>\n<ul>\n<li>Vers\u00e1til: mont\u00e1vel em parede ou sobre a superf\u00edcie.<\/li>\n<li>Sistema de corte de a\u00e7o inox protegido para maior seguran\u00e7a.<\/li>\n<li><a href=\"\/pelicula-aderente-para-wrapmaster-vileda\" target=\"_blank\" rel=\"noopener\">Pel\u00edcula de filme PE<\/a> e <a href=\"\/folha-de-aluminio-para-wrapmaster-vileda\" target=\"_blank\" rel=\"noopener\">folha de alum\u00ednio&nbsp;<\/a><\/li>\n<li>Sistema de recarga avan\u00e7ado para dispensar sem esfor\u00e7o. Pr\u00e1tico.<\/li>\n<\/ul>\n<p>A vers\u00e3o 3000 suporta rolos de 30 cm e a vers\u00e3o 4000 suporta rolos at\u00e9 45 cm.<\/p>\n","protected":false},"excerpt":{"rendered":"<p>Dispensador WrapMaster<br \/>\nO Wrapmaster \u00e9 um sistema dispensador profissional de folha de alum\u00ednio e pel\u00edcula de filme\u00a0ideal para a prote\u00e7\u00e3o e conserva\u00e7\u00e3o de alimentos perec\u00edveis. \u00c9 f\u00e1cil e r\u00e1pido de usar em qualquer parte: cantinas, cozinhas, catering. O Wrapmaster oferece benef\u00edcios at\u00e9 35% atrav\u00e9s da redu\u00e7\u00e3o de desperd\u00edcios e um &#8230;<\/p>\n","protected":false},"featured_media":6164,"template":"","meta":{"spay_email":""},"product_cat":[15],"product_tag":[],"class_list":{"0":"post-6163","1":"product","2":"type-product","3":"status-publish","4":"has-post-thumbnail","6":"product_cat-sem-categoria","8":"first","9":"instock","10":"taxable","11":"shipping-taxable","12":"purchasable","13":"product-type-simple"},"acf":[],"jetpack-related-posts":[{"id":6161,"url":"https:\/\/mundo.seashell.pt\/?product=folha-de-aluminio-para-wrapmaster-vileda","url_meta":{"origin":6163,"position":0},"title":"Folha de Alum\u00ednio para Wrapmaster Vileda","date":"Fevereiro 23, 2022","format":false,"excerpt":"Consumiveis Wrapmaster. O Wrapmaster \u00e9 o sistema dispensador profissional ideal de filmes e alum\u00ednio para a prote\u00e7\u00e3o e conserva\u00e7\u00e3o de alimentos perec\u00edveis. \u00c9 f\u00e1cil e r\u00e1pido de usar em qualquer lugar: em cantinas, cozinhas, catering.Benef\u00edcios do produtoFilme PE respeitoso com o meio ambiente, flex\u00edvel e fortement...","rel":"","context":"Similar post","img":{"alt_text":"","src":"https:\/\/i0.wp.com\/mundo.seashell.pt\/wp-content\/uploads\/2022\/02\/09-films-foils-02-wrapmaster-refill-refill-alu-detail-580x435_PhotoRoom_20210418_123654.jpg?resize=350%2C200&ssl=1","width":350,"height":200},"classes":[]},{"id":6159,"url":"https:\/\/mundo.seashell.pt\/?product=pelicula-aderente-para-wrapmaster-vileda","url_meta":{"origin":6163,"position":1},"title":"Pel\u00edcula Aderente PE para Wrapmaster Vileda","date":"Fevereiro 23, 2022","format":false,"excerpt":"Consumiveis Wrapmaster O Wrapmaster \u00e9 o sistema dispensador profissional ideal de filmes e alum\u00ednio para a prote\u00e7\u00e3o e conserva\u00e7\u00e3o de alimentos perec\u00edveis. \u00c9 f\u00e1cil e r\u00e1pido de usar em qualquer lugar: em cantinas, cozinhas, catering.Benef\u00edcios do produto Filme PE respeitoso com o meio ambiente, flex\u00edvel e fortement...","rel":"","context":"Similar post","img":{"alt_text":"","src":"https:\/\/i0.wp.com\/mundo.seashell.pt\/wp-content\/uploads\/2022\/02\/09-films-foils-02-wrapmaster-refill-refill-pe-detail-580x435_PhotoRoom_20210418_123230.jpg?resize=350%2C200&ssl=1","width":350,"height":200},"classes":[]},{"id":6123,"url":"https:\/\/mundo.seashell.pt\/?product=dispensador-de-papel-higienico-com-extracao-central-abs","url_meta":{"origin":6163,"position":2},"title":"Dispensador de Papel Higi\u00e9nico com Extra\u00e7\u00e3o Central  Eco-Luxe ABS","date":"Fevereiro 23, 2022","format":false,"excerpt":"Design, qualidade e funcionalidade. Estas s\u00e3o as tr\u00eas caracter\u00edsticas principais do dispensador central de papel higi\u00e9nico da nova linha ECO-LUXE. A distribui\u00e7\u00e3o folha a folha do papel evita a contamina\u00e7\u00e3o cruzada dos usu\u00e1rios, mantendo o restante do rolo protegido dentro do distribuidor. Uma caracter\u00edstica de vital import\u00e2ncia para a ...","rel":"","context":"Similar post","img":{"alt_text":"","src":"https:\/\/i0.wp.com\/mundo.seashell.pt\/wp-content\/uploads\/2022\/02\/dispensador-de-papel-higienico-dispensacion-central-eco-luxe-blanco_9312041_xxl_PhotoRoom_20210411_120841.jpg?resize=350%2C200&ssl=1","width":350,"height":200},"classes":[]},{"id":6127,"url":"https:\/\/mundo.seashell.pt\/?product=dispensador-de-papel-em-mecha-com-estrangulador-abs","url_meta":{"origin":6163,"position":3},"title":"Dispensador de Papel em Mecha com Estrangulador Eco-Luxe ABS","date":"Fevereiro 23, 2022","format":false,"excerpt":"Design, qualidade e funcionalidade. Estas s\u00e3o as tr\u00eas principais caracter\u00edsticas do dispensador de mechas da nova linha ECO-LUXE. O dispensador de papel em mecha \u00e9 um dos dispositivos mais amplamente utilizados para lavar e secar as m\u00e3os, por exemplo, em cozinhas profissionais, cl\u00ednicas m\u00e9dicas, odontol\u00f3gicas e de fisioterapia. A remo\u00e7...","rel":"","context":"Similar post","img":{"alt_text":"","src":"https:\/\/i0.wp.com\/mundo.seashell.pt\/wp-content\/uploads\/2022\/02\/dispensador-de-papel-toalla-abs-eco-luxe-negro_9300473_xxl_PhotoRoom_20210411_120905-1.jpg?resize=350%2C200&ssl=1","width":350,"height":200},"classes":[]},{"id":5404,"url":"https:\/\/mundo.seashell.pt\/?product=suporte-para-higienico-folha-a-folha","url_meta":{"origin":6163,"position":4},"title":"Suporte para Higi\u00e9nico Folha a Folha","date":"Fevereiro 23, 2022","format":false,"excerpt":"Para papel higi\u00e9nico folha a folha","rel":"","context":"Similar post","img":{"alt_text":"","src":"https:\/\/i0.wp.com\/mundo.seashell.pt\/wp-content\/uploads\/2022\/02\/suporte_folha_a_folha.png?resize=350%2C200&ssl=1","width":350,"height":200},"classes":[]},{"id":6143,"url":"https:\/\/mundo.seashell.pt\/?product=dispensador-de-papel-em-mecha-elegance-abs","url_meta":{"origin":6163,"position":5},"title":"Dispensador de Papel em Mecha Elegance ABS","date":"Fevereiro 23, 2022","format":false,"excerpt":"O dispensador de mecha da linha Elegance, fabricado em ABS, torna-o um dispensador de mecha compacto e robusto com caracter\u00edsticas antivandalismo. Apresenta um design vers\u00e1til e intemporal que se adapta a qualquer espa\u00e7o. Ideal para instala\u00e7\u00f5es sanit\u00e1rias e cozinhas com muito movimento.","rel":"","context":"Similar post","img":{"alt_text":"","src":"https:\/\/i0.wp.com\/mundo.seashell.pt\/wp-content\/uploads\/2022\/02\/dispensador-papel-mecha-losdi-CP0521B_PhotoRoom_20210411_120733.jpg?resize=350%2C200&ssl=1","width":350,"height":200},"classes":[]}],"_links":{"self":[{"href":"https:\/\/mundo.seashell.pt\/index.php?rest_route=\/wp\/v2\/product\/6163","targetHints":{"allow":["GET"]}}],"collection":[{"href":"https:\/\/mundo.seashell.pt\/index.php?rest_route=\/wp\/v2\/product"}],"about":[{"href":"https:\/\/mundo.seashell.pt\/index.php?rest_route=\/wp\/v2\/types\/product"}],"wp:featuredmedia":[{"embeddable":true,"href":"https:\/\/mundo.seashell.pt\/index.php?rest_route=\/wp\/v2\/media\/6164"}],"wp:attachment":[{"href":"https:\/\/mundo.seashell.pt\/index.php?rest_route=%2Fwp%2Fv2%2Fmedia&parent=6163"}],"wp:term":[{"taxonomy":"product_cat","embeddable":true,"href":"https:\/\/mundo.seashell.pt\/index.php?rest_route=%2Fwp%2Fv2%2Fproduct_cat&post=6163"},{"taxonomy":"product_tag","embeddable":true,"href":"https:\/\/mundo.seashell.pt\/index.php?rest_route=%2Fwp%2Fv2%2Fproduct_tag&post=6163"}],"curies":[{"name":"wp","href":"https:\/\/api.w.org\/{rel}","templated":true}]}}