{"id":6010,"date":"2022-02-23T11:46:45","date_gmt":"2022-02-23T11:46:45","guid":{"rendered":"https:\/\/mundo.seashell.pt\/?post_type=product&#038;p=6010"},"modified":"2022-02-23T11:46:48","modified_gmt":"2022-02-23T11:46:48","slug":"singular-5kg","status":"publish","type":"product","link":"https:\/\/mundo.seashell.pt\/?product=singular-5kg","title":{"rendered":"Lava e Encera Singular 5Kg"},"content":{"rendered":"<h2>Emuls\u00e3o acr\u00edlica detergente<\/h2>\n<ul>\n<li>Para a prote\u00e7\u00e3o e manuten\u00e7\u00e3o dos pavimentos porosos<\/li>\n<li>Elevado n\u00edvel de brilho<\/li>\n<li>Limpa, protege e d\u00e1 brilho aos pavimentos<\/li>\n<\/ul>\n<h4><\/h4>\n<h4>Descri\u00e7\u00e3o<\/h4>\n<p>Produto formulado com uma combina\u00e7\u00e3o de emuls\u00f5es polim\u00e9ricas e de detergentes para o tratamento de pavimentos sint\u00e9ticos e minerais, tais como m\u00e1rmore, marmorite e granito. \u00d3timo para a manuten\u00e7\u00e3o como &#8220;lava-encera&#8221;.<\/p>\n<h4><\/h4>\n<h4>Dilui\u00e7\u00e3o<\/h4>\n<p>Tratamento: Pronto para o uso.<br \/>Manuten\u00e7\u00e3o: 2% &#8211; 5% (200 &#8211; 500 ml em 10 L de \u00e1gua).<\/p>\n<h4><\/h4>\n<h4>Como usar<\/h4>\n<p>TRATAMENTO: Depois de ter cuidadosamente decapado o pavimento com o decapante apropriado da linha SUTTER PROFESSIONAL, aplique duas dem\u00e3os de produto com o aplicador de cera. Deixe secar cerca de 45 min. entre uma dem\u00e3o e outra. MANUTEN\u00c7\u00c3O: dilua o produto com \u00e1gua, estenda a solu\u00e7\u00e3o no pavimento, com franja ou mop, enxaguando frequentemente a pr\u00f3pria franja durante a lavagem, se necess\u00e1rio volte a passar com franja ou mop limpo para remover a solu\u00e7\u00e3o de lavagem.<\/p>\n","protected":false},"excerpt":{"rendered":"<p>Produto formulado com uma combina\u00e7\u00e3o de emuls\u00f5es polim\u00e9ricas e de detergentes para o tratamento de pavimentos sint\u00e9ticos e minerais, tais como m\u00e1rmore, marmorite e granito. \u00d3timo para a manuten\u00e7\u00e3o como lava-encera.<\/p>\n","protected":false},"featured_media":6011,"template":"","meta":{"spay_email":""},"product_cat":[15],"product_tag":[],"class_list":{"0":"post-6010","1":"product","2":"type-product","3":"status-publish","4":"has-post-thumbnail","6":"product_cat-sem-categoria","8":"first","9":"instock","10":"taxable","11":"shipping-taxable","12":"purchasable","13":"product-type-simple"},"acf":[],"jetpack-related-posts":[{"id":6012,"url":"https:\/\/mundo.seashell.pt\/?product=ravviva-5kg","url_meta":{"origin":6010,"position":0},"title":"Lava e Encera Ravviva 5Kg","date":"Fevereiro 23, 2022","format":false,"excerpt":"Detergente de polimento, liberta no pavimento uma fina pel\u00edcula auto brilhante a fim de reparar a velha camada de cera ou dar uma ligeira prote\u00e7\u00e3o nos pavimentos n\u00e3o tratados.","rel":"","context":"Similar post","img":{"alt_text":"","src":"https:\/\/i0.wp.com\/mundo.seashell.pt\/wp-content\/uploads\/2022\/02\/ravviva.jpg?resize=350%2C200&ssl=1","width":350,"height":200},"classes":[]},{"id":6014,"url":"https:\/\/mundo.seashell.pt\/?product=spolvero-mop-500ml","url_meta":{"origin":6010,"position":1},"title":"Anti &#8211; P\u00f3 Spolvero Mop 500ml","date":"Fevereiro 23, 2022","format":false,"excerpt":"Spray com elevada a\u00e7\u00e3o antiest\u00e1tica de longa dura\u00e7\u00e3o para limpar a seco o p\u00f3 de todos os tipos de pavimentos, exceto superf\u00edcies t\u00eaxteis.","rel":"","context":"Similar post","img":{"alt_text":"","src":"https:\/\/i0.wp.com\/mundo.seashell.pt\/wp-content\/uploads\/2022\/02\/spolvero_mop.jpg?resize=350%2C200&ssl=1","width":350,"height":200},"classes":[]},{"id":5956,"url":"https:\/\/mundo.seashell.pt\/?product=azzurro-5kg","url_meta":{"origin":6010,"position":2},"title":"Detergente Antiderrapante Azzurro 5Kg","date":"Fevereiro 23, 2022","format":false,"excerpt":"Detergente neutro concentrado apropriado para a manuten\u00e7\u00e3o de todos os tipos de pavimento protegidos com cera","rel":"","context":"Similar post","img":{"alt_text":"","src":"https:\/\/i0.wp.com\/mundo.seashell.pt\/wp-content\/uploads\/2022\/02\/azzurro.jpg?resize=350%2C200&ssl=1","width":350,"height":200},"classes":[]},{"id":6008,"url":"https:\/\/mundo.seashell.pt\/?product=solim-lava-encera-5l","url_meta":{"origin":6010,"position":3},"title":"Solim Lava Encera 5L","date":"Fevereiro 23, 2022","format":false,"excerpt":"Lava e encera com antiderrapante de aplica\u00e7\u00e3o manual ou mec\u00e2nica","rel":"","context":"Similar post","img":{"alt_text":"","src":"https:\/\/i0.wp.com\/mundo.seashell.pt\/wp-content\/uploads\/2022\/02\/SOLIM_LAVA_ENCERA_PhotoRoom_20210402_103013.jpg?resize=350%2C200&ssl=1","width":350,"height":200},"classes":[]},{"id":6081,"url":"https:\/\/mundo.seashell.pt\/?product=clorogel-1lt","url_meta":{"origin":6010,"position":4},"title":"Detergente Higienizante Clorogel","date":"Fevereiro 23, 2022","format":false,"excerpt":"Detergente higienizante com cloro para uma eficaz limpeza de lavabos, bancadas de trabalho, sanit\u00e1rios, WC e revestimentos cer\u00e2micos e pavimentos n\u00e3o encerados.","rel":"","context":"Similar post","img":{"alt_text":"","src":"https:\/\/i0.wp.com\/mundo.seashell.pt\/wp-content\/uploads\/2022\/02\/clorogel.jpg?resize=350%2C200&ssl=1","width":350,"height":200},"classes":[]},{"id":6060,"url":"https:\/\/mundo.seashell.pt\/?product=solim-clorogel-5kg","url_meta":{"origin":6010,"position":5},"title":"Solim Clorogel 5Kg","date":"Fevereiro 23, 2022","format":false,"excerpt":"Detergente higienizante com cloro para uma eficaz limpeza de balne\u00e1rios, bancadas de trabalho, sanit\u00e1rios, WC e revestimentos cer\u00e2micos e pavimentos n\u00e3o encerados.","rel":"","context":"Similar post","img":{"alt_text":"","src":"https:\/\/i0.wp.com\/mundo.seashell.pt\/wp-content\/uploads\/2022\/02\/solim_clorogel_1.jpg?resize=350%2C200&ssl=1","width":350,"height":200},"classes":[]}],"_links":{"self":[{"href":"https:\/\/mundo.seashell.pt\/index.php?rest_route=\/wp\/v2\/product\/6010","targetHints":{"allow":["GET"]}}],"collection":[{"href":"https:\/\/mundo.seashell.pt\/index.php?rest_route=\/wp\/v2\/product"}],"about":[{"href":"https:\/\/mundo.seashell.pt\/index.php?rest_route=\/wp\/v2\/types\/product"}],"wp:featuredmedia":[{"embeddable":true,"href":"https:\/\/mundo.seashell.pt\/index.php?rest_route=\/wp\/v2\/media\/6011"}],"wp:attachment":[{"href":"https:\/\/mundo.seashell.pt\/index.php?rest_route=%2Fwp%2Fv2%2Fmedia&parent=6010"}],"wp:term":[{"taxonomy":"product_cat","embeddable":true,"href":"https:\/\/mundo.seashell.pt\/index.php?rest_route=%2Fwp%2Fv2%2Fproduct_cat&post=6010"},{"taxonomy":"product_tag","embeddable":true,"href":"https:\/\/mundo.seashell.pt\/index.php?rest_route=%2Fwp%2Fv2%2Fproduct_tag&post=6010"}],"curies":[{"name":"wp","href":"https:\/\/api.w.org\/{rel}","templated":true}]}}