{"id":6006,"date":"2022-02-23T11:46:41","date_gmt":"2022-02-23T11:46:41","guid":{"rendered":"https:\/\/mundo.seashell.pt\/?post_type=product&#038;p=6006"},"modified":"2022-02-23T11:46:43","modified_gmt":"2022-02-23T11:46:43","slug":"chlor-ha-24-kg","status":"publish","type":"product","link":"https:\/\/mundo.seashell.pt\/?product=chlor-ha-24-kg","title":{"rendered":"Desinfetante Clorado Chlor HA 24 Kg"},"content":{"rendered":"<h2>Desinfetante Clorado<\/h2>\n<ul>\n<li>N\u00ba registo de pesticidas: 18-20\/40-06509-HA<\/li>\n<li>Em conformidade com as <a target=\"_blank\" href=\"https:\/\/www.sutterprofessional.it\/pt\/sutterpedia#rule\" rel=\"noopener\">normas<\/a> EN: 13697, 14476<\/li>\n<li>Ideal para a ind\u00fastria agro-alimentar<\/li>\n<\/ul>\n<h4><\/h4>\n<h4>Descri\u00e7\u00e3o<\/h4>\n<p>Desinfetante clorado formulado para ser utilizado em \u00e1reas agro-alimentares. N\u00e3o gera espuma e f\u00e1cil a enxaguar. \u00c9 poss\u00edvel utilizar por meio de pano, esfreg\u00e3o e sistema de recircula\u00e7\u00e3o (CIP) com o produto dilu\u00eddo em \u00e1gua.<br \/><strong>APLICA\u00c7\u00c3O E USOS AUTORIZADOS: <\/strong>Uso na ind\u00fastria de alimentos. Desinfe\u00e7\u00e3o de contacto: superf\u00edcies e equipamentos. Aplica\u00e7\u00e3o por profissional.<br \/><strong><\/p>\n<p><\/strong><\/p>\n<p><strong>COMPOSI\u00c7\u00c3O QU\u00cdMICA:<\/strong> Hipoclorito s\u00f3dico (cloro ativo) 11,40%, Excipientes c.s.p. 100%.<\/p>\n<p>Em conformidade com as <a target=\"_blank\" href=\"https:\/\/www.sutterprofessional.it\/pt\/sutterpedia#rule\" rel=\"noopener\">normas<\/a> EN: 13697, 14476.<br \/>Atende a Norma UNE-EN 13697 em condi\u00e7\u00f5es de sujidade. Antiss\u00e9pticos e desinfetantes qu\u00edmicos. An\u00e1lise quantitativa de superf\u00edcie n\u00e3o porosa para a avalia\u00e7\u00e3o da atividade bactericida e fungicida de desinfetantes qu\u00edmicos utilizados em produtos alimentares na ind\u00fastria, em casa e na comunidade. A aplica\u00e7\u00e3o do produto na ind\u00fastria de alimentos para uso na desinfe\u00e7\u00e3o de contacto: superf\u00edcies e equipamentos, ser\u00e1 conduzida na aus\u00eancia de alimentos.<\/p>\n<h4><\/h4>\n<h4>Dilui\u00e7\u00e3o<\/h4>\n<p>Para obter um efeito bactericida diluir o produto 1,5% deixar atuar durante 5 minutos. Para obter um efeito fungicida diluir o produto 1% deixar atuar durante 15 minutos. Para uma melhor&nbsp;dilui\u00e7\u00e3o do produto se recomenda utilizar um sistema autom\u00e1tico Sutter Tech.<\/p>\n","protected":false},"excerpt":{"rendered":"<p>Desinfetante clorado formulado para ser utilizado em \u00e1reas agro-alimentares.<\/p>\n","protected":false},"featured_media":6007,"template":"","meta":{"spay_email":""},"product_cat":[15],"product_tag":[],"class_list":{"0":"post-6006","1":"product","2":"type-product","3":"status-publish","4":"has-post-thumbnail","6":"product_cat-sem-categoria","8":"first","9":"instock","10":"taxable","11":"shipping-taxable","12":"purchasable","13":"product-type-simple"},"acf":[],"jetpack-related-posts":[{"id":5972,"url":"https:\/\/mundo.seashell.pt\/?product=sf-300-5kg","url_meta":{"origin":6006,"position":0},"title":"Detergente Desinfetante SF 300 5Kg","date":"Fevereiro 23, 2022","format":false,"excerpt":"Detergente Desinfetante contendo cloro para a desinfe\u00e7\u00e3o de \u00e1reas de alimentos.","rel":"","context":"Similar post","img":{"alt_text":"","src":"https:\/\/i0.wp.com\/mundo.seashell.pt\/wp-content\/uploads\/2022\/02\/sf_300.jpg?resize=350%2C200&ssl=1","width":350,"height":200},"classes":[]},{"id":5690,"url":"https:\/\/mundo.seashell.pt\/?product=alkachlor-foam-ha-22kg","url_meta":{"origin":6006,"position":1},"title":"Desengordurante Alkachlor Foam Ha 22Kg","date":"Fevereiro 23, 2022","format":false,"excerpt":"Espuma de elevado poder desengordurante e higienizante de base cloro. Recomendado para limpeza em \u00e1reas de processo agro-alimentar.","rel":"","context":"Similar post","img":{"alt_text":"","src":"https:\/\/i0.wp.com\/mundo.seashell.pt\/wp-content\/uploads\/2022\/02\/PhotoRoom_20210325_092137.jpg?resize=350%2C200&ssl=1","width":350,"height":200},"classes":[]},{"id":5694,"url":"https:\/\/mundo.seashell.pt\/?product=duo-quat-ha-5kg","url_meta":{"origin":6006,"position":2},"title":"Desinfetante Desengordurante Duo Quat HA 5Kg","date":"Fevereiro 23, 2022","format":false,"excerpt":"Detergente desinfetante de base am\u00f4nio quatern\u00e1rios de largo espectro de ac\u00e7\u00e3o.","rel":"","context":"Similar post","img":{"alt_text":"","src":"https:\/\/i0.wp.com\/mundo.seashell.pt\/wp-content\/uploads\/2022\/02\/agral_duo_quat_ha.jpg?resize=350%2C200&ssl=1","width":350,"height":200},"classes":[]},{"id":5760,"url":"https:\/\/mundo.seashell.pt\/?product=chlor-active-24kg-lavandaria-automatica","url_meta":{"origin":6006,"position":3},"title":"Branqueador Chlor Active 24Kg &#8211; Lavandaria Autom\u00e1tica","date":"Fevereiro 23, 2022","format":false,"excerpt":"Branqueador \u00e0 base de cloro activo para lavagem autom\u00e1tica de roupa, para todos os tecidos brancos ou resistentes ao cloro","rel":"","context":"Similar post","img":{"alt_text":"","src":"https:\/\/i0.wp.com\/mundo.seashell.pt\/wp-content\/uploads\/2022\/02\/chlor_active.jpg?resize=350%2C200&ssl=1","width":350,"height":200},"classes":[]},{"id":6056,"url":"https:\/\/mundo.seashell.pt\/?product=lactic-500ml","url_meta":{"origin":6006,"position":4},"title":"Desinfetante Lactic 500Ml","date":"Fevereiro 23, 2022","format":false,"excerpt":"Desinfetante multiusos pronto para usar para todas as superf\u00edcies duras lav\u00e1veis: pavimentos, mobili\u00e1rio, bancadas de trabalho, instala\u00e7\u00f5es sanit\u00e1rias e caixotes do lixo","rel":"","context":"Similar post","img":{"alt_text":"","src":"https:\/\/i0.wp.com\/mundo.seashell.pt\/wp-content\/uploads\/2022\/02\/lactic.jpg?resize=350%2C200&ssl=1","width":350,"height":200},"classes":[]},{"id":5994,"url":"https:\/\/mundo.seashell.pt\/?product=ondaklor-5kg","url_meta":{"origin":6006,"position":5},"title":"Detergente Ondaklor 5kg","date":"Fevereiro 23, 2022","format":false,"excerpt":"ONDAKLOR \u00e9 um biocida cloroxidante de ac\u00e7\u00e3o detergente para a limpeza e a desinfec\u00e7\u00e3o de pavimentos e superf\u00edcies lav\u00e1veis.","rel":"","context":"Similar post","img":{"alt_text":"","src":"https:\/\/i0.wp.com\/mundo.seashell.pt\/wp-content\/uploads\/2022\/02\/ondaklor.jpg?resize=350%2C200&ssl=1","width":350,"height":200},"classes":[]}],"_links":{"self":[{"href":"https:\/\/mundo.seashell.pt\/index.php?rest_route=\/wp\/v2\/product\/6006","targetHints":{"allow":["GET"]}}],"collection":[{"href":"https:\/\/mundo.seashell.pt\/index.php?rest_route=\/wp\/v2\/product"}],"about":[{"href":"https:\/\/mundo.seashell.pt\/index.php?rest_route=\/wp\/v2\/types\/product"}],"wp:featuredmedia":[{"embeddable":true,"href":"https:\/\/mundo.seashell.pt\/index.php?rest_route=\/wp\/v2\/media\/6007"}],"wp:attachment":[{"href":"https:\/\/mundo.seashell.pt\/index.php?rest_route=%2Fwp%2Fv2%2Fmedia&parent=6006"}],"wp:term":[{"taxonomy":"product_cat","embeddable":true,"href":"https:\/\/mundo.seashell.pt\/index.php?rest_route=%2Fwp%2Fv2%2Fproduct_cat&post=6006"},{"taxonomy":"product_tag","embeddable":true,"href":"https:\/\/mundo.seashell.pt\/index.php?rest_route=%2Fwp%2Fv2%2Fproduct_tag&post=6006"}],"curies":[{"name":"wp","href":"https:\/\/api.w.org\/{rel}","templated":true}]}}