{"id":6002,"date":"2022-02-23T11:46:33","date_gmt":"2022-02-23T11:46:33","guid":{"rendered":"https:\/\/mundo.seashell.pt\/?post_type=product&#038;p=6002"},"modified":"2022-02-23T11:46:36","modified_gmt":"2022-02-23T11:46:36","slug":"tabs-chlorine-500gr","status":"publish","type":"product","link":"https:\/\/mundo.seashell.pt\/?product=tabs-chlorine-500gr","title":{"rendered":"Pastilhas Tabs Chlorine 500gr"},"content":{"rendered":"<h2>Pastilhas efervescentes de higieniza\u00e7\u00e3o \u00e0 base de dicloro isocianurato<\/h2>\n<ul>\n<li>Alto conte\u00fado de cloro<\/li>\n<li>Efeito higienizante<\/li>\n<li>\u00d3tima solubilidade<\/li>\n<\/ul>\n<h4><\/h4>\n<h4>Descri\u00e7\u00e3o<\/h4>\n<p>Pastilhas efervescentes com a\u00e7\u00e3o higienizante \/ branqueadora \u00e0 base de dicloroisocianurato, para cada tipo de sanitiza\u00e7\u00e3o e em qualquer superf\u00edcie. Branqueamento de tecidos: para todos os tecidos brancos ou de cor resistentes ao cloro. Utilizar a temperaturas abaixo de 60\u00baC<\/p>\n<h4><\/h4>\n<h4>Como usar<\/h4>\n<p>Depois de limpar adequadamente, dissolva duas pastilhas em 5 l e proceda \u00e0 sanitiza\u00e7\u00e3o aplicando a solu\u00e7\u00e3o diretamente nas superf\u00edcies. Deixe actuar algum tempo e deixe secar. Para a desinfe\u00e7\u00e3o da loi\u00e7a, dilua uma pastilha por ciclo de lavagem. Para o branqueamento de tecidos n\u00e3o coloridos, introduza na m\u00e1quina de lavar uma pastilha para cada 4 kg de roupa.<\/p>\n","protected":false},"excerpt":{"rendered":"<p>Pastilhas efervescentes com a\u00e7\u00e3o higienizante\/branqueadora \u00e0 base de dicloroisocianurato, para cada tipo de sanitiza\u00e7\u00e3o e em qualquer superf\u00edcie<\/p>\n","protected":false},"featured_media":6003,"template":"","meta":{"spay_email":""},"product_cat":[15],"product_tag":[],"class_list":{"0":"post-6002","1":"product","2":"type-product","3":"status-publish","4":"has-post-thumbnail","6":"product_cat-sem-categoria","8":"first","9":"instock","10":"taxable","11":"shipping-taxable","12":"purchasable","13":"product-type-simple"},"acf":[],"jetpack-related-posts":[{"id":6054,"url":"https:\/\/mundo.seashell.pt\/?product=stark-desidin-pastilhas-1kg","url_meta":{"origin":6002,"position":0},"title":"Stark Desidin Pastilhas 1KG","date":"Fevereiro 23, 2022","format":false,"excerpt":"Pastilhas efervescentes de cloro","rel":"","context":"Similar post","img":{"alt_text":"","src":"https:\/\/i0.wp.com\/mundo.seashell.pt\/wp-content\/uploads\/2022\/02\/stark_desidin.jpg?resize=350%2C200&ssl=1","width":350,"height":200},"classes":[]},{"id":6515,"url":"https:\/\/mundo.seashell.pt\/?product=calgon-pastilhas-mll","url_meta":{"origin":6002,"position":1},"title":"Calgon Pastilhas MLL","date":"Fevereiro 23, 2022","format":false,"excerpt":"Calgon pastilhas 3 em 1 oferece uma prote\u00e7\u00e3o incr\u00edvel contra o calc\u00e1rio gra\u00e7as \u00e0 sua a\u00e7\u00e3o neutralizante, que ajuda a proteger todas as partes vitais da sua m\u00e1quina em contacto com a \u00e1gua. Tem ainda o benef\u00edcio adicional de ajudar a manter a sua m\u00e1quina limpa e sem odores, quando\u2026","rel":"","context":"Similar post","img":{"alt_text":"","src":"https:\/\/i0.wp.com\/mundo.seashell.pt\/wp-content\/uploads\/2022\/02\/6883710-frente.jpeg?resize=350%2C200&ssl=1","width":350,"height":200},"classes":[]},{"id":6509,"url":"https:\/\/mundo.seashell.pt\/?product=finish-pastilhas-mll","url_meta":{"origin":6002,"position":2},"title":"Finish Pastilhas MLL","date":"Fevereiro 23, 2022","format":false,"excerpt":"Tipo de produto: Detergente Pastilhas","rel":"","context":"Similar post","img":{"alt_text":"","src":"https:\/\/i0.wp.com\/mundo.seashell.pt\/wp-content\/uploads\/2022\/02\/7447098-frente.jpeg?resize=350%2C200&ssl=1","width":350,"height":200},"classes":[]},{"id":6507,"url":"https:\/\/mundo.seashell.pt\/?product=sun-classic-32-pastilhas","url_meta":{"origin":6002,"position":3},"title":"Sun Classic 32 Pastilhas","date":"Fevereiro 23, 2022","format":false,"excerpt":"As pastilhas Sun Classic, com a sua f\u00f3rmula All in One, garantem uma limpeza perfeita numa s\u00f3 lavagem. Cont\u00eam abrilhantador e removem as manchas mais dif\u00edceis, mesmo sem pr\u00e9-lavagem. Tipo de produto: Detergente Pastilhas Benef\u00edcios: - Anti-gordura e anti-manchas;- Limpeza perfeita;- N\u00e3o necessita de pr\u00e9...","rel":"","context":"Similar post","img":{"alt_text":"","src":"https:\/\/i0.wp.com\/mundo.seashell.pt\/wp-content\/uploads\/2022\/02\/8915914784798.jpeg?resize=350%2C200&ssl=1","width":350,"height":200},"classes":[]},{"id":6505,"url":"https:\/\/mundo.seashell.pt\/?product=sun-pastilhas-maquina-loica","url_meta":{"origin":6002,"position":4},"title":"Sun All in One 30 Pastilhas","date":"Fevereiro 23, 2022","format":false,"excerpt":"As pastilhas Sun All In 1 regular, com a sua f\u00f3rmula All in One, garantem uma limpeza perfeita numa s\u00f3 lavagem. Cont\u00eam abrilhantador e removem as manchas mais dif\u00edceis, mesmo sem pr\u00e9-lavagem. Tipo de produto: Detergente PastilhasBenef\u00edcios: - Anti-gordura e anti-manchas;- Limpeza perfeita;- N\u00e3o necessit...","rel":"","context":"Similar post","img":{"alt_text":"","src":"https:\/\/i0.wp.com\/mundo.seashell.pt\/wp-content\/uploads\/2022\/02\/7128672-frente.jpeg?resize=350%2C200&ssl=1","width":350,"height":200},"classes":[]},{"id":6503,"url":"https:\/\/mundo.seashell.pt\/?product=fairy-platinum-limao-42-pastilhas","url_meta":{"origin":6002,"position":5},"title":"Fairy Platinum Lim\u00e3o 42 Pastilhas","date":"Fevereiro 23, 2022","format":false,"excerpt":"Tipo de produto: Detergente Pastilhas Notas\/Frag\u00e2ncia: Lim\u00e3oConselhos de utiliza\u00e7\u00e3o: C\u00e1psulas prontas a usar e sem necessidade de tirar o inv\u00f3lucro. Coloque uma c\u00e1psula na gaveta dispensadora e feche imediatamente. Manuseie com as m\u00e3os secas. N\u00e3o abra a embalagem nem perfure a c\u00e1psula. Feche novamente ...","rel":"","context":"Similar post","img":{"alt_text":"","src":"https:\/\/i0.wp.com\/mundo.seashell.pt\/wp-content\/uploads\/2022\/02\/7368608-hero.jpeg?resize=350%2C200&ssl=1","width":350,"height":200},"classes":[]}],"_links":{"self":[{"href":"https:\/\/mundo.seashell.pt\/index.php?rest_route=\/wp\/v2\/product\/6002","targetHints":{"allow":["GET"]}}],"collection":[{"href":"https:\/\/mundo.seashell.pt\/index.php?rest_route=\/wp\/v2\/product"}],"about":[{"href":"https:\/\/mundo.seashell.pt\/index.php?rest_route=\/wp\/v2\/types\/product"}],"wp:featuredmedia":[{"embeddable":true,"href":"https:\/\/mundo.seashell.pt\/index.php?rest_route=\/wp\/v2\/media\/6003"}],"wp:attachment":[{"href":"https:\/\/mundo.seashell.pt\/index.php?rest_route=%2Fwp%2Fv2%2Fmedia&parent=6002"}],"wp:term":[{"taxonomy":"product_cat","embeddable":true,"href":"https:\/\/mundo.seashell.pt\/index.php?rest_route=%2Fwp%2Fv2%2Fproduct_cat&post=6002"},{"taxonomy":"product_tag","embeddable":true,"href":"https:\/\/mundo.seashell.pt\/index.php?rest_route=%2Fwp%2Fv2%2Fproduct_tag&post=6002"}],"curies":[{"name":"wp","href":"https:\/\/api.w.org\/{rel}","templated":true}]}}