{"id":5990,"date":"2022-02-23T11:46:17","date_gmt":"2022-02-23T11:46:17","guid":{"rendered":"https:\/\/mundo.seashell.pt\/?post_type=product&#038;p=5990"},"modified":"2022-02-23T11:46:19","modified_gmt":"2022-02-23T11:46:19","slug":"onda-sanify-1lt","status":"publish","type":"product","link":"https:\/\/mundo.seashell.pt\/?product=onda-sanify-1lt","title":{"rendered":"Detergente Desinfetante Onda Sanify"},"content":{"rendered":"<h2>Desinfetante &#8211; Detergente, desodorizante perfumado<\/h2>\n<ul>\n<li>Em conformidade com as <a target=\"_blank\" href=\"https:\/\/www.sutterprofessional.it\/pt\/sutterpedia#rule\" rel=\"noopener\">normas<\/a> EN: 1040, 1276 , 13697<\/li>\n<li>Indicado para a limpeza e desinfe\u00e7\u00e3o di\u00e1ria de todas as superf\u00edcies lav\u00e1veis<\/li>\n<li>\u00d3timo efeito desodorizante<\/li>\n<\/ul>\n<h4><\/h4>\n<h4>Descri\u00e7\u00e3o<\/h4>\n<p>ONDA \u00e9 um desinfetante-detergente de dupla a\u00e7\u00e3o. O princ\u00edpio ativo Cloreto de benzalc\u00f3nio, unido aos <a target=\"_blank\" href=\"https:\/\/www.sutterprofessional.it\/pt\/sutterpedia#surfactants\" rel=\"noopener\">tensioativos<\/a> n\u00e3o-i\u00f3nicos e \u00e0s ess\u00eancias bals\u00e2micas, garante um seguro efeito desinfetante-detergente, al\u00e9m de desodorizante. ONDA \u00e9 especialmente indicado para desinfetar e desodorizar ambientes onde existe o risco de contamina\u00e7\u00e3o e em todos os locais destinados ao p\u00fablico (hospitais, escolas, hot\u00e9is, escrit\u00f3rios, vesti\u00e1rios, sanit\u00e1rios).<\/p>\n<p><strong><br \/><\/strong><\/p>\n<p><strong>COMPOSI\u00c7\u00c3O:<\/strong> Cada 100 g de produto cont\u00e9m: Alquil-dimetil-bencilam\u00f4nio Cloreto (Benzalkonium Chloride) 1,50g, tensioactivos n\u00e3o-i\u00f3nicos, excipientes, corante, \u00e1gua q.b. a 100g. COMPOSI\u00c7\u00c3O (Reg. 648\/2004\/EC): sequestrantes, fosfatos, tensioativos n\u00e3o-i\u00f3nicos. Contem: Desinfetantes,&nbsp;<br \/>Em conformidade com as <a target=\"_blank\" href=\"https:\/\/www.sutterprofessional.it\/pt\/sutterpedia#rule\" rel=\"noopener\">normas<\/a> EN: 1040, 1276, 13697.<\/p>\n<h4><\/h4>\n<h4>Dilui\u00e7\u00e3o<\/h4>\n<p>2% &#8211; 4% (de 200 ml a 400 ml em 10 L de \u00e1gua).<\/p>\n<h4><\/h4>\n<h4>Como usar<\/h4>\n<p>Como desinfetante-detergente para pavimentos e superf\u00edcies diversas: dilua com \u00e1gua de 2% a 4% (200ml a 400l x 10L). Estenda a solu\u00e7\u00e3o com a mopa ou pano, deixe atuar durante 5 minutos e volte a passar com a mopa ou pano torcido para recuperar a solu\u00e7\u00e3o utilizada. Como desodorizante para casas de banho, lavabos e paredes lav\u00e1veis: deite poucas gotas de ONDA concentrado em uma esponja e passe sobre as superf\u00edcies a limpar. Como desinfetante desodorizante para recipientes do lixo, WC: dilua ONDA 1:1 em \u00e1gua (1L para cada litro de \u00e1gua), aplique e deixe atuar durante 5 minutos antes de enxaguar.<\/p>\n","protected":false},"excerpt":{"rendered":"<p>Detergente Desinfetante, desodorizante perfumado<\/p>\n","protected":false},"featured_media":5991,"template":"","meta":{"spay_email":""},"product_cat":[15],"product_tag":[],"class_list":{"0":"post-5990","1":"product","2":"type-product","3":"status-publish","4":"has-post-thumbnail","6":"product_cat-sem-categoria","8":"first","9":"instock","10":"taxable","11":"shipping-taxable","12":"purchasable","13":"product-type-simple"},"acf":[],"jetpack-related-posts":[{"id":5998,"url":"https:\/\/mundo.seashell.pt\/?product=onda-flor-5kg","url_meta":{"origin":5990,"position":0},"title":"Detergente Desinfetante Onda Flor 5kg","date":"Fevereiro 23, 2022","format":false,"excerpt":"Detergente desinfetante com efeito desodorizante para todas as superf\u00edcies lav\u00e1veis e para a manuten\u00e7\u00e3o de todos os tipos de pavimento.","rel":"","context":"Similar post","img":{"alt_text":"","src":"https:\/\/i0.wp.com\/mundo.seashell.pt\/wp-content\/uploads\/2022\/02\/onda_flor.jpg?resize=350%2C200&ssl=1","width":350,"height":200},"classes":[]},{"id":5716,"url":"https:\/\/mundo.seashell.pt\/?product=onda-rtu-500ml","url_meta":{"origin":5990,"position":1},"title":"Desinfectante Desodorizante Onda RTU 500Ml","date":"Fevereiro 23, 2022","format":false,"excerpt":"Detergente desinfectante desodorizante perfumado para superf\u00edcies.","rel":"","context":"Similar post","img":{"alt_text":"","src":"https:\/\/i0.wp.com\/mundo.seashell.pt\/wp-content\/uploads\/2022\/02\/onda_rtu.jpg?resize=350%2C200&ssl=1","width":350,"height":200},"classes":[]},{"id":5996,"url":"https:\/\/mundo.seashell.pt\/?product=onda-lime-5kg","url_meta":{"origin":5990,"position":2},"title":"Detergente Higienizante Onda Lime 5kg","date":"Fevereiro 23, 2022","format":false,"excerpt":"Detergente higienizante com efeito desodorizante para todas as superf\u00edcies lav\u00e1veis e para a manuten\u00e7\u00e3o de todos os tipos de pavimento.","rel":"","context":"Similar post","img":{"alt_text":"","src":"https:\/\/i0.wp.com\/mundo.seashell.pt\/wp-content\/uploads\/2022\/02\/onda_lime.jpg?resize=350%2C200&ssl=1","width":350,"height":200},"classes":[]},{"id":5968,"url":"https:\/\/mundo.seashell.pt\/?product=ambience-spring-1lt","url_meta":{"origin":5990,"position":3},"title":"Detergente Desodorizante Ambience","date":"Fevereiro 23, 2022","format":false,"excerpt":"Detergente para todas as superf\u00edcies lav\u00e1veis com efeito desodorizante \"long lasting.","rel":"","context":"Similar post","img":{"alt_text":"","src":"https:\/\/i0.wp.com\/mundo.seashell.pt\/wp-content\/uploads\/2022\/02\/pom_ambience_autumn.jpg?resize=350%2C200&ssl=1","width":350,"height":200},"classes":[]},{"id":5970,"url":"https:\/\/mundo.seashell.pt\/?product=cuatt-88-food-5kg","url_meta":{"origin":5990,"position":4},"title":"Detergente Desinfetante Cuat 88 Food 5Kg","date":"Fevereiro 23, 2022","format":false,"excerpt":"Desinfetante para superf\u00edcies lav\u00e1veis. Adequado para a limpeza e a desinfe\u00e7\u00e3o de superf\u00edcies que possam entrar em contacto com os alimentos.","rel":"","context":"Similar post","img":{"alt_text":"","src":"https:\/\/i0.wp.com\/mundo.seashell.pt\/wp-content\/uploads\/2022\/02\/cuat_88.jpg?resize=350%2C200&ssl=1","width":350,"height":200},"classes":[]},{"id":5992,"url":"https:\/\/mundo.seashell.pt\/?product=ondasan-easy-750ml","url_meta":{"origin":5990,"position":5},"title":"Detergente Higienizante Ondasan Easy","date":"Fevereiro 23, 2022","format":false,"excerpt":"Detergente com efeito desodorizante para todas as superf\u00edcies lav\u00e1veis e para a manuten\u00e7\u00e3o de todos os tipos de pavimento, inclusivamente protegido.","rel":"","context":"Similar post","img":{"alt_text":"","src":"https:\/\/i0.wp.com\/mundo.seashell.pt\/wp-content\/uploads\/2022\/02\/ondasan_easy.jpg?resize=350%2C200&ssl=1","width":350,"height":200},"classes":[]}],"_links":{"self":[{"href":"https:\/\/mundo.seashell.pt\/index.php?rest_route=\/wp\/v2\/product\/5990","targetHints":{"allow":["GET"]}}],"collection":[{"href":"https:\/\/mundo.seashell.pt\/index.php?rest_route=\/wp\/v2\/product"}],"about":[{"href":"https:\/\/mundo.seashell.pt\/index.php?rest_route=\/wp\/v2\/types\/product"}],"wp:featuredmedia":[{"embeddable":true,"href":"https:\/\/mundo.seashell.pt\/index.php?rest_route=\/wp\/v2\/media\/5991"}],"wp:attachment":[{"href":"https:\/\/mundo.seashell.pt\/index.php?rest_route=%2Fwp%2Fv2%2Fmedia&parent=5990"}],"wp:term":[{"taxonomy":"product_cat","embeddable":true,"href":"https:\/\/mundo.seashell.pt\/index.php?rest_route=%2Fwp%2Fv2%2Fproduct_cat&post=5990"},{"taxonomy":"product_tag","embeddable":true,"href":"https:\/\/mundo.seashell.pt\/index.php?rest_route=%2Fwp%2Fv2%2Fproduct_tag&post=5990"}],"curies":[{"name":"wp","href":"https:\/\/api.w.org\/{rel}","templated":true}]}}