{"id":5984,"date":"2022-02-23T11:46:08","date_gmt":"2022-02-23T11:46:08","guid":{"rendered":"https:\/\/mundo.seashell.pt\/?post_type=product&#038;p=5984"},"modified":"2022-02-23T11:46:10","modified_gmt":"2022-02-23T11:46:10","slug":"linostripp-5lt","status":"publish","type":"product","link":"https:\/\/mundo.seashell.pt\/?product=linostripp-5lt","title":{"rendered":"Decapante Linostripp 5Lt"},"content":{"rendered":"<h2>Decapante de baixa alcalinidade para lin\u00f3leo<\/h2>\n<ul>\n<li>N\u00e3o altera a cor do lin\u00f3leo<\/li>\n<li>R\u00e1pida e segura remo\u00e7\u00e3o das prote\u00e7\u00f5es acr\u00edlicas<\/li>\n<li>Inodoro<\/li>\n<\/ul>\n<h4><\/h4>\n<h4>Descri\u00e7\u00e3o<\/h4>\n<p>Decapante espec\u00edfico para lin\u00f3leo com um alto conte\u00fado de <a target=\"_blank\" href=\"https:\/\/www.sutterprofessional.it\/pt\/sutterpedia#solvents\" rel=\"noopener\">solventes<\/a> hidrossol\u00favel para a remo\u00e7\u00e3o das camadas de cera acr\u00edlica metalizada.<\/p>\n<h4><\/h4>\n<h4>Dilui\u00e7\u00e3o<\/h4>\n<p>20% &#8211; 50% (2 L &#8211; 5 L em cada 10 L de \u00e1gua).<\/p>\n<h4><\/h4>\n<h4>Como usar<\/h4>\n<p>Dilua o produto, segundo as concentra\u00e7\u00f5es indicadas, no tanque da m\u00e1quina rotativa ou num balde. Aplique diretamente a solu\u00e7\u00e3o no pavimento com uma esfregona e deixe atuar. Passe a m\u00e1quina rotativa ou auto lavadora e trabalhe com o disco abrasivo verde. Aspire cuidadosamente com aspiradores de l\u00edquidos e deixe secar. Elimine as eventuais res\u00edduos de secagem com mopa molhada.<\/p>\n","protected":false},"excerpt":{"rendered":"<p>Decapante espec\u00edfico para lin\u00f3leo com um alto conte\u00fado de solventes hidrossol\u00favel para a remo\u00e7\u00e3o das camadas de cera acr\u00edlica metalizada.<\/p>\n","protected":false},"featured_media":5985,"template":"","meta":{"spay_email":""},"product_cat":[15],"product_tag":[],"class_list":{"0":"post-5984","1":"product","2":"type-product","3":"status-publish","4":"has-post-thumbnail","6":"product_cat-sem-categoria","8":"first","9":"instock","10":"taxable","11":"shipping-taxable","12":"purchasable","13":"product-type-simple"},"acf":[],"jetpack-related-posts":[{"id":5986,"url":"https:\/\/mundo.seashell.pt\/?product=straik-nr-5kg","url_meta":{"origin":5984,"position":0},"title":"Decapante Straik N.R. 5Kg","date":"Fevereiro 23, 2022","format":false,"excerpt":"Decapante sem enxaguamento com um elevado poder solubilizante para uma r\u00e1pida remo\u00e7\u00e3o das camadas de cera acr\u00edlica metalizada.","rel":"","context":"Similar post","img":{"alt_text":"","src":"https:\/\/i0.wp.com\/mundo.seashell.pt\/wp-content\/uploads\/2022\/02\/straik_n.r..jpg?resize=350%2C200&ssl=1","width":350,"height":200},"classes":[]},{"id":5988,"url":"https:\/\/mundo.seashell.pt\/?product=stripp-83-5kg","url_meta":{"origin":5984,"position":1},"title":"Decapante Stripp 83 5Kg","date":"Fevereiro 23, 2022","format":false,"excerpt":"Detergente decapante super-r\u00e1pido para a remo\u00e7\u00e3o de camadas de cera acr\u00edlica metalizada. Requer enxaguamento.","rel":"","context":"Similar post","img":{"alt_text":"","src":"https:\/\/i0.wp.com\/mundo.seashell.pt\/wp-content\/uploads\/2022\/02\/stripp_83.jpg?resize=350%2C200&ssl=1","width":350,"height":200},"classes":[]},{"id":5982,"url":"https:\/\/mundo.seashell.pt\/?product=solim-decap-n-5kg","url_meta":{"origin":5984,"position":2},"title":"Solim Decap N 5Kg","date":"Fevereiro 23, 2022","format":false,"excerpt":"Decapante para ceras acri\u0301licas. Li\u0301quido de cor verde. Possui boas propriedades de limpeza e efeito antiesta\u0301tico. Deixa as superfi\u0301cies brilhantes durante muito tempo. Seca rapidamente.","rel":"","context":"Similar post","img":{"alt_text":"","src":"https:\/\/i0.wp.com\/mundo.seashell.pt\/wp-content\/uploads\/2022\/02\/SOLIM_DECAP_N_PhotoRoom_20210402_103559.jpg?resize=350%2C200&ssl=1","width":350,"height":200},"classes":[]},{"id":5915,"url":"https:\/\/mundo.seashell.pt\/?product=pb-28-5kg","url_meta":{"origin":5984,"position":3},"title":"Cera PB 28 5Kg","date":"Fevereiro 23, 2022","format":false,"excerpt":"Cera de prote\u00e7\u00e3o para pavimentos.","rel":"","context":"Similar post","img":{"alt_text":"","src":"https:\/\/i0.wp.com\/mundo.seashell.pt\/wp-content\/uploads\/2022\/02\/pb_28.jpg?resize=350%2C200&ssl=1","width":350,"height":200},"classes":[]},{"id":5917,"url":"https:\/\/mundo.seashell.pt\/?product=unisplend-5kg","url_meta":{"origin":5984,"position":4},"title":"Cera Acr\u00edlica Unisplend 5Kg","date":"Fevereiro 23, 2022","format":false,"excerpt":"Emuls\u00e3o formulada com uma alta concentra\u00e7\u00e3o de pol\u00edmeros acr\u00edlicos, ceras e resinas.","rel":"","context":"Similar post","img":{"alt_text":"","src":"https:\/\/i0.wp.com\/mundo.seashell.pt\/wp-content\/uploads\/2022\/02\/unisplend.jpg?resize=350%2C200&ssl=1","width":350,"height":200},"classes":[]},{"id":5911,"url":"https:\/\/mundo.seashell.pt\/?product=meteor-matt-5kg","url_meta":{"origin":5984,"position":5},"title":"Cera Acr\u00edlica Meteor Matt 5Kg","date":"Fevereiro 23, 2022","format":false,"excerpt":"Emuls\u00e3o formulada com uma mistura exclusiva de pol\u00edmeros e ceras para um especial efeito acetinado.","rel":"","context":"Similar post","img":{"alt_text":"","src":"https:\/\/i0.wp.com\/mundo.seashell.pt\/wp-content\/uploads\/2022\/02\/meteor_matt.jpg?resize=350%2C200&ssl=1","width":350,"height":200},"classes":[]}],"_links":{"self":[{"href":"https:\/\/mundo.seashell.pt\/index.php?rest_route=\/wp\/v2\/product\/5984","targetHints":{"allow":["GET"]}}],"collection":[{"href":"https:\/\/mundo.seashell.pt\/index.php?rest_route=\/wp\/v2\/product"}],"about":[{"href":"https:\/\/mundo.seashell.pt\/index.php?rest_route=\/wp\/v2\/types\/product"}],"wp:featuredmedia":[{"embeddable":true,"href":"https:\/\/mundo.seashell.pt\/index.php?rest_route=\/wp\/v2\/media\/5985"}],"wp:attachment":[{"href":"https:\/\/mundo.seashell.pt\/index.php?rest_route=%2Fwp%2Fv2%2Fmedia&parent=5984"}],"wp:term":[{"taxonomy":"product_cat","embeddable":true,"href":"https:\/\/mundo.seashell.pt\/index.php?rest_route=%2Fwp%2Fv2%2Fproduct_cat&post=5984"},{"taxonomy":"product_tag","embeddable":true,"href":"https:\/\/mundo.seashell.pt\/index.php?rest_route=%2Fwp%2Fv2%2Fproduct_tag&post=5984"}],"curies":[{"name":"wp","href":"https:\/\/api.w.org\/{rel}","templated":true}]}}