{"id":5952,"date":"2022-02-23T11:45:19","date_gmt":"2022-02-23T11:45:19","guid":{"rendered":"https:\/\/mundo.seashell.pt\/?post_type=product&#038;p=5952"},"modified":"2022-02-23T11:45:23","modified_gmt":"2022-02-23T11:45:23","slug":"decalc-1lt","status":"publish","type":"product","link":"https:\/\/mundo.seashell.pt\/?product=decalc-1lt","title":{"rendered":"Detergente Desincrustante Decalc"},"content":{"rendered":"<h4>Descri\u00e7\u00e3o<\/h4>\n<p>Detergente \u00e1cido espec\u00edfico para a remo\u00e7\u00e3o de incrusta\u00e7\u00f5es calc\u00e1rias das superf\u00edcies de esmalte, torneiras, gr\u00e9s e cer\u00e2micas. Em conformidade com as&nbsp;<a target=\"_blank\" href=\"https:\/\/www.sutterprofessional.it\/pt\/sutterpedia#rule\" rel=\"noopener\">normas<\/a>&nbsp;EN: 1276 (Sol. 4%).<\/p>\n<h4><\/h4>\n<h4>Dilui\u00e7\u00e3o<\/h4>\n<p>3% &#8211; 5% (de 300 ml a 500 ml em 10 L de \u00e1gua) Para incrusta\u00e7\u00f5es fortes em superf\u00edcies duras (gr\u00e9s, cer\u00e2mica, cimento) dilua-o em 10% (1 L em cada 10 L de \u00e1gua).<\/p>\n<h4><\/h4>\n<h4>Como usar<\/h4>\n<p>Dilua o produto em \u00e1gua nas concentra\u00e7\u00f5es indicadas. Aplique a solu\u00e7\u00e3o sobre a superf\u00edcie e deixe actuar. Esfregar se necess\u00e1rio e enxaguar com \u00e1gua.<\/p>\n<p><\/p>\n","protected":false},"excerpt":{"rendered":"<p>Detergente concentrado polivalente para as limpezas ordin\u00e1rias e peri\u00f3dicas dos pavimentos em gr\u00e9s ou pavimentos microporosos<\/p>\n","protected":false},"featured_media":5953,"template":"","meta":{"spay_email":""},"product_cat":[15],"product_tag":[],"class_list":{"0":"post-5952","1":"product","2":"type-product","3":"status-publish","4":"has-post-thumbnail","6":"product_cat-sem-categoria","8":"first","9":"instock","10":"taxable","11":"shipping-taxable","12":"purchasable","13":"product-type-simple"},"acf":[],"jetpack-related-posts":[{"id":6105,"url":"https:\/\/mundo.seashell.pt\/?product=sf200-5kg","url_meta":{"origin":5952,"position":0},"title":"Detergente desincrustante S.F.200 5Kg","date":"Fevereiro 23, 2022","format":false,"excerpt":"Detergente \u00e1cido espec\u00edfico para a remo\u00e7\u00e3o de incrusta\u00e7\u00f5es calc\u00e1rias das superf\u00edcies","rel":"","context":"Similar post","img":{"alt_text":"","src":"https:\/\/i0.wp.com\/mundo.seashell.pt\/wp-content\/uploads\/2022\/02\/s.f.200.jpg?resize=350%2C200&ssl=1","width":350,"height":200},"classes":[]},{"id":5950,"url":"https:\/\/mundo.seashell.pt\/?product=gres-750ml","url_meta":{"origin":5952,"position":1},"title":"Detergente Gres","date":"Fevereiro 23, 2022","format":false,"excerpt":"Detergente concentrado polivalente para as limpezas ordin\u00e1rias e peri\u00f3dicas dos pavimentos em gr\u00e9s ou pavimentos microporosos","rel":"","context":"Similar post","img":{"alt_text":"","src":"https:\/\/i0.wp.com\/mundo.seashell.pt\/wp-content\/uploads\/2022\/02\/gres.jpg?resize=350%2C200&ssl=1","width":350,"height":200},"classes":[]},{"id":5960,"url":"https:\/\/mundo.seashell.pt\/?product=reflesh-5kg","url_meta":{"origin":5952,"position":2},"title":"Detergente Reflesh 5Kg","date":"Fevereiro 23, 2022","format":false,"excerpt":"Detergente neutro concentrado de efeito brilhante adequado para a manuten\u00e7\u00e3o de todos os pavimentos polidos.","rel":"","context":"Similar post","img":{"alt_text":"","src":"https:\/\/i0.wp.com\/mundo.seashell.pt\/wp-content\/uploads\/2022\/02\/reflesh_1.jpg?resize=350%2C200&ssl=1","width":350,"height":200},"classes":[]},{"id":5954,"url":"https:\/\/mundo.seashell.pt\/?product=acid-at-100-5kg","url_meta":{"origin":5952,"position":3},"title":"Desincrustante Acid AT 100 5Kg","date":"Fevereiro 23, 2022","format":false,"excerpt":"Detergente \u00e1cido espec\u00edfico para a remo\u00e7\u00e3o de incrusta\u00e7\u00f5es calc\u00e1rias das superf\u00edcies","rel":"","context":"Similar post","img":{"alt_text":"","src":"https:\/\/i0.wp.com\/mundo.seashell.pt\/wp-content\/uploads\/2022\/02\/acid_at_100.jpg?resize=350%2C200&ssl=1","width":350,"height":200},"classes":[]},{"id":6093,"url":"https:\/\/mundo.seashell.pt\/?product=descaler-plus-1lt-loica-automatica","url_meta":{"origin":5952,"position":4},"title":"Detergente Desincrustante Descaler Plus 1Lt","date":"Fevereiro 23, 2022","format":false,"excerpt":"Detergente desincrustante \u00e0 base de \u00e1cidos org\u00e2nicos de origem natural","rel":"","context":"Similar post","img":{"alt_text":"","src":"https:\/\/i0.wp.com\/mundo.seashell.pt\/wp-content\/uploads\/2022\/02\/descaler_plus.jpg?resize=350%2C200&ssl=1","width":350,"height":200},"classes":[]},{"id":5992,"url":"https:\/\/mundo.seashell.pt\/?product=ondasan-easy-750ml","url_meta":{"origin":5952,"position":5},"title":"Detergente Higienizante Ondasan Easy","date":"Fevereiro 23, 2022","format":false,"excerpt":"Detergente com efeito desodorizante para todas as superf\u00edcies lav\u00e1veis e para a manuten\u00e7\u00e3o de todos os tipos de pavimento, inclusivamente protegido.","rel":"","context":"Similar post","img":{"alt_text":"","src":"https:\/\/i0.wp.com\/mundo.seashell.pt\/wp-content\/uploads\/2022\/02\/ondasan_easy.jpg?resize=350%2C200&ssl=1","width":350,"height":200},"classes":[]}],"_links":{"self":[{"href":"https:\/\/mundo.seashell.pt\/index.php?rest_route=\/wp\/v2\/product\/5952","targetHints":{"allow":["GET"]}}],"collection":[{"href":"https:\/\/mundo.seashell.pt\/index.php?rest_route=\/wp\/v2\/product"}],"about":[{"href":"https:\/\/mundo.seashell.pt\/index.php?rest_route=\/wp\/v2\/types\/product"}],"wp:featuredmedia":[{"embeddable":true,"href":"https:\/\/mundo.seashell.pt\/index.php?rest_route=\/wp\/v2\/media\/5953"}],"wp:attachment":[{"href":"https:\/\/mundo.seashell.pt\/index.php?rest_route=%2Fwp%2Fv2%2Fmedia&parent=5952"}],"wp:term":[{"taxonomy":"product_cat","embeddable":true,"href":"https:\/\/mundo.seashell.pt\/index.php?rest_route=%2Fwp%2Fv2%2Fproduct_cat&post=5952"},{"taxonomy":"product_tag","embeddable":true,"href":"https:\/\/mundo.seashell.pt\/index.php?rest_route=%2Fwp%2Fv2%2Fproduct_tag&post=5952"}],"curies":[{"name":"wp","href":"https:\/\/api.w.org\/{rel}","templated":true}]}}