{"id":5923,"date":"2022-02-23T11:44:14","date_gmt":"2022-02-23T11:44:14","guid":{"rendered":"https:\/\/mundo.seashell.pt\/?post_type=product&#038;p=5923"},"modified":"2022-02-23T11:44:21","modified_gmt":"2022-02-23T11:44:21","slug":"top-shine-marron-5kg","status":"publish","type":"product","link":"https:\/\/mundo.seashell.pt\/?product=top-shine-marron-5kg","title":{"rendered":"Cera Top Shine Marron 5Kg"},"content":{"rendered":"<h2>Emuls\u00e3o acr\u00edlica auto brilhante para pavimentos em madeira e corti\u00e7a<\/h2>\n<ul>\n<li>Auto brilhante<\/li>\n<li>Longa dura\u00e7\u00e3o<\/li>\n<li>F\u00e1cil manuten\u00e7\u00e3o<\/li>\n<\/ul>\n<h4><\/h4>\n<h4>Descri\u00e7\u00e3o<\/h4>\n<p>TOP SHINE MARRON \u00e9 uma emuls\u00e3o de pol\u00edmeros acr\u00edlicos em base aquosa de longa dura\u00e7\u00e3o e f\u00e1cil manuten\u00e7\u00e3o. Para todo o tipo de pavimentos em madeira e corti\u00e7a, n\u00e3o envernizados ou plastificados.<\/p>\n<h4><\/h4>\n<h4>Dilui\u00e7\u00e3o<\/h4>\n<p>Pronto para o uso.<\/p>\n<h4><\/h4>\n<h4>Como usar<\/h4>\n<p>Aplicar uma camada homog\u00e9nea de Top Shine com uma esfregona de algod\u00e3o limpa ou um aplicador adequado. Deixar secar bem em ambiente ventilado, aproximadamente 45-60 minutos. Aplicar uma segunda camada em direc\u00e7\u00e3o perpendicular \u00e0 primeira. Em pavimentos porosos ou desgastados, aplicar mais de duas camadas, at\u00e9 obter o brilho desejado.<\/p>\n","protected":false},"excerpt":{"rendered":"<p>Cera acr\u00edlica auto brilhante para pavimentos em madeira e corti\u00e7a.<\/p>\n","protected":false},"featured_media":5924,"template":"","meta":{"spay_email":""},"product_cat":[15],"product_tag":[],"class_list":{"0":"post-5923","1":"product","2":"type-product","3":"status-publish","4":"has-post-thumbnail","6":"product_cat-sem-categoria","8":"first","9":"instock","10":"taxable","11":"shipping-taxable","12":"purchasable","13":"product-type-simple"},"acf":[],"jetpack-related-posts":[{"id":5913,"url":"https:\/\/mundo.seashell.pt\/?product=meteor-parquet-5kg","url_meta":{"origin":5923,"position":0},"title":"Cera Meteor Parquet 5Kg","date":"Fevereiro 23, 2022","format":false,"excerpt":"Formulado com uma mistura de pol\u00edmeros e ceras espec\u00edficas para a porosidade t\u00edpica dos pavimentos em madeira.","rel":"","context":"Similar post","img":{"alt_text":"","src":"https:\/\/i0.wp.com\/mundo.seashell.pt\/wp-content\/uploads\/2022\/02\/meteor_parquet.jpg?resize=350%2C200&ssl=1","width":350,"height":200},"classes":[]},{"id":5915,"url":"https:\/\/mundo.seashell.pt\/?product=pb-28-5kg","url_meta":{"origin":5923,"position":1},"title":"Cera PB 28 5Kg","date":"Fevereiro 23, 2022","format":false,"excerpt":"Cera de prote\u00e7\u00e3o para pavimentos.","rel":"","context":"Similar post","img":{"alt_text":"","src":"https:\/\/i0.wp.com\/mundo.seashell.pt\/wp-content\/uploads\/2022\/02\/pb_28.jpg?resize=350%2C200&ssl=1","width":350,"height":200},"classes":[]},{"id":5917,"url":"https:\/\/mundo.seashell.pt\/?product=unisplend-5kg","url_meta":{"origin":5923,"position":2},"title":"Cera Acr\u00edlica Unisplend 5Kg","date":"Fevereiro 23, 2022","format":false,"excerpt":"Emuls\u00e3o formulada com uma alta concentra\u00e7\u00e3o de pol\u00edmeros acr\u00edlicos, ceras e resinas.","rel":"","context":"Similar post","img":{"alt_text":"","src":"https:\/\/i0.wp.com\/mundo.seashell.pt\/wp-content\/uploads\/2022\/02\/unisplend.jpg?resize=350%2C200&ssl=1","width":350,"height":200},"classes":[]},{"id":5909,"url":"https:\/\/mundo.seashell.pt\/?product=meteor-maxima-5kg","url_meta":{"origin":5923,"position":3},"title":"Cera Acr\u00edlica Meteor Maxima 5Kg","date":"Fevereiro 23, 2022","format":false,"excerpt":"Emuls\u00e3o formulada com pol\u00edmeros acr\u00edlicos e de poliuretano de modo a garantir o m\u00e1ximo brilho e resist\u00eancia ao tr\u00e1fego.","rel":"","context":"Similar post","img":{"alt_text":"","src":"https:\/\/i0.wp.com\/mundo.seashell.pt\/wp-content\/uploads\/2022\/02\/meteor_maxima.jpg?resize=350%2C200&ssl=1","width":350,"height":200},"classes":[]},{"id":5908,"url":"https:\/\/mundo.seashell.pt\/?product=solim-cera-05-5l","url_meta":{"origin":5923,"position":4},"title":"Solim Cera 05 &#8211; 5L","date":"Fevereiro 23, 2022","format":false,"excerpt":"Solim Cera 05 - Cera acr\u00edlica com antiderrapante de aplica\u00e7\u00e3o manual ou mec\u00e2nica para pavimentos duros.","rel":"","context":"Similar post","img":{"alt_text":"","src":"","width":0,"height":0},"classes":[]},{"id":5911,"url":"https:\/\/mundo.seashell.pt\/?product=meteor-matt-5kg","url_meta":{"origin":5923,"position":5},"title":"Cera Acr\u00edlica Meteor Matt 5Kg","date":"Fevereiro 23, 2022","format":false,"excerpt":"Emuls\u00e3o formulada com uma mistura exclusiva de pol\u00edmeros e ceras para um especial efeito acetinado.","rel":"","context":"Similar post","img":{"alt_text":"","src":"https:\/\/i0.wp.com\/mundo.seashell.pt\/wp-content\/uploads\/2022\/02\/meteor_matt.jpg?resize=350%2C200&ssl=1","width":350,"height":200},"classes":[]}],"_links":{"self":[{"href":"https:\/\/mundo.seashell.pt\/index.php?rest_route=\/wp\/v2\/product\/5923","targetHints":{"allow":["GET"]}}],"collection":[{"href":"https:\/\/mundo.seashell.pt\/index.php?rest_route=\/wp\/v2\/product"}],"about":[{"href":"https:\/\/mundo.seashell.pt\/index.php?rest_route=\/wp\/v2\/types\/product"}],"wp:featuredmedia":[{"embeddable":true,"href":"https:\/\/mundo.seashell.pt\/index.php?rest_route=\/wp\/v2\/media\/5924"}],"wp:attachment":[{"href":"https:\/\/mundo.seashell.pt\/index.php?rest_route=%2Fwp%2Fv2%2Fmedia&parent=5923"}],"wp:term":[{"taxonomy":"product_cat","embeddable":true,"href":"https:\/\/mundo.seashell.pt\/index.php?rest_route=%2Fwp%2Fv2%2Fproduct_cat&post=5923"},{"taxonomy":"product_tag","embeddable":true,"href":"https:\/\/mundo.seashell.pt\/index.php?rest_route=%2Fwp%2Fv2%2Fproduct_tag&post=5923"}],"curies":[{"name":"wp","href":"https:\/\/api.w.org\/{rel}","templated":true}]}}