{"id":5921,"date":"2022-02-23T11:44:12","date_gmt":"2022-02-23T11:44:12","guid":{"rendered":"https:\/\/mundo.seashell.pt\/?post_type=product&#038;p=5921"},"modified":"2022-02-23T11:44:14","modified_gmt":"2022-02-23T11:44:14","slug":"meteor-extra-solv-5lt","status":"publish","type":"product","link":"https:\/\/mundo.seashell.pt\/?product=meteor-extra-solv-5lt","title":{"rendered":"Cera Meteor Extra Solv 5Lt"},"content":{"rendered":"<h2>Cera l\u00edquida com solvente para parquet e terracota<\/h2>\n<ul>\n<li>Facilidade de manuten\u00e7\u00e3o e f\u00e1cil de polir<\/li>\n<li>Resistente ao tr\u00e2nsito e excelente impermeabiliza\u00e7\u00e3o<\/li>\n<li>Acabamento semi brilhante<\/li>\n<\/ul>\n<h4><\/h4>\n<h4>Descri\u00e7\u00e3o<\/h4>\n<p>Formulado com uma mistura de ceras de alta qualidade que permitem uma eficaz e r\u00e1pida prote\u00e7\u00e3o e manuten\u00e7\u00e3o dos pisos em parquet e terracota, dando um brilho quente e mantendo a cor original do pr\u00f3prio piso. Recomendado para parquet de alto valor est\u00e9tico, onde se pretenda privilegiar o aspeto natural da madeira. Adequado para a aplica\u00e7\u00e3o com spray, como com mopa. Pode ser polido com uma m\u00e1quina de escova de baixa velocidade.<\/p>\n<h4><\/h4>\n<h4>Dilui\u00e7\u00e3o<\/h4>\n<p>Pronto para o uso.<\/p>\n<h4><\/h4>\n<h4>Como usar<\/h4>\n<p>Ap\u00f3s uma secagem correta, aplique o produto diretamente nos pisos em terracota e parquet, novos ou com a cera previamente removida. METEOR EXTRA SOLV aplica-se com pincel, mopa ou spray, polindo instantaneamente com m\u00e1quina de escova, equipada com disco vermelho ou branco. Nos pisos em terracota, \u00e9 ideal aplicar 2 dem\u00e3os depois de ter impermeabilizado a superf\u00edcie com IF 110. O produto pode ser utilizado em todas as superf\u00edcies previamente tratadas com IF 110, como pedra natural n\u00e3o polida e cimento. Repita o tratamento 1 a 3 vezes at\u00e9 atingir o brilho desejado. N\u00e3o aplique METEOR EXTRA SOLV em superf\u00edcies quentes ou expostas ao sol, evitando assim secagens r\u00e1pidas.<\/p>\n","protected":false},"excerpt":{"rendered":"<p>Cera l\u00edquida com solvente para parquet e terracota<\/p>\n","protected":false},"featured_media":5922,"template":"","meta":{"spay_email":""},"product_cat":[15],"product_tag":[],"class_list":{"0":"post-5921","1":"product","2":"type-product","3":"status-publish","4":"has-post-thumbnail","6":"product_cat-sem-categoria","8":"first","9":"instock","10":"taxable","11":"shipping-taxable","12":"purchasable","13":"product-type-simple"},"acf":[],"jetpack-related-posts":[{"id":5911,"url":"https:\/\/mundo.seashell.pt\/?product=meteor-matt-5kg","url_meta":{"origin":5921,"position":0},"title":"Cera Acr\u00edlica Meteor Matt 5Kg","date":"Fevereiro 23, 2022","format":false,"excerpt":"Emuls\u00e3o formulada com uma mistura exclusiva de pol\u00edmeros e ceras para um especial efeito acetinado.","rel":"","context":"Similar post","img":{"alt_text":"","src":"https:\/\/i0.wp.com\/mundo.seashell.pt\/wp-content\/uploads\/2022\/02\/meteor_matt.jpg?resize=350%2C200&ssl=1","width":350,"height":200},"classes":[]},{"id":5909,"url":"https:\/\/mundo.seashell.pt\/?product=meteor-maxima-5kg","url_meta":{"origin":5921,"position":1},"title":"Cera Acr\u00edlica Meteor Maxima 5Kg","date":"Fevereiro 23, 2022","format":false,"excerpt":"Emuls\u00e3o formulada com pol\u00edmeros acr\u00edlicos e de poliuretano de modo a garantir o m\u00e1ximo brilho e resist\u00eancia ao tr\u00e1fego.","rel":"","context":"Similar post","img":{"alt_text":"","src":"https:\/\/i0.wp.com\/mundo.seashell.pt\/wp-content\/uploads\/2022\/02\/meteor_maxima.jpg?resize=350%2C200&ssl=1","width":350,"height":200},"classes":[]},{"id":5913,"url":"https:\/\/mundo.seashell.pt\/?product=meteor-parquet-5kg","url_meta":{"origin":5921,"position":2},"title":"Cera Meteor Parquet 5Kg","date":"Fevereiro 23, 2022","format":false,"excerpt":"Formulado com uma mistura de pol\u00edmeros e ceras espec\u00edficas para a porosidade t\u00edpica dos pavimentos em madeira.","rel":"","context":"Similar post","img":{"alt_text":"","src":"https:\/\/i0.wp.com\/mundo.seashell.pt\/wp-content\/uploads\/2022\/02\/meteor_parquet.jpg?resize=350%2C200&ssl=1","width":350,"height":200},"classes":[]},{"id":5956,"url":"https:\/\/mundo.seashell.pt\/?product=azzurro-5kg","url_meta":{"origin":5921,"position":3},"title":"Detergente Antiderrapante Azzurro 5Kg","date":"Fevereiro 23, 2022","format":false,"excerpt":"Detergente neutro concentrado apropriado para a manuten\u00e7\u00e3o de todos os tipos de pavimento protegidos com cera","rel":"","context":"Similar post","img":{"alt_text":"","src":"https:\/\/i0.wp.com\/mundo.seashell.pt\/wp-content\/uploads\/2022\/02\/azzurro.jpg?resize=350%2C200&ssl=1","width":350,"height":200},"classes":[]},{"id":5958,"url":"https:\/\/mundo.seashell.pt\/?product=fresco-5kg","url_meta":{"origin":5921,"position":4},"title":"Detergente Fresco 5Kg","date":"Fevereiro 23, 2022","format":false,"excerpt":"Detergente neutro concentrado apropriado para a manuten\u00e7\u00e3o de todos os tipos de pavimento tratados com cera acr\u00edlicas","rel":"","context":"Similar post","img":{"alt_text":"","src":"https:\/\/i0.wp.com\/mundo.seashell.pt\/wp-content\/uploads\/2022\/02\/PhotoRoom_20210325_092130.jpg?resize=350%2C200&ssl=1","width":350,"height":200},"classes":[]},{"id":5917,"url":"https:\/\/mundo.seashell.pt\/?product=unisplend-5kg","url_meta":{"origin":5921,"position":5},"title":"Cera Acr\u00edlica Unisplend 5Kg","date":"Fevereiro 23, 2022","format":false,"excerpt":"Emuls\u00e3o formulada com uma alta concentra\u00e7\u00e3o de pol\u00edmeros acr\u00edlicos, ceras e resinas.","rel":"","context":"Similar post","img":{"alt_text":"","src":"https:\/\/i0.wp.com\/mundo.seashell.pt\/wp-content\/uploads\/2022\/02\/unisplend.jpg?resize=350%2C200&ssl=1","width":350,"height":200},"classes":[]}],"_links":{"self":[{"href":"https:\/\/mundo.seashell.pt\/index.php?rest_route=\/wp\/v2\/product\/5921","targetHints":{"allow":["GET"]}}],"collection":[{"href":"https:\/\/mundo.seashell.pt\/index.php?rest_route=\/wp\/v2\/product"}],"about":[{"href":"https:\/\/mundo.seashell.pt\/index.php?rest_route=\/wp\/v2\/types\/product"}],"wp:featuredmedia":[{"embeddable":true,"href":"https:\/\/mundo.seashell.pt\/index.php?rest_route=\/wp\/v2\/media\/5922"}],"wp:attachment":[{"href":"https:\/\/mundo.seashell.pt\/index.php?rest_route=%2Fwp%2Fv2%2Fmedia&parent=5921"}],"wp:term":[{"taxonomy":"product_cat","embeddable":true,"href":"https:\/\/mundo.seashell.pt\/index.php?rest_route=%2Fwp%2Fv2%2Fproduct_cat&post=5921"},{"taxonomy":"product_tag","embeddable":true,"href":"https:\/\/mundo.seashell.pt\/index.php?rest_route=%2Fwp%2Fv2%2Fproduct_tag&post=5921"}],"curies":[{"name":"wp","href":"https:\/\/api.w.org\/{rel}","templated":true}]}}