{"id":5896,"date":"2022-02-23T11:43:29","date_gmt":"2022-02-23T11:43:29","guid":{"rendered":"https:\/\/mundo.seashell.pt\/?post_type=product&#038;p=5896"},"modified":"2022-02-23T11:43:31","modified_gmt":"2022-02-23T11:43:31","slug":"descaler-dw-5kg-loica-automatica","status":"publish","type":"product","link":"https:\/\/mundo.seashell.pt\/?product=descaler-dw-5kg-loica-automatica","title":{"rendered":"Desincrustante Descaler DW 5Kg"},"content":{"rendered":"<h2>Desincrustante \u00e1cido para a remo\u00e7\u00e3o dos res\u00edduos calc\u00e1rios<\/h2>\n<ul>\n<li>N\u00e3o corr\u00f3i os metais<\/li>\n<li>Mant\u00e9m em perfeito estado as m\u00e1quinas de lavar loi\u00e7a ou roupa<\/li>\n<li>Muito eficaz e r\u00e1pido<\/li>\n<\/ul>\n<h4><\/h4>\n<h4>Descri\u00e7\u00e3o<\/h4>\n<p>Desincrustante \u00e0 base de \u00e1cido fosf\u00f3rico para m\u00e1quinas de lavar loi\u00e7a ou m\u00e1quinas de lavar roupa. Remove muito rapidamente todos os res\u00edduos calc\u00e1rios.<\/p>\n<h4><\/h4>\n<h4>Dilui\u00e7\u00e3o<\/h4>\n<p>10% &#8211; 30% (1-3 L em 10 L de \u00e1gua).<\/p>\n<h4><\/h4>\n<h4>Como usar<\/h4>\n<p>USO MEC\u00c2NICO:&nbsp;<\/p>\n<p>dilua o produto diretamente na cuba de lavagem da m\u00e1quina de lavar loi\u00e7a e efetue um ciclo de lavagem.&nbsp;<\/p>\n<p>USO MANUAL:&nbsp;<\/p>\n<p>colocar num recipiente adequado o produto e os componentes a serem descalcificados. Deixe atuar e depois enxague.<\/p>\n","protected":false},"excerpt":{"rendered":"<p>Desincrustante \u00e0 base de \u00e1cido fosf\u00f3rico para m\u00e1quinas de lavar loi\u00e7a ou m\u00e1quinas de lavar roupa.<\/p>\n","protected":false},"featured_media":5897,"template":"","meta":{"spay_email":""},"product_cat":[15],"product_tag":[],"class_list":{"0":"post-5896","1":"product","2":"type-product","3":"status-publish","4":"has-post-thumbnail","6":"product_cat-sem-categoria","8":"first","9":"instock","10":"taxable","11":"shipping-taxable","12":"purchasable","13":"product-type-simple"},"acf":[],"jetpack-related-posts":[{"id":6093,"url":"https:\/\/mundo.seashell.pt\/?product=descaler-plus-1lt-loica-automatica","url_meta":{"origin":5896,"position":0},"title":"Detergente Desincrustante Descaler Plus 1Lt","date":"Fevereiro 23, 2022","format":false,"excerpt":"Detergente desincrustante \u00e0 base de \u00e1cidos org\u00e2nicos de origem natural","rel":"","context":"Similar post","img":{"alt_text":"","src":"https:\/\/i0.wp.com\/mundo.seashell.pt\/wp-content\/uploads\/2022\/02\/descaler_plus.jpg?resize=350%2C200&ssl=1","width":350,"height":200},"classes":[]},{"id":5978,"url":"https:\/\/mundo.seashell.pt\/?product=acid-plus-24-kg","url_meta":{"origin":5896,"position":1},"title":"Detergente Acid Plus 24 Kg","date":"Fevereiro 23, 2022","format":false,"excerpt":"Detergente desincrustante \u00e1cido sem espuma para lavagem manual, mec\u00e2nica ou em CIP de todas as superf\u00edcies lav\u00e1veis","rel":"","context":"Similar post","img":{"alt_text":"","src":"https:\/\/i0.wp.com\/mundo.seashell.pt\/wp-content\/uploads\/2022\/02\/acidplus.jpg?resize=350%2C200&ssl=1","width":350,"height":200},"classes":[]},{"id":5904,"url":"https:\/\/mundo.seashell.pt\/?product=solim-acido-5kg-loica-automatica","url_meta":{"origin":5896,"position":2},"title":"Solim \u00c1cido 5Kg &#8211; Loi\u00e7a Autom\u00e1tica","date":"Fevereiro 23, 2022","format":false,"excerpt":"Detergente \u00e1cido para limpeza de m\u00e1quinas de lavar loi\u00e7a","rel":"","context":"Similar post","img":{"alt_text":"","src":"https:\/\/i0.wp.com\/mundo.seashell.pt\/wp-content\/uploads\/2022\/02\/Solim_A_cido_PhotoRoom_20210402_103416.jpg?resize=350%2C200&ssl=1","width":350,"height":200},"classes":[]},{"id":6485,"url":"https:\/\/mundo.seashell.pt\/?product=finish-sal-1kg","url_meta":{"origin":5896,"position":3},"title":"Finish Sal 1Kg","date":"Fevereiro 23, 2022","format":false,"excerpt":"Os res\u00edduos de \u00e1gua com calc\u00e1rio podem reduzir o desemplenho e efici\u00eancia da sua m\u00e1quina de lavar loi\u00e7a. Utilize Finish sal para eliminar o calc\u00e1rio e prevenir a forma\u00e7\u00e3o de manchas de \u00e1gua na loi\u00e7a, protegendo a sua m\u00e1quina de lavar loi\u00e7a. Tipo de produto: AditivoBenef\u00edcios: - Ajuda a suavizar\u2026","rel":"","context":"Similar post","img":{"alt_text":"","src":"https:\/\/i0.wp.com\/mundo.seashell.pt\/wp-content\/uploads\/2022\/02\/2590227-frente.jpeg?resize=350%2C200&ssl=1","width":350,"height":200},"classes":[]},{"id":5980,"url":"https:\/\/mundo.seashell.pt\/?product=acid-power-5-kg","url_meta":{"origin":5896,"position":4},"title":"Desincrustante Acid Power 5 Kg","date":"Fevereiro 23, 2022","format":false,"excerpt":"Detergente \u00e1cido superativo para a remo\u00e7\u00e3o de incrusta\u00e7\u00f5es calc\u00e1rias, cimento, res\u00edduos de alvaiade, efloresc\u00eancias salinas e ferrugem de superf\u00edcies resistentes aos \u00e1cidos.","rel":"","context":"Similar post","img":{"alt_text":"","src":"https:\/\/i0.wp.com\/mundo.seashell.pt\/wp-content\/uploads\/2022\/02\/acid_power.jpg?resize=350%2C200&ssl=1","width":350,"height":200},"classes":[]},{"id":5954,"url":"https:\/\/mundo.seashell.pt\/?product=acid-at-100-5kg","url_meta":{"origin":5896,"position":5},"title":"Desincrustante Acid AT 100 5Kg","date":"Fevereiro 23, 2022","format":false,"excerpt":"Detergente \u00e1cido espec\u00edfico para a remo\u00e7\u00e3o de incrusta\u00e7\u00f5es calc\u00e1rias das superf\u00edcies","rel":"","context":"Similar post","img":{"alt_text":"","src":"https:\/\/i0.wp.com\/mundo.seashell.pt\/wp-content\/uploads\/2022\/02\/acid_at_100.jpg?resize=350%2C200&ssl=1","width":350,"height":200},"classes":[]}],"_links":{"self":[{"href":"https:\/\/mundo.seashell.pt\/index.php?rest_route=\/wp\/v2\/product\/5896","targetHints":{"allow":["GET"]}}],"collection":[{"href":"https:\/\/mundo.seashell.pt\/index.php?rest_route=\/wp\/v2\/product"}],"about":[{"href":"https:\/\/mundo.seashell.pt\/index.php?rest_route=\/wp\/v2\/types\/product"}],"wp:featuredmedia":[{"embeddable":true,"href":"https:\/\/mundo.seashell.pt\/index.php?rest_route=\/wp\/v2\/media\/5897"}],"wp:attachment":[{"href":"https:\/\/mundo.seashell.pt\/index.php?rest_route=%2Fwp%2Fv2%2Fmedia&parent=5896"}],"wp:term":[{"taxonomy":"product_cat","embeddable":true,"href":"https:\/\/mundo.seashell.pt\/index.php?rest_route=%2Fwp%2Fv2%2Fproduct_cat&post=5896"},{"taxonomy":"product_tag","embeddable":true,"href":"https:\/\/mundo.seashell.pt\/index.php?rest_route=%2Fwp%2Fv2%2Fproduct_tag&post=5896"}],"curies":[{"name":"wp","href":"https:\/\/api.w.org\/{rel}","templated":true}]}}