{"id":5824,"date":"2022-02-23T11:40:29","date_gmt":"2022-02-23T11:40:29","guid":{"rendered":"https:\/\/mundo.seashell.pt\/?post_type=product&#038;p=5824"},"modified":"2022-02-23T11:40:34","modified_gmt":"2022-02-23T11:40:34","slug":"deg-action-500ml-tira-nodoas","status":"publish","type":"product","link":"https:\/\/mundo.seashell.pt\/?product=deg-action-500ml-tira-nodoas","title":{"rendered":"Deg Action 500ML &#8211; Tira-N\u00f3doas"},"content":{"rendered":"<h2>TIRA-N\u00d3DOAS E AGENTE DE PR\u00c9-TRATAMENTO DE TECIDOS PARA A REMO\u00c7\u00c3O DE N\u00d3DOAS DE GORDURA E PROTE\u00cdNA<\/h2>\n<ul>\n<li>Adequado para uso na fase de pr\u00e9 e p\u00f3s-remo\u00e7\u00e3o de n\u00f3doas<\/li>\n<li>Adequado para utiliza\u00e7\u00e3o em lavandarias profissionais e industriais<\/li>\n<li>Otimizado para uso com produtos do sistema Oxipur para a redu\u00e7\u00e3o da percentagem de res\u00edduos<\/li>\n<\/ul>\n<h4>Descri\u00e7\u00e3o<\/h4>\n<p>Tira-n\u00f3doas e agente de pr\u00e9-tratamento de tecidos para a remo\u00e7\u00e3o de n\u00f3doas de gordura (de origem animal por exemplo banha de porco, vegetal por exemplo, \u00f3leo e mineral por exemplo \u00f3leo de motor) e prote\u00edna. Pode ser usado na maioria dos tecidos de algod\u00e3o, poli\u00e9ster, algod\u00e3o\/poli\u00e9ster, l\u00e3, seda e viscose. Ideal para a remo\u00e7\u00e3o de manchas que normalmente n\u00e3o podem ser removidas por lavagem mec\u00e2nica, permitindo uma redu\u00e7\u00e3o na percentagem de res\u00edduos.<\/p>\n<p><\/p>\n<figure><img loading=\"lazy\" decoding=\"async\" src=\"http:\/\/cms.sutterprofessional.it\/images\/Products\/DEG_ACTION.png?1560865324\" width=\"800\" height=\"390\" data-image=\"qymvh4evj8rl\"><\/figure>\n<p>Dilui\u00e7\u00e3o<\/p>\n<p>Pronto para o uso.<\/p>\n<h4>Como usar<\/h4>\n<p>Aplicar o produto diretamente sobre a n\u00f3doa. Deixar atuar durante 5-10 minutos e depois proceder \u00e0 lavagem indicada para o tipo de tecido. No caso de manchas particularmente dif\u00edceis, repetir a opera\u00e7\u00e3o adicionando STAIN ACTION e esfregar com uma escova.<\/p>\n","protected":false},"excerpt":{"rendered":"<p>Tira-n\u00f3doas e agente de pr\u00e9-tratamento de tecidos para a remo\u00e7\u00e3o de n\u00f3doas de gordura.<\/p>\n","protected":false},"featured_media":5825,"template":"","meta":{"spay_email":""},"product_cat":[15],"product_tag":[],"class_list":{"0":"post-5824","1":"product","2":"type-product","3":"status-publish","4":"has-post-thumbnail","6":"product_cat-sem-categoria","8":"first","9":"instock","10":"taxable","11":"shipping-taxable","12":"purchasable","13":"product-type-simple"},"acf":[],"jetpack-related-posts":[{"id":5832,"url":"https:\/\/mundo.seashell.pt\/?product=kit-oxipur-action-4x500ml","url_meta":{"origin":5824,"position":0},"title":"Kit Oxipur Action 4x500Ml &#8211; Tira N\u00f3doas","date":"Fevereiro 23, 2022","format":false,"excerpt":"Kit completo de tira-n\u00f3doas e agentes de pr\u00e9-tratamento espec\u00edfico para todos os tipos de n\u00f3doas.","rel":"","context":"Similar post","img":{"alt_text":"","src":"https:\/\/i0.wp.com\/mundo.seashell.pt\/wp-content\/uploads\/2022\/02\/oxipur_kit.jpg?resize=350%2C200&ssl=1","width":350,"height":200},"classes":[]},{"id":5828,"url":"https:\/\/mundo.seashell.pt\/?product=rust-action-500ml-tira-nodoas","url_meta":{"origin":5824,"position":1},"title":"Rust Action 500ML &#8211; Tira-N\u00f3doas","date":"Fevereiro 23, 2022","format":false,"excerpt":"Tira-n\u00f3doas e agente de pr\u00e9-tratamento de tecidos para a remo\u00e7\u00e3o de manchas de ferrugem","rel":"","context":"Similar post","img":{"alt_text":"","src":"https:\/\/i0.wp.com\/mundo.seashell.pt\/wp-content\/uploads\/2022\/02\/rust_action.jpg?resize=350%2C200&ssl=1","width":350,"height":200},"classes":[]},{"id":5826,"url":"https:\/\/mundo.seashell.pt\/?product=multi-action-500ml-tira-nodoas","url_meta":{"origin":5824,"position":2},"title":"Multi Action 500ML &#8211; Tira-N\u00f3doas","date":"Fevereiro 23, 2022","format":false,"excerpt":"Tira-n\u00f3doas e agente de pr\u00e9-tratamento de n\u00f3doas para a remo\u00e7\u00e3o de manchas de cor dif\u00edcil tal como maquilhagem, tinta ou batom.","rel":"","context":"Similar post","img":{"alt_text":"","src":"https:\/\/i0.wp.com\/mundo.seashell.pt\/wp-content\/uploads\/2022\/02\/multi_action.jpg?resize=350%2C200&ssl=1","width":350,"height":200},"classes":[]},{"id":5830,"url":"https:\/\/mundo.seashell.pt\/?product=stain-action-500ml-tira-nodoas","url_meta":{"origin":5824,"position":3},"title":"Stain Action 500ML &#8211; Tira-N\u00f3doas","date":"Fevereiro 23, 2022","format":false,"excerpt":"Tira-n\u00f3doas e agente de pr\u00e9-tratamento de tecidos para a remo\u00e7\u00e3o de manchas de cor branque\u00e1veis como caf\u00e9, fruta, erva e cola.","rel":"","context":"Similar post","img":{"alt_text":"","src":"https:\/\/i0.wp.com\/mundo.seashell.pt\/wp-content\/uploads\/2022\/02\/stain_action_.jpg?resize=350%2C200&ssl=1","width":350,"height":200},"classes":[]},{"id":6627,"url":"https:\/\/mundo.seashell.pt\/?product=skip-tira-nodoas-05l","url_meta":{"origin":5824,"position":4},"title":"Skip Tira N\u00f3doas 500ml","date":"Fevereiro 23, 2022","format":false,"excerpt":"Skip spray tira-n\u00f3doas com oxig\u00e9nio bioativo remove cuidadosamente e sem esfor\u00e7o as n\u00f3doas mais dif\u00edceis, podendo ser utilizado em roupas brancas e de cor. Tipo de produto: Tira N\u00f3doasBenef\u00edcios: - Remo\u00e7\u00e3o de n\u00f3doas, sem esfregar, diretamente na m\u00e1quina;- Cuidado da roupa, nos tecidos e nas...","rel":"","context":"Similar post","img":{"alt_text":"","src":"https:\/\/i0.wp.com\/mundo.seashell.pt\/wp-content\/uploads\/2022\/02\/SKIP_TIRA_NO_DOAS_SPRAY_500ml_8710847944420.png?resize=350%2C200&ssl=1","width":350,"height":200},"classes":[]},{"id":5798,"url":"https:\/\/mundo.seashell.pt\/?product=stark-tira-nodoas-10kg","url_meta":{"origin":5824,"position":5},"title":"Stark Tira N\u00f3doas 10Kg","date":"Fevereiro 23, 2022","format":false,"excerpt":"O STARK MASSA TIRA N\u00d3DOAS \u00e9 um produto especialmente indicado para a remo\u00e7\u00e3o de sujidades e n\u00f3doas dif\u00edceis em t\u00eaxteis antes da \ufefflavagem em m\u00e1quinas autom\u00e1ticas.","rel":"","context":"Similar post","img":{"alt_text":"","src":"https:\/\/i0.wp.com\/mundo.seashell.pt\/wp-content\/uploads\/2022\/02\/STARK_TIRA_NODOAS_PhotoRoom_20210402_103037.jpg?resize=350%2C200&ssl=1","width":350,"height":200},"classes":[]}],"_links":{"self":[{"href":"https:\/\/mundo.seashell.pt\/index.php?rest_route=\/wp\/v2\/product\/5824","targetHints":{"allow":["GET"]}}],"collection":[{"href":"https:\/\/mundo.seashell.pt\/index.php?rest_route=\/wp\/v2\/product"}],"about":[{"href":"https:\/\/mundo.seashell.pt\/index.php?rest_route=\/wp\/v2\/types\/product"}],"wp:featuredmedia":[{"embeddable":true,"href":"https:\/\/mundo.seashell.pt\/index.php?rest_route=\/wp\/v2\/media\/5825"}],"wp:attachment":[{"href":"https:\/\/mundo.seashell.pt\/index.php?rest_route=%2Fwp%2Fv2%2Fmedia&parent=5824"}],"wp:term":[{"taxonomy":"product_cat","embeddable":true,"href":"https:\/\/mundo.seashell.pt\/index.php?rest_route=%2Fwp%2Fv2%2Fproduct_cat&post=5824"},{"taxonomy":"product_tag","embeddable":true,"href":"https:\/\/mundo.seashell.pt\/index.php?rest_route=%2Fwp%2Fv2%2Fproduct_tag&post=5824"}],"curies":[{"name":"wp","href":"https:\/\/api.w.org\/{rel}","templated":true}]}}